000
CXUS51 KRNK 010709
CLMROA
CLIMATE REPORT
NATIONAL WEATHER SERVICE BLACKSBURG, VA
309 AM EDT SAT JUL 01 2023
...................................
...THE ROANOKE VA CLIMATE SUMMARY FOR THE MONTH OF JUNE 2023...
CLIMATE NORMAL PERIOD: 1991 TO 2020
CLIMATE RECORD PERIOD: 1912 TO 2023
WEATHER OBSERVED NORMAL DEPART LAST YEAR`S
VALUE DATE(S) VALUE FROM VALUE
NORMAL
..............................................................
TEMPERATURE (F)
RECORD
HIGH 104 06/29/2012
06/30/1936
LOW 36 06/11/1913
HIGHEST 90 06/25 96
06/26
LOWEST 50 06/09 54
AVG. MAXIMUM 81.4 84.4 -3.0 87.1
AVG. MINIMUM 60.0 63.2 -3.2 64.2
MEAN 70.7 73.8 -3.1 75.6
DAYS MAX >= 90 2 5.5 -3.5 13
DAYS MAX <= 32 0 0.0 0.0 0
DAYS MIN <= 32 0 0.0 0.0 0
DAYS MIN <= 0 0 0.0 0.0 0
PRECIPITATION (INCHES)
RECORD
MAXIMUM 10.32 1995
MINIMUM 0.62 1986
TOTALS 4.03 4.66 -0.63 1.42
DAYS >= .01 9 12.2 -3.2 11
DAYS >= .10 5 7.3 -2.3 3
DAYS >= .50 3 3.0 0.0 0
DAYS >= 1.00 2 1.3 0.7 0
GREATEST
24 HR. TOTAL 2.13 0.58
SNOWFALL (INCHES)
TOTALS 0.0 0.0 0.0 0.0
DAYS >= TRACE 0 0.0 0.0 0
DAYS >= 1.0 0 0.0 0.0 0
GREATEST
24 HR TOTAL MM MM
DEGREE DAYS
HEATING TOTAL 4 8 -4 0
COOLING TOTAL 182 272 -90 325
..............................................................
WIND (MPH)
AVERAGE WIND SPEED 6.2
RESULTANT WIND SPEED/DIRECTION 2/300
HIGHEST WIND SPEED/DIRECTION 26/330 DATE 06/16
HIGHEST GUST SPEED/DIRECTION 35/200 DATE 06/11
SKY COVER
AVERAGE SKY COVER 0.42
AVERAGE RH (PERCENT) 63
WEATHER CONDITIONS. NUMBER OF DAYS WITH
THUNDERSTORM 4 MIXED PRECIP 0
HEAVY RAIN 3 RAIN 3
LIGHT RAIN 13 FREEZING RAIN 0
LT FREEZING RAIN 0 HAIL 0
HEAVY SNOW 0 SNOW 0
LIGHT SNOW 0 SLEET 0
FOG 8 FOG W/VIS <= 1/4 MILE 0
HAZE 3
- INDICATES NEGATIVE NUMBERS.
R INDICATES RECORD WAS SET OR TIED.
MM INDICATES DATA IS MISSING.
T INDICATES TRACE AMOUNT.
$$