000
CXUS55 KABQ 011010
CF6ROW
PRELIMINARY LOCAL CLIMATOLOGICAL DATA (WS FORM: F-6)
STATION: ROSWELL NM
MONTH: OCTOBER
YEAR: 2022
LATITUDE: 33 17 N
LONGITUDE: 104 32 W
TEMPERATURE IN F: :PCPN: SNOW: WIND :SUNSHINE: SKY :PK WND
================================================================================
1 2 3 4 5 6A 6B 7 8 9 10 11 12 13 14 15 16 17 18
12Z AVG MX 2MIN
DY MAX MIN AVG DEP HDD CDD WTR SNW DPTH SPD SPD DIR MIN PSBL S-S WX SPD DR
================================================================================
1 88 56 72 3 0 7 0.00 0.0 0 6.5 17 150 M M 0 25 150
2 86 60 73 4 0 8 0.00 0.0 0 6.8 18 160 M M 0 29 150
3 83 56 70 2 0 5 T 0.0 0 6.4 18 160 M M 1 28 170
4 83 60 72 4 0 7 T 0.0 0 5.6 22 290 M M 2 29 300
5 75 61 68 0 0 3 0.04 0.0 0 6.4 20 170 M M 7 3 24 170
6 74 59 67 0 0 2 0.04 0.0 0 6.3 16 40 M M 10 13 23 40
7 73 59 66 -1 0 1 0.36 0.0 0 7.4 16 130 M M 9 13 20 110
8 68 57 63 -3 2 0 0.51 0.0 0 6.2 13 120 M M 9 1 16 110
9 66 57 62 -4 3 0 0.10 0.0 0 3.4 13 280 M M 8 1 16 290
10 71 55 63 -3 2 0 0.07 0.0 0 4.1 17 270 M M 5 138 23 280
11 83 51 67 2 0 2 0.00 0.0 0 6.6 14 270 M M 0 12 19 260
12 82 56 69 4 0 4 0.00 0.0 0 7.3 20 30 M M 0 8 27 50
13 77 50 64 0 1 0 0.00 0.0 0 4.8 18 360 M M 0 26 350
14 79 51 65 1 0 0 0.00 0.0 0 5.2 14 160 M M 0 18 160
15 80 55 68 4 0 3 T 0.0 0 4.0 17 200 M M 1 3 22 200
16 63 52 58 -5 7 0 0.34 0.0 0 14.3 24 360 M M 8 1 33 10
17 55 51 53 -10 12 0 0.30 0.0 0 5.0 17 10 M M 10 1 20 10
18 60 49 55 -7 10 0 0.02 0.0 0 2.9 8 260 M M 7 1 10 260
19 73 43 58 -4 7 0 0.00 0.0 0 3.5 10 160 M M 0 1 14 180
20 80 46 63 1 2 0 0.00 0.0 0 5.3 13 150 M M 0 15 150
21 85 43 64 3 1 0 0.00 0.0 0 6.3 17 300 M M 0 26 310
22 81 53 67 6 0 2 0.00 0.0 0 7.8 18 190 M M 0 24 210
23 81 61 71 11 0 6 0.00 0.0 0 17.3 36 220 M M 0 48 280
24 64 39 52 -8 13 0 0.08 0.0 0 12.7 36 320 M M 4 1 56 320
25 69 33 51 -9 14 0 0.00 0.0 0 4.8 13 170 M M 0 17 180
26 75 40 58 -1 7 0 0.00 0.0 0 5.7 17 240 M M 0 22 160
27 77 42 60 1 5 0 0.09 0.0 0 13.4 40 320 M M 3 57 330
28 66 41 54 -4 11 0 0.04 0.0 0 12.2 23 350 M M 5 34 350
29 68 40 54 -4 11 0 0.00 0.0 0 4.8 10 240 M M 0 17 130
30 71 41 56 -2 9 0 0.00 0.0 0 3.8 9 20 M M 0 13 10
31 72 44 58 1 7 0 0.00 0.0 0 7.2 18 170 M M 0 24 160
================================================================================
SM 2308 1561 124 50 1.99 0.0 214.0 M 89
================================================================================
AV 74.5 50.4 6.9 FASTST M M 3 MAX(MPH)
MISC ----> 40 320 57 330
================================================================================
NOTES:
# LAST OF SEVERAL OCCURRENCES
COLUMN 17 PEAK WIND IN M.P.H.
PRELIMINARY LOCAL CLIMATOLOGICAL DATA (WS FORM: F-6) , PAGE 2
STATION: ROSWELL NM
MONTH: OCTOBER
YEAR: 2022
LATITUDE: 33 17 N
LONGITUDE: 104 32 W
[TEMPERATURE DATA] [PRECIPITATION DATA] SYMBOLS USED IN COLUMN 16
AVERAGE MONTHLY: 62.4 TOTAL FOR MONTH: 1.99 1 = FOG OR MIST
DPTR FM NORMAL: -0.8 DPTR FM NORMAL: 0.66 2 = FOG REDUCING VISIBILITY
HIGHEST: 88 ON 1 GRTST 24HR 0.58 ON 16-17 TO 1/4 MILE OR LESS
LOWEST: 33 ON 25 3 = THUNDER
SNOW, ICE PELLETS, HAIL 4 = ICE PELLETS
TOTAL MONTH: 0.0 INCH 5 = HAIL
GRTST 24HR 0.0 6 = FREEZING RAIN OR DRIZZLE
GRTST DEPTH: 0 7 = DUSTSTORM OR SANDSTORM:
VSBY 1/2 MILE OR LESS
8 = SMOKE OR HAZE
[NO. OF DAYS WITH] [WEATHER - DAYS WITH] 9 = BLOWING SNOW
X = TORNADO
MAX 32 OR BELOW: 0 0.01 INCH OR MORE: 12
MAX 90 OR ABOVE: 0 0.10 INCH OR MORE: 5
MIN 32 OR BELOW: 0 0.50 INCH OR MORE: 1
MIN 0 OR BELOW: 0 1.00 INCH OR MORE: 0
[HDD (BASE 65) ]
TOTAL THIS MO. 124 CLEAR (SCALE 0-3) 20
DPTR FM NORMAL 2 PTCLDY (SCALE 4-7) 6
TOTAL FM JUL 1 124 CLOUDY (SCALE 8-10) 5
DPTR FM NORMAL -7
[CDD (BASE 65) ]
TOTAL THIS MO. 50
DPTR FM NORMAL -17 [PRESSURE DATA]
TOTAL FM JAN 1 2609 HIGHEST SLP M ON M
DPTR FM NORMAL 375 LOWEST SLP 29.44 ON 23
[REMARKS]
#FINAL-10-22#