000
CXUS56 KFGZ 012139
CF6RQE
PRELIMINARY LOCAL CLIMATOLOGICAL DATA (WS FORM: F-6)
STATION: WINDOW ROCK AZ AIRPORT
MONTH: JANUARY
YEAR: 2022
LATITUDE: 35 39 N
LONGITUDE: 109 4 W
TEMPERATURE IN F: :PCPN: SNOW: WIND :SUNSHINE: SKY :PK WND
================================================================================
1 2 3 4 5 6A 6B 7 8 9 10 11 12 13 14 15 16 17 18
12Z AVG MX 2MIN
DY MAX MIN AVG DEP HDD CDD WTR SNW DPTH SPD SPD DIR MIN PSBL S-S WX SPD DR
================================================================================
1 35 0 18 -10 47 0 0.17 M M 9.1 23 320 M M 5 18 30 320
2 32 -3 15 -13 50 0 0.00 M M 2.0 10 360 M M 0 12 10
3 46 1 24 -4 41 0 0.00 M M 0.5 8 210 M M 0 11 210
4 50 16 33 4 32 0 0.00 M M 4.3 15 250 M M 1 19 250
5 50 18 34 5 31 0 0.00 M M 3.3 15 270 M M 0 19 280
6 55 23 39 10 26 0 0.00 M M 2.5 14 280 M M 0 18 300
7 57 24 41 12 24 0 0.00 M M 5.7 20 220 M M 0 29 200
8 48 28 38 9 27 0 0.00 M M 6.4 20 250 M M 2 25 240
9 44 19 32 3 33 0 0.00 M M 2.9 10 50 M M 0 16 60
10 46 14 30 1 35 0 0.00 M M 2.9 13 100 M M 0 15 100
11 53 15 34 5 31 0 0.00 M M 2.5 13 120 M M 0 17 110
12 55 15 35 6 30 0 0.00 M M 2.6 13 360 M M 0 16 360
13 55 20 38 9 27 0 0.00 M M 2.0 7 210 M M 0 10 210
14 52 27 40 10 25 0 0.00 M M 7.3 21 350 M M 1 26 360
15 48 22 35 5 30 0 0.00 M M 4.9 17 350 M M 0 21 360
16 57 14 36 6 29 0 0.00 M M 1.6 10 140 M M 0 13 170
17 54 12 33 3 32 0 0.00 M M 1.4 12 250 M M 0 15 250
18 48 19 34 4 31 0 T M M 4.1 16 240 M M 5 21 240
19 44 26 35 5 30 0 0.00 M M 3.7 13 280 M M 4 16 280
20 48 19 34 4 31 0 0.00 M M 3.0 12 10 M M 0 15 20
21 49 13 31 1 34 0 0.00 M M 3.2 14 100 M M 2 17 100
22 47 24 36 6 29 0 0.00 M M 7.1 16 60 M M 1 22 50
23 51 16 34 3 31 0 0.00 M M 2.4 13 270 M M 0 15 290
24 55 18 37 6 28 0 0.00 M M 4.6 15 360 M M 0 20 330
25 51 12 32 1 33 0 T M M 4.3 17 240 M M 2 8 21 220
26 44 12 28 -3 37 0 T M M 3.2 14 280 M M 3 8 19 270
27 46 8 27 -4 38 0 0.00 M M 5.9 23 350 M M 0 30 350
28 46 6 26 -5 39 0 0.00 M M 2.6 12 110 M M 0 17 80
29 53 6 30 -1 35 0 0.00 M M 2.1 14 100 M M 0 15 100
30 51 16 34 2 31 0 0.00 M M 4.0 16 280 M M 4 24 270
31 55 8 32 0 33 0 0.00 M M 4.0 18 270 M M 0 23 300
================================================================================
SM 1525 468 1010 0 0.17 M 116.1 M 30
================================================================================
AV 49.2 15.1 3.7 FASTST M M 1 MAX(MPH)
MISC ----> # 23 320 # 30 320
================================================================================
NOTES:
# LAST OF SEVERAL OCCURRENCES
COLUMN 17 PEAK WIND IN M.P.H.
PRELIMINARY LOCAL CLIMATOLOGICAL DATA (WS FORM: F-6) , PAGE 2
STATION: WINDOW ROCK AZ AIRPORT
MONTH: JANUARY
YEAR: 2022
LATITUDE: 35 39 N
LONGITUDE: 109 4 W
[TEMPERATURE DATA] [PRECIPITATION DATA] SYMBOLS USED IN COLUMN 16
AVERAGE MONTHLY: 32.1 TOTAL FOR MONTH: 0.17 1 = FOG OR MIST
DPTR FM NORMAL: 2.2 DPTR FM NORMAL: -0.87 2 = FOG REDUCING VISIBILITY
HIGHEST: 57 ON 16, 7 GRTST 24HR 0.29 ON 31- 1 TO 1/4 MILE OR LESS
LOWEST: -3 ON 2 3 = THUNDER
SNOW, ICE PELLETS, HAIL 4 = ICE PELLETS
TOTAL MONTH: M 5 = HAIL
GRTST 24HR M ON M 6 = FREEZING RAIN OR DRIZZLE
GRTST DEPTH: M ON M 7 = DUSTSTORM OR SANDSTORM:
VSBY 1/2 MILE OR LESS
8 = SMOKE OR HAZE
[NO. OF DAYS WITH] [WEATHER - DAYS WITH] 9 = BLOWING SNOW
X = TORNADO
MAX 32 OR BELOW: 1 0.01 INCH OR MORE: 1
MAX 90 OR ABOVE: 0 0.10 INCH OR MORE: 1
MIN 32 OR BELOW: 31 0.50 INCH OR MORE: 0
MIN 0 OR BELOW: 2 1.00 INCH OR MORE: 0
[HDD (BASE 65) ]
TOTAL THIS MO. 1010 CLEAR (SCALE 0-3) 27
DPTR FM NORMAL -80 PTCLDY (SCALE 4-7) 4
TOTAL FM JUL 1 3218 CLOUDY (SCALE 8-10) 0
DPTR FM NORMAL -404
[CDD (BASE 65) ]
TOTAL THIS MO. 0
DPTR FM NORMAL 0 [PRESSURE DATA]
TOTAL FM JAN 1 0 HIGHEST SLP 30.69 ON 10
DPTR FM NORMAL 0 LOWEST SLP 29.40 ON 1
[REMARKS]
#FINAL-01-22#