000
CXUS56 KFGZ 010900
CF6RQE
PRELIMINARY LOCAL CLIMATOLOGICAL DATA (WS FORM: F-6)
STATION: WINDOW ROCK AZ AIRPORT
MONTH: MAY
YEAR: 2020
LATITUDE: 35 39 N
LONGITUDE: 109 4 W
TEMPERATURE IN F: :PCPN: SNOW: WIND :SUNSHINE: SKY :PK WND
================================================================================
1 2 3 4 5 6A 6B 7 8 9 10 11 12 13 14 15 16 17 18
12Z AVG MX 2MIN
DY MAX MIN AVG DEP HDD CDD WTR SNW DPTH SPD SPD DIR MIN PSBL S-S WX SPD DR
================================================================================
1 82 37 60 10 5 0 0.00 M M 8.6 25 220 M M 0 35 260
2 80 37 59 8 6 0 0.00 M M 9.7 28 230 M M 0 36 220
3 79 38 59 8 6 0 0.00 M M 9.3 25 230 M M 0 32 200
4 77 37 57 6 8 0 0.00 M M 7.2 18 260 M M 0 25 260
5 81 30 56 4 9 0 0.00 0.0 0 3.7 18 300 M M 0 30 300
6 85 30 58 6 7 0 0.00 0.0 0 6.9 23 250 M M 0 31 230
7 82 40 61 9 4 0 0.00 M M 7.3 24 280 M M 0 36 270
8 81 30 56 4 9 0 0.00 M M 3.8 22 260 M M 0 28 260
9 81 28 55 2 10 0 0.00 M M 4.6 22 270 M M 0 27 310
10 83 38 61 8 4 0 T M M 7.3 32 150 M M 2 3 41 140
11 76 47 62 9 3 0 0.01 M M 10.2 33 230 M M 4 53 230
12 75 40 58 4 7 0 0.00 M M 13.0 30 230 M M 0 44 200
13 74 35 55 1 10 0 0.00 M M 11.3 26 240 M M 0 37 200
14 73 40 57 3 8 0 0.00 M M 9.5 22 230 M M 0 29 240
15 75 45 60 5 5 0 0.00 M M 5.8 20 220 M M 0 26 270
16 81 34 58 3 7 0 0.00 M M 3.8 17 270 M M 1 24 280
17 83 37 60 5 5 0 0.00 M M 7.3 22 230 M M 0 30 260
18 83 35 59 3 6 0 0.00 M M 10.0 28 230 M M 0 38 220
19 81 37 59 3 6 0 0.00 M M 11.7 30 220 M M 0 40 210
20 68 32 50 -6 15 0 0.00 M M 7.1 20 250 M M 0 25 230
21 73 28 51 -5 14 0 0.00 M M 3.8 17 240 M M 0 22 280
22 76 27 52 -5 13 0 0.00 M M 8.8 25 230 M M 0 34 220
23 74 35 55 -2 10 0 0.00 M M 9.7 25 230 M M 0 33 200
24 72 34 53 -4 12 0 0.00 M M 9.1 23 260 M M 0 30 260
25 75 29 52 -6 13 0 0.00 M M 5.1 18 330 M M 0 27 340
26 83 30 57 -1 8 0 0.00 M M 5.0 17 320 M M 0 24 310
27 88 38 63 5 2 0 0.00 M M 5.6 21 350 M M 0 26 340
28 87 40 64 6 1 0 T M M 5.1 18 240 M M 1 24 290
29 91 42 67 8 0 2 0.02 M M 7.3 30 10 M M 2 41 10
30 89 53 71 12 0 6 T M M 6.4 31 210 M M 2 44 210
31 89 51 70 11 0 5 T 0.0 0 8.0 26 200 M M 3 37 210
================================================================================
SM 2477 1134 213 13 0.03 0.0 232.0 M 15
================================================================================
AV 79.9 36.6 7.5 FASTST M M 0 MAX(MPH)
MISC ----> # 33 230 # 53 230
================================================================================
NOTES:
# LAST OF SEVERAL OCCURRENCES
COLUMN 17 PEAK WIND IN M.P.H.
PRELIMINARY LOCAL CLIMATOLOGICAL DATA (WS FORM: F-6) , PAGE 2
STATION: WINDOW ROCK AZ AIRPORT
MONTH: MAY
YEAR: 2020
LATITUDE: 35 39 N
LONGITUDE: 109 4 W
[TEMPERATURE DATA] [PRECIPITATION DATA] SYMBOLS USED IN COLUMN 16
AVERAGE MONTHLY: 58.2 TOTAL FOR MONTH: 0.03 1 = FOG OR MIST
DPTR FM NORMAL: 3.3 DPTR FM NORMAL: -0.56 2 = FOG REDUCING VISIBILITY
HIGHEST: 91 ON 29 GRTST 24HR 0.02 ON 29-29 TO 1/4 MILE OR LESS
LOWEST: 27 ON 22 3 = THUNDER
SNOW, ICE PELLETS, HAIL 4 = ICE PELLETS
TOTAL MONTH: 0.0 INCH 5 = HAIL
GRTST 24HR 0.0 6 = FREEZING RAIN OR DRIZZLE
GRTST DEPTH: 0 7 = DUSTSTORM OR SANDSTORM:
VSBY 1/2 MILE OR LESS
8 = SMOKE OR HAZE
[NO. OF DAYS WITH] [WEATHER - DAYS WITH] 9 = BLOWING SNOW
X = TORNADO
MAX 32 OR BELOW: 0 0.01 INCH OR MORE: 2
MAX 90 OR ABOVE: 1 0.10 INCH OR MORE: 0
MIN 32 OR BELOW: 9 0.50 INCH OR MORE: 0
MIN 0 OR BELOW: 0 1.00 INCH OR MORE: 0
[HDD (BASE 65) ]
TOTAL THIS MO. 213 CLEAR (SCALE 0-3) 30
DPTR FM NORMAL -105 PTCLDY (SCALE 4-7) 1
TOTAL FM JUL 1 5767 CLOUDY (SCALE 8-10) 0
DPTR FM NORMAL -557
[CDD (BASE 65) ]
TOTAL THIS MO. 13
DPTR FM NORMAL 13 [PRESSURE DATA]
TOTAL FM JAN 1 13 HIGHEST SLP M ON M
DPTR FM NORMAL 13 LOWEST SLP 29.72 ON M
[REMARKS]
#FINAL-05-20#