502
CXUS53 KGRB 200731
CF6RRL
PRELIMINARY LOCAL CLIMATOLOGICAL DATA (WS FORM: F-6)
STATION: MERRILL MUNICIPAL AI
MONTH: FEBRUARY
YEAR: 2020
LATITUDE: 45 10 N
LONGITUDE: 89 42 W
TEMPERATURE IN F: :PCPN: SNOW: WIND :SUNSHINE: SKY :PK WND
================================================================================
1 2 3 4 5 6A 6B 7 8 9 10 11 12 13 14 15 16 17 18
12Z AVG MX 2MIN
DY MAX MIN AVG DEP HDD CDD WTR SNW DPTH SPD SPD DIR MIN PSBL S-S WX SPD DR
================================================================================
1 38 29 34 M 31 0 0.00 0.0 0 9.7 15 290 M M 8 1 22 260
2 46 20 33 M 32 0 0.00 0.0 0 8.7 17 300 M M 6 1 30 300
3 37 22 30 M 35 0 0.00 0.0 0 6.6 13 360 M M 7 17 360
4 24 1 13 M 52 0 0.00 0.0 0 8.6 16 10 M M 3 20 360
5 25 -14 6 M 59 0 0.00 0.0 0 1.6 7 230 M M 0 M M
6 32 -5 14 M 51 0 0.00 0.0 0 0.9 6 240 M M 4 M M
7 30 1 16 M 49 0 0.00 0.0 0 1.7 9 360 M M 9 M M
8 22 0 11 M 54 0 0.00 0.0 0 3.1 10 220 M M 8 10 260
9 22 -3 10 M 55 0 0.12 M 0 1.1 5 350 M M 5 1 M M
10 26 -17 5 M 60 0 0.00 0.0 0 2.0 7 230 M M 4 128 M M
11 27 13 20 M 45 0 0.00 0.0 0 8.4 17 260 M M 8 24 260
12 33 7 20 M 45 0 0.00 0.0 0 9.6 23 360 M M 6 28 360
13 8 -11 -1 M 66 0 0.00 0.0 0 8.2 16 20 M M 3 25 20
14 10 -29 -9 M 74 0 0.00 0.0 0 4.6 10 180 M M 1 16 190
15 28 7 18 M 47 0 0.00 0.0 0 8.3 14 260 M M 6 17 210
16 25 8 17 M 48 0 0.00 0.0 0 3.6 9 270 M M 3 M M
17 33 13 23 M 42 0 0.06 M 0 6.9 14 150 M M 10 18 150
18 28 6 17 M 48 0 0.04 M 0 10.4 20 320 M M 7 29 290
19 15 -10 3 M 62 0 0.00 0.0 0 4.7 9 300 M M 0 M M
================================================================================
SM 509 38 955 0 0.22 0.0 108.7 M 98
================================================================================
AV 26.8 2.0 5.7 FASTST M M 5 MAX(MPH)
MISC ----> # 23 360 # 30 300
================================================================================
NOTES:
# LAST OF SEVERAL OCCURRENCES
COLUMN 17 PEAK WIND IN M.P.H.
PRELIMINARY LOCAL CLIMATOLOGICAL DATA (WS FORM: F-6) , PAGE 2
STATION: MERRILL MUNICIPAL AI
MONTH: FEBRUARY
YEAR: 2020
LATITUDE: 45 10 N
LONGITUDE: 89 42 W
[TEMPERATURE DATA] [PRECIPITATION DATA] SYMBOLS USED IN COLUMN 16
AVERAGE MONTHLY: 14.4 TOTAL FOR MONTH: 0.22 1 = FOG OR MIST
DPTR FM NORMAL: M DPTR FM NORMAL: M 2 = FOG REDUCING VISIBILITY
HIGHEST: 46 ON 2 GRTST 24HR 0.12 ON 9- 9 TO 1/4 MILE OR LESS
LOWEST: -29 ON 14 3 = THUNDER
SNOW, ICE PELLETS, HAIL 4 = ICE PELLETS
TOTAL MONTH: 0.0 INCH 5 = HAIL
GRTST 24HR 0.0 6 = FREEZING RAIN OR DRIZZLE
GRTST DEPTH: 0 7 = DUSTSTORM OR SANDSTORM:
VSBY 1/2 MILE OR LESS
8 = SMOKE OR HAZE
[NO. OF DAYS WITH] [WEATHER - DAYS WITH] 9 = BLOWING SNOW
X = TORNADO
MAX 32 OR BELOW: 14 0.01 INCH OR MORE: 3
MAX 90 OR ABOVE: 0 0.10 INCH OR MORE: 1
MIN 32 OR BELOW: 19 0.50 INCH OR MORE: 0
MIN 0 OR BELOW: 8 1.00 INCH OR MORE: 0
[HDD (BASE 65) ]
TOTAL THIS MO. 955 CLEAR (SCALE 0-3) 6
DPTR FM NORMAL M PTCLDY (SCALE 4-7) 11
TOTAL FM JUL 1 5790 CLOUDY (SCALE 8-10) 2
DPTR FM NORMAL 5410
[CDD (BASE 65) ]
TOTAL THIS MO. 0
DPTR FM NORMAL M [PRESSURE DATA]
TOTAL FM JAN 1 0 HIGHEST SLP M ON M
DPTR FM NORMAL 0 LOWEST SLP M ON M
[REMARKS]