000
CXUS53 KARX 011809
CF6RST
PRELIMINARY LOCAL CLIMATOLOGICAL DATA (WS FORM: F-6)
STATION: ROCHESTER MN
MONTH: MARCH
YEAR: 2020
LATITUDE: 43 55 N
LONGITUDE: 92 30 W
TEMPERATURE IN F: :PCPN: SNOW: WIND :SUNSHINE: SKY :PK WND
================================================================================
1 2 3 4 5 6A 6B 7 8 9 10 11 12 13 14 15 16 17 18
12Z AVG MX 2MIN
DY MAX MIN AVG DEP HDD CDD WTR SNW DPTH SPD SPD DIR MIN PSBL S-S WX SPD DR
================================================================================
1 40 31 36 10 29 0 0.00 0.0 6 16.3 25 290 M M 1 34 160
2 32 25 29 3 36 0 0.00 0.0 3 13.1 22 300 M M 7 29 320
3 38 27 33 7 32 0 T T 3 15.1 26 290 M M 4 1 33 290
4 37 21 29 2 36 0 0.00 0.0 3 10.8 22 170 M M 1 29 170
5 40 30 35 8 30 0 0.03 T 2 22.7 35 290 M M 9 1 46 330
6 34 21 28 0 37 0 0.00 0.0 2 10.1 25 350 M M 1 37 340
7 47 29 38 10 27 0 0.00 0.0 1 20.4 30 180 M M 0 41 170
8 54 39 47 18 18 0 0.00 0.0 T 17.9 28 180 M M 0 8 36 170
9 47 30 39 10 26 0 T 0.0 0 13.6 22 280 M M 8 12 30 220
10 41 25 33 3 32 0 0.26 0.2 0 6.6 16 330 M M 4 1 20 340
11 43 32 38 8 27 0 0.01 0.0 0 8.4 17 160 M M 5 12 22 160
12 50 31 41 11 24 0 0.07 0.0 0 20.2 32 310 M M 8 1 39 300
13 37 28 33 2 32 0 0.00 0.0 0 17.2 30 290 M M 1 39 300
14 32 23 28 -3 37 0 0.00 0.0 0 8.1 14 30 M M 6 18 30
15 38 20 29 -3 36 0 0.00 0.0 0 8.3 14 190 M M 2 20 160
16 37 28 33 1 32 0 0.01 T 0 12.5 26 310 M M 10 18 35 300
17 42 28 35 2 30 0 0.00 0.0 0 9.6 22 320 M M 5 28 300
18 40 33 37 4 28 0 0.00 0.0 0 10.1 18 140 M M 10 18 21 140
19 40 32 36 2 29 0 0.68 0.3 0 12.3 24 350 M M 10 1 34 340
20 32 22 27 -7 38 0 0.06 0.8 1 15.9 29 330 M M 6 19 40 330
21 33 18 26 -9 39 0 0.01 0.2 0 10.3 18 140 M M 6 24 140
22 39 29 34 -1 31 0 0.01 0.1 T 18.0 26 160 M M 8 36 150
23 40 31 36 0 29 0 0.03 0.4 T 7.3 18 190 M M 10 1 23 200
24 45 35 40 4 25 0 0.00 0.0 0 12.8 26 150 M M 10 12 35 150
25 46 37 42 5 23 0 0.45 0.0 0 9.7 20 190 M M 10 1 25 190
26 47 34 41 4 24 0 T 0.0 0 5.1 13 10 M M 10 12 15 10
27 54 35 45 7 20 0 0.24 0.0 0 9.1 16 40 M M 5 1 23 50
28 44 41 43 5 22 0 0.47 0.0 0 16.6 31 70 M M 10 13 45 70
29 45 32 39 1 26 0 0.18 T 0 18.0 31 320 M M 8 1 42 320
30 58 31 45 6 20 0 0.00 0.0 0 8.2 17 30 M M 0 21 30
31 51 30 41 1 24 0 0.00 0.0 0 8.9 15 20 M M 0 25 70
================================================================================
SM 1303 908 899 0 2.51 2.0 393.2 M 175
================================================================================
AV 42.0 29.3 12.7 FASTST M M 6 MAX(MPH)
MISC ----> # 35 290 # 46 330
================================================================================
NOTES:
# LAST OF SEVERAL OCCURRENCES
COLUMN 17 PEAK WIND IN M.P.H.
PRELIMINARY LOCAL CLIMATOLOGICAL DATA (WS FORM: F-6) , PAGE 2
STATION: ROCHESTER MN
MONTH: MARCH
YEAR: 2020
LATITUDE: 43 55 N
LONGITUDE: 92 30 W
[TEMPERATURE DATA] [PRECIPITATION DATA] SYMBOLS USED IN COLUMN 16
AVERAGE MONTHLY: 35.7 TOTAL FOR MONTH: 2.51 1 = FOG OR MIST
DPTR FM NORMAL: 3.3 DPTR FM NORMAL: 0.63 2 = FOG REDUCING VISIBILITY
HIGHEST: 58 ON 30 GRTST 24HR 0.68 ON 19-19 TO 1/4 MILE OR LESS
LOWEST: 18 ON 21 3 = THUNDER
SNOW, ICE PELLETS, HAIL 4 = ICE PELLETS
TOTAL MONTH: 2.0 INCHES 5 = HAIL
GRTST 24HR 0.8 ON 20-20 6 = FREEZING RAIN OR DRIZZLE
GRTST DEPTH: 6 ON 1 7 = DUSTSTORM OR SANDSTORM:
VSBY 1/2 MILE OR LESS
8 = SMOKE OR HAZE
[NO. OF DAYS WITH] [WEATHER - DAYS WITH] 9 = BLOWING SNOW
X = TORNADO
MAX 32 OR BELOW: 3 0.01 INCH OR MORE: 14
MAX 90 OR ABOVE: 0 0.10 INCH OR MORE: 6
MIN 32 OR BELOW: 24 0.50 INCH OR MORE: 1
MIN 0 OR BELOW: 0 1.00 INCH OR MORE: 0
[HDD (BASE 65) ]
TOTAL THIS MO. 899 CLEAR (SCALE 0-3) 9
DPTR FM NORMAL -112 PTCLDY (SCALE 4-7) 11
TOTAL FM JUL 1 6908 CLOUDY (SCALE 8-10) 11
DPTR FM NORMAL 36
[CDD (BASE 65) ]
TOTAL THIS MO. 0
DPTR FM NORMAL 0 [PRESSURE DATA]
TOTAL FM JAN 1 0 HIGHEST SLP 30.73 ON 15
DPTR FM NORMAL 0 LOWEST SLP 29.24 ON 29
[REMARKS]
#FINAL-03-20#