000
CXUS51 KBTV 010700
CF6RUT
PRELIMINARY LOCAL CLIMATOLOGICAL DATA (WS FORM: F-6)
STATION: RUTLAND VT
MONTH: JULY
YEAR: 2021
LATITUDE: 43 31 N
LONGITUDE: 72 57 W
TEMPERATURE IN F: :PCPN: SNOW: WIND :SUNSHINE: SKY :PK WND
================================================================================
1 2 3 4 5 6A 6B 7 8 9 10 11 12 13 14 15 16 17 18
12Z AVG MX 2MIN
DY MAX MIN AVG DEP HDD CDD WTR SNW DPTH SPD SPD DIR MIN PSBL S-S WX SPD DR
================================================================================
1 74 63 69 M 0 4 0.01 M M 3.2 7 330 M M 6 M M
2 64 57 61 M 4 0 T M M 5.4 12 130 M M 10 1 16 150
3 62 54 58 M 7 0 M M M 4.2 9 120 M M 10 1 M M
4 66 54 60 M 5 0 0.00 M M 4.2 10 360 M M 8 1 M M
5 79 54 67 M 0 2 0.00 M M 6.1 12 110 M M 4 1 M M
6 85 66 76 M 0 11 T M M 6.3 18 220 M M 6 1 28 220
7 73 60 67 M 0 2 0.00 M M 4.9 12 320 M M 7 1 M M
8 67 60 64 M 1 0 T M M 11.2 21 120 M M 10 1 32 120
9 77 63 70 M 0 5 T M M 6.3 13 340 M M 9 18 340
10 76 56 66 M 0 1 0.01 M M 4.5 9 130 M M 1 1 M M
11 76 54 65 M 0 0 T M M 4.9 8 200 M M 3 M M
12 72 62 67 M 0 2 M M M 5.9 15 120 M M 9 1 22 120
13 70 63 67 M 0 2 M M M 12.1 17 120 M M 10 1 22 130
14 82 65 74 M 0 9 T M M 7.4 17 120 M M 5 25 10
15 83 64 74 M 0 9 0.00 M M 4.7 10 120 M M 3 1 M M
16 83 68 76 M 0 11 0.00 M M 6.4 16 250 M M 3 22 210
17 68 65 67 M 0 2 M M M 3.8 10 310 M M 10 1 M M
18 67 62 65 M 0 0 T M M 3.0 7 140 M M 10 1 M M
19 77 63 70 M 0 5 T M M 4.2 8 120 M M 8 1 M M
20 80 61 71 M 0 6 M M M 4.6 13 20 M M 5 138 25 10
21 69 56 63 M 2 0 T M M 4.8 14 320 M M 7 18 320
22 74 52 63 M 2 0 0.00 M M 3.5 10 340 M M 5 12 M M
23 75 54 65 M 0 0 0.00 M M 5.6 10 130 M M 2 M M
24 80 52 66 M 0 1 0.00 M M 6.4 12 120 M M 1 M M
25 81 63 72 M 0 7 T M M 6.5 13 110 M M 7 1 M M
26 82 62 72 M 0 7 0.00 M M 4.6 10 120 M M 4 138 M M
27 80 58 69 M 0 4 0.01 M M 4.7 26 360 M M 5 13 32 360
28 73 59 66 M 0 1 0.00 M M 5.4 9 130 M M 6 1 M M
29 73 56 65 M 0 0 M M M 6.0 20 120 M M 7 1 31 120
30 67 55 61 M 4 0 M M M 5.2 14 340 M M 9 1 21 320
31 71 48 60 M 5 0 0.00 M M 4.8 10 280 M M 4 M M
================================================================================
SM 2306 1829 30 91 0.03 M 170.7 M 194
================================================================================
AV 74.4 59.0 5.5 FASTST M M 6 MAX(MPH)
MISC ----> 26 360 32 360
================================================================================
NOTES:
# LAST OF SEVERAL OCCURRENCES
COLUMN 17 PEAK WIND IN M.P.H.
PRELIMINARY LOCAL CLIMATOLOGICAL DATA (WS FORM: F-6) , PAGE 2
STATION: RUTLAND VT
MONTH: JULY
YEAR: 2021
LATITUDE: 43 31 N
LONGITUDE: 72 57 W
[TEMPERATURE DATA] [PRECIPITATION DATA] SYMBOLS USED IN COLUMN 16
AVERAGE MONTHLY: 66.7 TOTAL FOR MONTH: 0.03 1 = FOG OR MIST
DPTR FM NORMAL: 0.0 DPTR FM NORMAL: M 2 = FOG REDUCING VISIBILITY
HIGHEST: 85 ON 6 GRTST 24HR 0.01 ON 1- 1 TO 1/4 MILE OR LESS
LOWEST: 48 ON 31 3 = THUNDER
SNOW, ICE PELLETS, HAIL 4 = ICE PELLETS
TOTAL MONTH: M 5 = HAIL
GRTST 24HR M ON M 6 = FREEZING RAIN OR DRIZZLE
GRTST DEPTH: M ON M 7 = DUSTSTORM OR SANDSTORM:
VSBY 1/2 MILE OR LESS
8 = SMOKE OR HAZE
[NO. OF DAYS WITH] [WEATHER - DAYS WITH] 9 = BLOWING SNOW
X = TORNADO
MAX 32 OR BELOW: 0 0.01 INCH OR MORE: 3
MAX 90 OR ABOVE: 0 0.10 INCH OR MORE: 0
MIN 32 OR BELOW: 0 0.50 INCH OR MORE: 0
MIN 0 OR BELOW: 0 1.00 INCH OR MORE: 0
[HDD (BASE 65) ]
TOTAL THIS MO. 30 CLEAR (SCALE 0-3) 4
DPTR FM NORMAL M PTCLDY (SCALE 4-7) 18
TOTAL FM JUL 1 30 CLOUDY (SCALE 8-10) 9
DPTR FM NORMAL M
[CDD (BASE 65) ]
TOTAL THIS MO. 91
DPTR FM NORMAL M [PRESSURE DATA]
TOTAL FM JAN 1 268 HIGHEST SLP M ON M
DPTR FM NORMAL M LOWEST SLP M ON M
[REMARKS]
#FINAL-07-21#