000
CXUS55 KPIH 011200
CF6RXE
PRELIMINARY LOCAL CLIMATOLOGICAL DATA (WS FORM: F-6)
STATION: REXBURG
MONTH: JANUARY
YEAR: 2024
LATITUDE: 43 49 N
LONGITUDE: 111 48 W
TEMPERATURE IN F: :PCPN: SNOW: WIND :SUNSHINE: SKY :PK WND
================================================================================
1 2 3 4 5 6A 6B 7 8 9 10 11 12 13 14 15 16 17 18
12Z AVG MX 2MIN
DY MAX MIN AVG DEP HDD CDD WTR SNW DPTH SPD SPD DIR MIN PSBL S-S WX SPD DR
================================================================================
1 34 11 23 3 42 0 0.00 M M 1.6 6 30 M M 0 8 70
2 35 9 22 2 43 0 0.00 M M 2.6 7 40 M M 0 8 50
3 33 12 23 3 42 0 0.00 M M 2.5 8 60 M M 4 11 50
4 31 22 27 7 38 0 0.02 M M 4.5 15 210 M M 10 1 21 210
5 30 24 27 7 38 0 0.01 M M 7.1 15 200 M M 9 1 23 200
6 32 22 27 7 38 0 0.03 M M 8.3 17 210 M M 10 1 25 210
7 28 9 19 -1 46 0 0.16 M M 3.9 12 200 M M 10 18 16 200
8 19 -3 8 -12 57 0 T M M 4.7 14 220 M M 10 128 22 230
9 29 18 24 4 41 0 0.17 M M 11.1 26 210 M M 8 18 39 200
10 25 15 20 0 45 0 0.06 M M 11.5 24 200 M M 8 18 34 200
11 21 10 16 -4 49 0 T M M 12.7 22 220 M M 10 18 35 220
12 23 7 15 -5 50 0 0.03 M M 11.7 31 230 M M 9 189 50 230
13 9 -17 -4 -24 69 0 0.03 M M 6.5 14 50 M M 4 1 20 50
14 15 -2 7 -13 58 0 0.01 M M 5.4 13 230 M M 8 18 18 220
15 13 -16 -1 -21 66 0 T M M 5.9 21 60 M M 3 28 70
16 13 -16 -1 -21 66 0 0.00 M M 2.8 8 50 M M 2 11 50
17 25 6 16 -4 49 0 0.20 M M 1.3 7 60 M M 10 1 9 50
18 31 18 25 5 40 0 0.00 M M 2.5 12 250 M M 9 16 230
19 37 24 31 11 34 0 0.00 M M 3.3 8 70 M M 9 1 10 70
20 39 23 31 11 34 0 0.02 M M 2.6 10 220 M M 7 1 14 230
21 38 29 34 14 31 0 T M M 2.9 9 200 M M 10 1 14 200
22 40 32 36 15 29 0 T M M 2.5 7 30 M M 10 1 9 60
23 36 32 34 13 31 0 0.11 M M 2.8 6 200 M M 10 1 9 180
24 38 32 35 14 30 0 T M M 4.7 10 200 M M 9 1 15 220
25 36 31 34 13 31 0 0.06 M M 2.9 8 200 M M 10 1 13 170
26 33 25 29 8 36 0 0.00 M M 4.0 12 230 M M 10 1 17 230
27 36 26 31 10 34 0 0.00 M M 2.2 7 50 M M 10 9 60
28 39 32 36 15 29 0 0.02 M M 2.9 7 40 M M 10 1 10 60
29 42 28 35 14 30 0 0.00 M M 1.6 6 60 M M 7 18 7 70
30 46 23 35 14 30 0 0.00 M M 2.4 7 50 M M 1 1 10 40
31 47 21 34 13 31 0 0.00 M M 4.1 9 30 M M 0 11 40
================================================================================
SM 953 487 1287 0 0.93 M 145.5 M 227
================================================================================
AV 30.7 15.7 4.7 FASTST M M 7 MAX(MPH)
MISC ----> 31 230 50 230
================================================================================
NOTES:
# LAST OF SEVERAL OCCURRENCES
COLUMN 17 PEAK WIND IN M.P.H.
PRELIMINARY LOCAL CLIMATOLOGICAL DATA (WS FORM: F-6) , PAGE 2
STATION: REXBURG
MONTH: JANUARY
YEAR: 2024
LATITUDE: 43 49 N
LONGITUDE: 111 48 W
[TEMPERATURE DATA] [PRECIPITATION DATA] SYMBOLS USED IN COLUMN 16
AVERAGE MONTHLY: 23.2 TOTAL FOR MONTH: 0.93 1 = FOG OR MIST
DPTR FM NORMAL: 2.9 DPTR FM NORMAL: -0.12 2 = FOG REDUCING VISIBILITY
HIGHEST: 47 ON 31 GRTST 24HR 0.23 ON 13-14 TO 1/4 MILE OR LESS
LOWEST: -17 ON 13 3 = THUNDER
SNOW, ICE PELLETS, HAIL 4 = ICE PELLETS
TOTAL MONTH: M 5 = HAIL
GRTST 24HR M ON M 6 = FREEZING RAIN OR DRIZZLE
GRTST DEPTH: M ON M 7 = DUSTSTORM OR SANDSTORM:
VSBY 1/2 MILE OR LESS
8 = SMOKE OR HAZE
[NO. OF DAYS WITH] [WEATHER - DAYS WITH] 9 = BLOWING SNOW
X = TORNADO
MAX 32 OR BELOW: 15 0.01 INCH OR MORE: 14
MAX 90 OR ABOVE: 0 0.10 INCH OR MORE: 4
MIN 32 OR BELOW: 31 0.50 INCH OR MORE: 0
MIN 0 OR BELOW: 5 1.00 INCH OR MORE: 0
[HDD (BASE 65) ]
TOTAL THIS MO. 1287 CLEAR (SCALE 0-3) 6
DPTR FM NORMAL -97 PTCLDY (SCALE 4-7) 6
TOTAL FM JUL 1 3898 CLOUDY (SCALE 8-10) 19
DPTR FM NORMAL -741
[CDD (BASE 65) ]
TOTAL THIS MO. 0
DPTR FM NORMAL 0 [PRESSURE DATA]
TOTAL FM JAN 1 0 HIGHEST SLP 30.65 ON 16
DPTR FM NORMAL 0 LOWEST SLP 29.47 ON 10
[REMARKS]
#FINAL-01-24#