000
CXUS55 KPIH 011209 RRA
CF6RXE
PRELIMINARY LOCAL CLIMATOLOGICAL DATA (WS FORM: F-6)
STATION: REXBURG ID
MONTH: JANUARY
YEAR: 2021
LATITUDE: 43 49 N
LONGITUDE: 111 48 W
TEMPERATURE IN F: :PCPN: SNOW: WIND :SUNSHINE: SKY :PK WND
================================================================================
1 2 3 4 5 6A 6B 7 8 9 10 11 12 13 14 15 16 17 18
12Z AVG MX 2MIN
DY MAX MIN AVG DEP HDD CDD WTR SNW DPTH SPD SPD DIR MIN PSBL S-S WX SPD DR
================================================================================
1 24 22 23 3 42 0 0.00 M M 1.9 13 170 M M 10 18 18 170
2 27 21 24 4 41 0 0.06 M M 4.8 14 240 M M 10 1 23 170
3 34 23 29 9 36 0 0.08 M M 7.7 22 220 M M 9 128 38 220
4 37 17 27 7 38 0 0.13 M M 3.6 18 210 M M 9 12 28 210
5 36 25 31 11 34 0 0.16 M M 9.4 23 210 M M 4 1 32 200
6 29 13 21 1 44 0 0.00 M M 3.1 8 60 M M 3 10 50
7 30 17 24 4 41 0 T M M 4.0 13 280 M M 10 1 18 280
8 32 13 23 3 42 0 T M M 4.6 9 30 M M 4 1 11 40
9 21 1 11 -9 54 0 0.00 M M 3.0 8 30 M M 1 10 50
10 23 11 17 -3 48 0 T M M 1.5 8 80 M M 10 1 13 70
11 21 4 13 -7 52 0 0.00 M M 2.9 9 110 M M 5 8 13 110
12 28 1 15 -5 50 0 0.09 M M 3.1 9 80 M M 5 1 12 100
13 40 18 29 9 36 0 0.03 M M 5.1 28 230 M M 7 16 45 230
14 29 2 16 -4 49 0 0.00 M M 3.7 12 240 M M 0 14 200
15 27 2 15 -5 50 0 0.00 M M 3.2 8 50 M M 3 8 11 60
16 26 15 21 1 44 0 0.00 M M 2.4 8 270 M M 10 1 10 260
17 25 22 24 4 41 0 T M M 1.3 7 260 M M 10 1 8 250
18 27 10 19 -1 46 0 0.00 M M 4.5 12 250 M M 7 1 16 250
19 24 4 14 -6 51 0 0.00 M M 5.0 12 60 M M 0 1 16 70
20 25 1 13 -7 52 0 0.00 M M 3.8 7 60 M M 6 9 60
21 28 16 22 2 43 0 0.26 M M 1.0 6 240 M M 9 1 7 80
22 34 16 25 5 40 0 0.03 M M 4.1 8 50 M M 9 1 11 50
23 33 12 23 3 42 0 0.00 M M 4.0 10 210 M M 1 16 210
24 26 16 21 1 44 0 T M M 3.1 7 30 M M 10 10 60
25 23 -1 11 -9 54 0 T M M 4.5 8 50 M M 3 1 13 50
26 22 -6 8 -12 57 0 T M M 3.0 10 240 M M 6 1 13 200
27 32 12 22 2 43 0 0.01 M M 8.2 20 200 M M 8 18 30 200
28 38 29 34 14 31 0 0.02 M M 7.4 20 190 M M 10 1 30 180
29 40 33 37 17 28 0 0.06 M M 7.6 22 180 M M 10 1 33 190
30 35 24 30 10 35 0 0.04 M M 10.9 20 210 M M 7 1 28 200
31 33 10 22 2 43 0 0.00 M M 3.5 9 70 M M 2 18 11 40
================================================================================
SM 909 403 1351 0 0.97 M 135.9 M 198
================================================================================
AV 29.3 13.0 4.4 FASTST M M 6 MAX(MPH)
MISC ----> 28 230 45 230
================================================================================
NOTES:
# LAST OF SEVERAL OCCURRENCES
COLUMN 17 PEAK WIND IN M.P.H.
PRELIMINARY LOCAL CLIMATOLOGICAL DATA (WS FORM: F-6) , PAGE 2
STATION: REXBURG ID
MONTH: JANUARY
YEAR: 2021
LATITUDE: 43 49 N
LONGITUDE: 111 48 W
[TEMPERATURE DATA] [PRECIPITATION DATA] SYMBOLS USED IN COLUMN 16
AVERAGE MONTHLY: 21.2 TOTAL FOR MONTH: 0.97 1 = FOG OR MIST
DPTR FM NORMAL: 1.2 DPTR FM NORMAL: 0.23 2 = FOG REDUCING VISIBILITY
HIGHEST: 40 ON 29,13 GRTST 24HR 0.41 ON 12-13 TO 1/4 MILE OR LESS
LOWEST: -6 ON 26 3 = THUNDER
SNOW, ICE PELLETS, HAIL 4 = ICE PELLETS
TOTAL MONTH: M 5 = HAIL
GRTST 24HR M ON M 6 = FREEZING RAIN OR DRIZZLE
GRTST DEPTH: M ON M 7 = DUSTSTORM OR SANDSTORM:
VSBY 1/2 MILE OR LESS
8 = SMOKE OR HAZE
[NO. OF DAYS WITH] [WEATHER - DAYS WITH] 9 = BLOWING SNOW
X = TORNADO
MAX 32 OR BELOW: 21 0.01 INCH OR MORE: 12
MAX 90 OR ABOVE: 0 0.10 INCH OR MORE: 3
MIN 32 OR BELOW: 30 0.50 INCH OR MORE: 0
MIN 0 OR BELOW: 2 1.00 INCH OR MORE: 0
[HDD (BASE 65) ]
TOTAL THIS MO. 1351 CLEAR (SCALE 0-3) 7
DPTR FM NORMAL -44 PTCLDY (SCALE 4-7) 10
TOTAL FM JUL 1 4507 CLOUDY (SCALE 8-10) 14
DPTR FM NORMAL -270
[CDD (BASE 65) ]
TOTAL THIS MO. 0
DPTR FM NORMAL 0 [PRESSURE DATA]
TOTAL FM JAN 1 0 HIGHEST SLP 30.78 ON 14
DPTR FM NORMAL 0 LOWEST SLP 29.66 ON 29
[REMARKS]
#FINAL-01-21#