000
CXUS55 KTWC 010855
CF6SAD
PRELIMINARY LOCAL CLIMATOLOGICAL DATA (WS FORM: F-6)
STATION: SAFFORD AZ AIRPORT
MONTH: MARCH
YEAR: 2023
LATITUDE: 32 50 N
LONGITUDE: 109 38 W
TEMPERATURE IN F: :PCPN: SNOW: WIND :SUNSHINE: SKY :PK WND
================================================================================
1 2 3 4 5 6A 6B 7 8 9 10 11 12 13 14 15 16 17 18
12Z AVG MX 2MIN
DY MAX MIN AVG DEP HDD CDD WTR SNW DPTH SPD SPD DIR MIN PSBL S-S WX SPD DR
================================================================================
1 64 30 47 -7 18 0 T M M 6.9 33 270 M M M 46 210
2 47 32 40 -14 25 0 0.17 M M 17.6 35 310 M M M 1 51 310
3 59 28 44 -10 21 0 0.00 M M 7.0 18 300 M M M 25 290
4 70 29 50 -5 15 0 0.00 M M 5.8 15 140 M M M 19 140
5 71 36 54 -1 11 0 0.00 M M 4.1 13 310 M M M 20 320
6 75 37 56 1 9 0 0.00 M M 4.1 15 290 M M 1 19 280
7 74 47 61 5 4 0 0.00 M M 4.7 13 310 M M 3 18 90
8 77 38 58 2 7 0 0.00 M M 6.5 18 320 M M 0 26 300
9 76 37 57 1 8 0 0.00 M M 5.5 15 310 M M 0 19 320
10 78 39 59 3 6 0 0.00 M M 8.1 21 300 M M 0 26 310
11 75 51 63 7 2 0 0.00 M M 14.1 29 310 M M 1 39 310
12 76 47 62 5 3 0 0.00 M M 10.9 25 310 M M 0 33 290
13 75 38 57 0 8 0 0.00 M M 7.6 23 310 M M 0 30 310
14 76 40 58 1 7 0 0.00 M M 6.7 22 310 M M 1 30 310
15 71 46 59 2 6 0 0.15 M M 6.6 25 300 M M 7 1 33 290
16 65 46 56 -2 9 0 0.22 M M 9.8 29 320 M M 6 1 43 310
17 68 41 55 -3 10 0 0.00 M M 6.0 20 300 M M 3 26 300
18 62 43 53 -5 12 0 0.00 M M 10.4 20 140 M M 5 28 140
19 62 43 53 -5 12 0 0.00 M M 13.6 23 100 M M 2 31 140
20 71 49 60 1 5 0 0.00 M M 9.0 20 310 M M 8 29 320
21 74 49 62 3 3 0 T M M 8.3 26 170 M M 5 36 180
22 69 48 59 0 6 0 0.00 M M 14.8 28 280 M M 5 37 250
23 64 42 53 -6 12 0 T M M 11.2 25 290 M M 2 38 320
24 62 41 52 -8 13 0 T M M 12.4 31 280 M M 3 41 280
25 65 33 49 -11 16 0 0.00 M M 8.5 23 320 M M 0 31 310
26 65 34 50 -10 15 0 0.00 M M 10.8 24 310 M M 0 33 290
27 70 29 50 -10 15 0 0.00 M M 7.4 18 300 M M 0 25 270
28 76 37 57 -3 8 0 0.00 M M 9.2 21 160 M M 0 32 150
29 83 47 65 4 0 0 0.00 M M 9.2 21 190 M M 0 27 170
30 73 48 61 0 4 0 0.00 M M 15.7 36 310 M M 1 48 310
31 68 36 52 -9 13 0 T M M 7.6 24 310 M M 2 32 300
================================================================================
SM 2161 1241 303 0 0.54 M 280.1 M 55
================================================================================
AV 69.7 40.0 9.0 FASTST M M 2 MAX(MPH)
MISC ----> 36 310 51 310
================================================================================
NOTES:
# LAST OF SEVERAL OCCURRENCES
COLUMN 17 PEAK WIND IN M.P.H.
PRELIMINARY LOCAL CLIMATOLOGICAL DATA (WS FORM: F-6) , PAGE 2
STATION: SAFFORD AZ AIRPORT
MONTH: MARCH
YEAR: 2023
LATITUDE: 32 50 N
LONGITUDE: 109 38 W
[TEMPERATURE DATA] [PRECIPITATION DATA] SYMBOLS USED IN COLUMN 16
AVERAGE MONTHLY: 54.9 TOTAL FOR MONTH: 0.54 1 = FOG OR MIST
DPTR FM NORMAL: -2.7 DPTR FM NORMAL: 0.07 2 = FOG REDUCING VISIBILITY
HIGHEST: 83 ON 29 GRTST 24HR 0.37 ON 15-16 TO 1/4 MILE OR LESS
LOWEST: 28 ON 3 3 = THUNDER
SNOW, ICE PELLETS, HAIL 4 = ICE PELLETS
TOTAL MONTH: M 5 = HAIL
GRTST 24HR M ON M 6 = FREEZING RAIN OR DRIZZLE
GRTST DEPTH: M ON M 7 = DUSTSTORM OR SANDSTORM:
VSBY 1/2 MILE OR LESS
8 = SMOKE OR HAZE
[NO. OF DAYS WITH] [WEATHER - DAYS WITH] 9 = BLOWING SNOW
X = TORNADO
MAX 32 OR BELOW: 0 0.01 INCH OR MORE: 3
MAX 90 OR ABOVE: 0 0.10 INCH OR MORE: 3
MIN 32 OR BELOW: 5 0.50 INCH OR MORE: 0
MIN 0 OR BELOW: 0 1.00 INCH OR MORE: 0
[HDD (BASE 65) ]
TOTAL THIS MO. 303 CLEAR (SCALE 0-3) 18
DPTR FM NORMAL 66 PTCLDY (SCALE 4-7) 8
TOTAL FM JUL 1 2380 CLOUDY (SCALE 8-10) 5
DPTR FM NORMAL 295
[CDD (BASE 65) ]
TOTAL THIS MO. 0
DPTR FM NORMAL -8 [PRESSURE DATA]
TOTAL FM JAN 1 0 HIGHEST SLP M ON M
DPTR FM NORMAL -8 LOWEST SLP 29.48 ON 1
[REMARKS]
#FINAL-03-23#