000
CXUS54 KEWX 031250
CF6SAT
PRELIMINARY LOCAL CLIMATOLOGICAL DATA (WS FORM: F-6)
STATION: SAN ANTONIO
MONTH: APRIL
YEAR: 2022
LATITUDE: 29 31 N
LONGITUDE: 98 28 W
TEMPERATURE IN F: :PCPN: SNOW: WIND :SUNSHINE: SKY :PK WND
================================================================================
1 2 3 4 5 6A 6B 7 8 9 10 11 12 13 14 15 16 17 18
12Z AVG MX 2MIN
DY MAX MIN AVG DEP HDD CDD WTR SNW DPTH SPD SPD DIR MIN PSBL S-S WX SPD DR
================================================================================
1 84 51 68 2 0 3 0.00 0.0 0 11.5 24 140 M M 4 31 140
2 92 63 78 11 0 13 0.00 0.0 0 4.9 15 70 M M 3 21 20
3 86 59 73 6 0 8 0.00 0.0 0 8.1 22 150 M M 3 30 130
4 83 66 75 8 0 10 0.00 0.0 0 10.4 18 140 M M 10 8 25 130
5 95 68 82 15 0 17 0.00 0.0 0 8.6 24 220 M M 6 18 34 220
6 82 61 72 4 0 7 0.00 0.0 0 12.1 29 20 M M 1 43 350
7 79 49 64 -4 1 0 0.00 0.0 0 9.9 21 320 M M 0 30 10
8 81 44 63 -5 2 0 0.00 0.0 0 4.8 17 270 M M 0 23 320
9 88 47 68 0 0 3 0.00 0.0 0 11.2 28 140 M M 1 38 150
10 92 62 77 9 0 12 0.19 0.0 0 13.9 25 130 M M 7 13 34 120
11 81 69 75 7 0 10 0.00 0.0 0 11.7 18 140 M M 9 23 150
12 94 71 83 14 0 18 0.01 0.0 0 14.7 25 150 M M 7 18 34 140
13 98 69 84 15 0 19 T 0.0 0 10.8 22 340 M M 6 30 350
14 86 59 73 4 0 8 0.00 0.0 0 12.2 22 110 M M 2 29 120
15 84 61 73 4 0 8 T 0.0 0 7.3 17 160 M M 8 1 22 160
16 90 70 80 11 0 15 T 0.0 0 7.1 17 110 M M 9 1 22 110
17 86 71 79 9 0 14 T 0.0 0 4.7 14 170 M M 8 1 19 140
18 86 65 76 6 0 11 0.00 0.0 0 10.0 18 60 M M 3 25 60
19 69 57 63 -7 2 0 0.07 0.0 0 11.4 18 160 M M 7 1 25 150
20 84 69 77 7 0 12 T 0.0 0 13.6 22 160 M M 9 28 160
21 81 71 76 6 0 11 0.02 0.0 0 12.7 22 140 M M 9 1 28 140
22 89 71 80 9 0 15 0.00 0.0 0 17.5 30 130 M M 8 39 130
23 89 70 80 9 0 15 T 0.0 0 17.9 26 130 M M 9 38 180
24 89 69 79 8 0 14 T 0.0 0 14.2 24 120 M M 8 33 140
25 76 62 69 -2 0 4 0.70 0.0 0 9.3 22 30 M M 9 13 32 30
26 74 56 65 -6 0 0 0.22 0.0 0 7.3 15 40 M M 9 13 24 40
27 80 61 71 -1 0 6 0.00 0.0 0 8.1 20 140 M M 7 28 170
28 87 69 78 6 0 13 T 0.0 0 14.4 23 150 M M 8 30 140
29 87 70 79 7 0 14 0.01 0.0 0 14.2 23 130 M M 9 1 29 150
30 86 71 79 7 0 14 0.02 0.0 0 8.0 17 160 M M 8 1 24 150
================================================================================
SM 2558 1901 5 294 1.24 0.0 322.5 M 187
================================================================================
AV 85.3 63.4 10.7 FASTST M M 6 MAX(MPH)
MISC ----> 30 130 43 350
================================================================================
NOTES:
# LAST OF SEVERAL OCCURRENCES
COLUMN 17 PEAK WIND IN M.P.H.
PRELIMINARY LOCAL CLIMATOLOGICAL DATA (WS FORM: F-6) , PAGE 2
STATION: SAN ANTONIO
MONTH: APRIL
YEAR: 2022
LATITUDE: 29 31 N
LONGITUDE: 98 28 W
[TEMPERATURE DATA] [PRECIPITATION DATA] SYMBOLS USED IN COLUMN 16
AVERAGE MONTHLY: 74.3 TOTAL FOR MONTH: 1.24 1 = FOG OR MIST
DPTR FM NORMAL: 4.9 DPTR FM NORMAL: -1.18 2 = FOG REDUCING VISIBILITY
HIGHEST: 98 ON 13 GRTST 24HR 0.92 ON 25-26 TO 1/4 MILE OR LESS
LOWEST: 44 ON 8 3 = THUNDER
SNOW, ICE PELLETS, HAIL 4 = ICE PELLETS
TOTAL MONTH: 0.0 INCH 5 = HAIL
GRTST 24HR 0.0 6 = FREEZING RAIN OR DRIZZLE
GRTST DEPTH: 0 7 = DUSTSTORM OR SANDSTORM:
VSBY 1/2 MILE OR LESS
8 = SMOKE OR HAZE
[NO. OF DAYS WITH] [WEATHER - DAYS WITH] 9 = BLOWING SNOW
X = TORNADO
MAX 32 OR BELOW: 0 0.01 INCH OR MORE: 8
MAX 90 OR ABOVE: 6 0.10 INCH OR MORE: 3
MIN 32 OR BELOW: 0 0.50 INCH OR MORE: 1
MIN 0 OR BELOW: 0 1.00 INCH OR MORE: 0
[HDD (BASE 65) ]
TOTAL THIS MO. 5 CLEAR (SCALE 0-3) 6
DPTR FM NORMAL -30 PTCLDY (SCALE 4-7) 12
TOTAL FM JUL 1 1306 CLOUDY (SCALE 8-10) 12
DPTR FM NORMAL -130
[CDD (BASE 65) ]
TOTAL THIS MO. 294
DPTR FM NORMAL 128 [PRESSURE DATA]
TOTAL FM JAN 1 375 HIGHEST SLP 30.29 ON 26
DPTR FM NORMAL 109 LOWEST SLP 29.47 ON 5
[REMARKS]
#FINAL-04-22#