000
CXUS54 KEWX 011011
CF6SAT
PRELIMINARY LOCAL CLIMATOLOGICAL DATA (WS FORM: F-6)
STATION: SAN ANTONIO
MONTH: JULY
YEAR: 2020
LATITUDE: 29 31 N
LONGITUDE: 98 28 W
TEMPERATURE IN F: :PCPN: SNOW: WIND :SUNSHINE: SKY :PK WND
================================================================================
1 2 3 4 5 6A 6B 7 8 9 10 11 12 13 14 15 16 17 18
12Z AVG MX 2MIN
DY MAX MIN AVG DEP HDD CDD WTR SNW DPTH SPD SPD DIR MIN PSBL S-S WX SPD DR
================================================================================
1 97 80 89 5 0 24 T 0.0 0 12.7 20 130 M M 9 28 160
2 99 79 89 5 0 24 T 0.0 0 12.3 21 150 M M 5 28 130
3 99 76 88 4 0 23 0.00 0.0 0 7.8 16 160 M M 4 22 160
4 101 75 88 4 0 23 0.00 0.0 0 8.1 17 170 M M 2 25 170
5 102 76 89 5 0 24 0.00 0.0 0 8.9 17 160 M M 4 24 160
6 98 78 88 4 0 23 T 0.0 0 8.6 21 140 M M 7 28 150
7 99 80 90 6 0 25 0.00 0.0 0 12.1 21 140 M M 7 28 150
8 100 81 91 7 0 26 0.00 0.0 0 13.0 22 140 M M 6 28 150
9 99 80 90 6 0 25 0.00 0.0 0 12.8 20 130 M M 6 28 140
10 103 79 91 7 0 26 0.00 0.0 0 12.3 22 140 M M 5 30 130
11 103 78 91 7 0 26 0.00 0.0 0 9.2 17 160 M M 2 23 160
12 102 78 90 6 0 25 0.00 0.0 0 7.1 15 160 M M 4 21 160
13 107 79 93 9 0 28 0.00 0.0 0 9.6 21 150 M M 2 28 160
14 105 76 91 7 0 26 0.00 0.0 0 12.2 25 150 M M 2 33 140
15 102 78 90 6 0 25 0.00 0.0 0 13.4 24 140 M M 4 32 130
16 101 78 90 5 0 25 0.00 0.0 0 10.9 24 150 M M 5 30 160
17 101 77 89 4 0 24 0.00 0.0 0 9.1 33 130 M M 6 41 140
18 97 73 85 0 0 20 0.00 0.0 0 8.8 21 110 M M 5 27 120
19 99 75 87 2 0 22 0.00 0.0 0 7.6 24 130 M M 5 29 100
20 99 75 87 2 0 22 0.00 0.0 0 8.9 23 110 M M 4 31 110
21 98 76 87 2 0 22 0.00 0.0 0 7.1 20 110 M M 6 23 100
22 100 80 90 5 0 25 0.00 0.0 0 10.2 22 110 M M 7 28 120
23 101 78 90 5 0 25 0.00 0.0 0 8.1 20 120 M M 5 27 70
24 101 78 90 5 0 25 0.00 0.0 0 10.0 23 90 M M 6 33 60
25 93 78 86 1 0 21 T 0.0 0 13.7 29 100 M M 7 40 90
26 95 76 86 1 0 21 0.09 0.0 0 12.5 23 90 M M 7 1 32 70
27 97 77 87 2 0 22 T 0.0 0 7.8 30 130 M M 8 37 140
28 99 78 89 4 0 24 0.00 0.0 0 7.7 25 140 M M 7 31 140
29 97 75 86 1 0 21 T 0.0 0 9.5 35 160 M M 6 3 42 160
30 97 75 86 1 0 21 0.00 0.0 0 11.7 22 140 M M 7 28 150
31 99 73 86 0 0 21 0.07 0.0 0 8.8 26 30 M M 8 3 37 20
================================================================================
SM 3090 2395 0 734 0.16 0.0 312.5 M 168
================================================================================
AV 99.7 77.3 10.1 FASTST M M 5 MAX(MPH)
MISC ----> # 35 160 # 42 160
================================================================================
NOTES:
# LAST OF SEVERAL OCCURRENCES
COLUMN 17 PEAK WIND IN M.P.H.
PRELIMINARY LOCAL CLIMATOLOGICAL DATA (WS FORM: F-6) , PAGE 2
STATION: SAN ANTONIO
MONTH: JULY
YEAR: 2020
LATITUDE: 29 31 N
LONGITUDE: 98 28 W
[TEMPERATURE DATA] [PRECIPITATION DATA] SYMBOLS USED IN COLUMN 16
AVERAGE MONTHLY: 88.5 TOTAL FOR MONTH: 0.16 1 = FOG OR MIST
DPTR FM NORMAL: 3.9 DPTR FM NORMAL: -2.58 2 = FOG REDUCING VISIBILITY
HIGHEST: 107 ON 13 GRTST 24HR 0.09 ON 26-26 TO 1/4 MILE OR LESS
LOWEST: 73 ON 31,18 3 = THUNDER
SNOW, ICE PELLETS, HAIL 4 = ICE PELLETS
TOTAL MONTH: 0.0 INCH 5 = HAIL
GRTST 24HR 0.0 6 = FREEZING RAIN OR DRIZZLE
GRTST DEPTH: 0 7 = DUSTSTORM OR SANDSTORM:
VSBY 1/2 MILE OR LESS
8 = SMOKE OR HAZE
[NO. OF DAYS WITH] [WEATHER - DAYS WITH] 9 = BLOWING SNOW
X = TORNADO
MAX 32 OR BELOW: 0 0.01 INCH OR MORE: 2
MAX 90 OR ABOVE: 31 0.10 INCH OR MORE: 0
MIN 32 OR BELOW: 0 0.50 INCH OR MORE: 0
MIN 0 OR BELOW: 0 1.00 INCH OR MORE: 0
[HDD (BASE 65) ]
TOTAL THIS MO. 0 CLEAR (SCALE 0-3) 4
DPTR FM NORMAL 0 PTCLDY (SCALE 4-7) 26
TOTAL FM JUL 1 0 CLOUDY (SCALE 8-10) 1
DPTR FM NORMAL 0
[CDD (BASE 65) ]
TOTAL THIS MO. 734
DPTR FM NORMAL 126 [PRESSURE DATA]
TOTAL FM JAN 1 2113 HIGHEST SLP 30.03 ON 16
DPTR FM NORMAL 353 LOWEST SLP 29.72 ON 5
[REMARKS]
#FINAL-07-20#