000
CXUS53 KIWX 010810
CF6SBN
PRELIMINARY LOCAL CLIMATOLOGICAL DATA (WS FORM: F-6)
STATION: SOUTH BEND
MONTH: OCTOBER
YEAR: 2022
LATITUDE: 41 42 N
LONGITUDE: 86 19 W
TEMPERATURE IN F: :PCPN: SNOW: WIND :SUNSHINE: SKY :PK WND
================================================================================
1 2 3 4 5 6A 6B 7 8 9 10 11 12 13 14 15 16 17 18
12Z AVG MX 2MIN
DY MAX MIN AVG DEP HDD CDD WTR SNW DPTH SPD SPD DIR MIN PSBL S-S WX SPD DR
================================================================================
1 71 40 56 -2 9 0 0.00 0.0 0 7.3 17 20 M M 0 18 25 30
2 70 47 59 1 6 0 0.00 0.0 0 7.2 16 30 M M 0 23 20
3 70 36 53 -4 12 0 0.00 0.0 0 3.1 9 350 M M 0 16 90
4 73 36 55 -2 10 0 0.00 0.0 0 2.2 8 320 M M 0 12 14 340
5 75 43 59 3 6 0 0.00 0.0 0 2.0 10 290 M M 1 1 14 290
6 74 50 62 6 3 0 T 0.0 0 8.3 25 350 M M 7 32 10
7 56 40 48 -8 17 0 T 0.0 0 11.0 23 350 M M 5 32 350
8 57 38 48 -7 17 0 0.00 0.0 0 8.5 20 280 M M 5 1 28 290
9 68 38 53 -2 12 0 T 0.0 0 7.4 21 220 M M 2 28 220
10 76 40 58 4 7 0 0.00 0.0 0 3.5 18 210 M M 1 24 250
11 73 48 61 7 4 0 0.18 0.0 0 12.2 29 190 M M 4 1 37 200
12 69 46 58 4 7 0 0.12 0.0 0 13.9 32 200 M M 8 1 45 210
13 57 39 48 -5 17 0 0.01 0.0 0 14.3 36 260 M M 4 54 260
14 59 33 46 -7 19 0 0.26 0.0 0 9.8 23 210 M M 5 1 33 230
15 54 35 45 -7 20 0 T 0.0 0 10.4 20 220 M M 4 28 250
16 57 39 48 -4 17 0 0.01 0.0 0 9.4 22 270 M M 6 27 310
17 43 35 39 -13 26 0 1.01 T 0 16.6 25 290 M M 9 134 41 290
18 43 38 41 -10 24 0 0.40 T 0 16.4 26 320 M M 10 1 40 330
19 47 36 42 -9 23 0 0.01 0.0 0 13.2 25 320 M M 6 37 320
20 58 30 44 -6 21 0 0.00 0.0 0 8.1 16 230 M M 4 21 220
21 75 41 58 8 7 0 0.00 0.0 0 13.4 23 210 M M 0 30 210
22 78 53 66 16 0 1 0.00 0.0 0 12.2 22 190 M M 0 28 180
23 78 57 68 19 0 3 T 0.0 0 14.6 28 170 M M 1 40 160
24 75 59 67 18 0 2 T 0.0 0 12.7 20 150 M M 2 26 150
25 66 58 62 14 3 0 1.16 0.0 0 8.3 17 180 M M 7 1 24 180
26 61 35 48 0 17 0 0.26 0.0 0 12.9 28 340 M M 8 18 35 340
27 55 30 43 -5 22 0 0.00 0.0 0 4.6 13 110 M M 1 1 18 100
28 63 40 52 5 13 0 0.00 0.0 0 5.3 14 110 M M 0 8 18 110
29 66 35 51 4 14 0 0.00 0.0 0 3.4 12 150 M M 0 8 14 130
30 66 38 52 6 13 0 0.16 0.0 0 4.9 14 120 M M 3 18 20 140
31 61 54 58 12 7 0 0.27 0.0 0 4.7 10 290 M M 10 12 13 310
================================================================================
SM 1994 1287 373 6 3.85 T 281.8 M 113
================================================================================
AV 64.3 41.5 9.1 FASTST M M 4 MAX(MPH)
MISC ----> 36 260 54 260
================================================================================
NOTES:
# LAST OF SEVERAL OCCURRENCES
COLUMN 17 PEAK WIND IN M.P.H.
PRELIMINARY LOCAL CLIMATOLOGICAL DATA (WS FORM: F-6) , PAGE 2
STATION: SOUTH BEND
MONTH: OCTOBER
YEAR: 2022
LATITUDE: 41 42 N
LONGITUDE: 86 19 W
[TEMPERATURE DATA] [PRECIPITATION DATA] SYMBOLS USED IN COLUMN 16
AVERAGE MONTHLY: 52.9 TOTAL FOR MONTH: 3.85 1 = FOG OR MIST
DPTR FM NORMAL: 0.9 DPTR FM NORMAL: 0.13 2 = FOG REDUCING VISIBILITY
HIGHEST: 78 ON 23,22 GRTST 24HR 1.42 ON 25-26 TO 1/4 MILE OR LESS
LOWEST: 30 ON 27,20 3 = THUNDER
SNOW, ICE PELLETS, HAIL 4 = ICE PELLETS
TOTAL MONTH: T 5 = HAIL
GRTST 24HR T ON 17-17 6 = FREEZING RAIN OR DRIZZLE
GRTST DEPTH: 0 7 = DUSTSTORM OR SANDSTORM:
VSBY 1/2 MILE OR LESS
8 = SMOKE OR HAZE
[NO. OF DAYS WITH] [WEATHER - DAYS WITH] 9 = BLOWING SNOW
X = TORNADO
MAX 32 OR BELOW: 0 0.01 INCH OR MORE: 12
MAX 90 OR ABOVE: 0 0.10 INCH OR MORE: 9
MIN 32 OR BELOW: 2 0.50 INCH OR MORE: 2
MIN 0 OR BELOW: 0 1.00 INCH OR MORE: 2
[HDD (BASE 65) ]
TOTAL THIS MO. 373 CLEAR (SCALE 0-3) 15
DPTR FM NORMAL -41 PTCLDY (SCALE 4-7) 13
TOTAL FM JUL 1 472 CLOUDY (SCALE 8-10) 3
DPTR FM NORMAL -79
[CDD (BASE 65) ]
TOTAL THIS MO. 6
DPTR FM NORMAL -3 [PRESSURE DATA]
TOTAL FM JAN 1 1001 HIGHEST SLP 30.47 ON 28
DPTR FM NORMAL 278 LOWEST SLP 29.57 ON 26
[REMARKS]
#FINAL-10-22#