000
CXUS56 KLOX 011155
CF6SBP
PRELIMINARY LOCAL CLIMATOLOGICAL DATA (WS FORM: F-6)
STATION: SAN LUIS OBISPO AIRPORT CA
MONTH: JULY
YEAR: 2023
LATITUDE: 35 13 N
LONGITUDE: 120 38 W
TEMPERATURE IN F: :PCPN: SNOW: WIND :SUNSHINE: SKY :PK WND
================================================================================
1 2 3 4 5 6A 6B 7 8 9 10 11 12 13 14 15 16 17 18
12Z AVG MX 2MIN
DY MAX MIN AVG DEP HDD CDD WTR SNW DPTH SPD SPD DIR MIN PSBL S-S WX SPD DR
================================================================================
1 82 53 68 3 0 3 0.00 M M 4.3 13 310 M M 2 1 15 310
2 81 53 67 2 0 2 0.00 M M 5.2 13 300 M M 5 1 16 290
3 79 54 67 2 0 2 0.00 M M 6.2 17 300 M M 5 18 20 300
4 75 55 65 0 0 0 0.00 M M 6.9 13 300 M M 5 15 310
5 76 56 66 1 0 1 0.00 M M 9.2 20 310 M M 6 23 310
6 73 57 65 -1 0 0 0.00 M M 9.5 20 300 M M 6 22 320
7 73 56 65 -1 0 0 T M M 9.3 23 310 M M 6 28 310
8 73 54 64 -2 1 0 0.00 M M 11.2 24 320 M M 4 28 310
9 73 52 63 -3 2 0 0.00 M M 8.9 22 310 M M 5 1 26 310
10 78 52 65 -1 0 0 0.00 M M 7.3 17 310 M M 5 1 19 310
11 83 51 67 1 0 2 0.00 M M 5.0 14 310 M M 4 12 17 330
12 81 51 66 0 0 1 0.00 M M 5.2 14 310 M M 4 12 19 300
13 86 52 69 3 0 4 0.00 M M 6.7 22 320 M M 3 12 27 320
14 80 54 67 1 0 2 0.00 M M 9.2 24 320 M M 0 27 310
15 85 53 69 3 0 4 0.00 M M 4.7 14 180 M M 3 1 16 180
16 84 54 69 3 0 4 0.00 M M 4.1 12 310 M M 1 14 320
17 87 54 71 5 0 6 0.00 M M 3.5 12 300 M M 1 1 15 220
18 86 56 71 5 0 6 0.00 M M 5.6 15 320 M M 0 1 19 270
19 76 55 66 0 0 1 0.00 M M 6.7 17 300 M M 4 1 19 300
20 78 53 66 0 0 1 0.00 M M 6.3 13 310 M M 4 1 17 300
21 80 52 66 0 0 1 0.00 M M 5.0 14 110 M M 3 1 17 100
22 87 52 70 3 0 5 T M M 3.6 12 270 M M 0 1 15 250
23 84 58 71 4 0 6 0.00 M M 4.7 13 300 M M 0 1 15 340
24 85 55 70 3 0 5 0.00 M M 5.0 18 300 M M 3 12 22 310
25 92 59 76 9 0 11 0.00 M M 6.5 18 320 M M 0 20 320
26 80 57 69 2 0 4 0.00 M M 8.0 22 310 M M 1 1 24 300
27 82 55 69 2 0 4 0.00 M M 7.5 23 310 M M 3 1 26 310
28 84 55 70 3 0 5 0.00 M M 7.5 23 320 M M 0 26 320
29 83 57 70 3 0 5 0.00 M M 8.5 21 310 M M 0 18 26 310
30 86 55 71 4 0 6 0.00 M M 9.4 25 320 M M 0 29 310
31 83 54 69 2 0 4 0.00 M M 6.0 14 300 M M 1 1 15 310
================================================================================
SM 2515 1684 3 95 T M 206.7 M 84
================================================================================
AV 81.1 54.3 6.7 FASTST M M 3 MAX(MPH)
MISC ----> 25 320 29 310
================================================================================
NOTES:
# LAST OF SEVERAL OCCURRENCES
COLUMN 17 PEAK WIND IN M.P.H.
PRELIMINARY LOCAL CLIMATOLOGICAL DATA (WS FORM: F-6) , PAGE 2
STATION: SAN LUIS OBISPO AIRPORT CA
MONTH: JULY
YEAR: 2023
LATITUDE: 35 13 N
LONGITUDE: 120 38 W
[TEMPERATURE DATA] [PRECIPITATION DATA] SYMBOLS USED IN COLUMN 16
AVERAGE MONTHLY: 67.7 TOTAL FOR MONTH: T 1 = FOG OR MIST
DPTR FM NORMAL: 1.6 DPTR FM NORMAL: -0.08 2 = FOG REDUCING VISIBILITY
HIGHEST: 92 ON 25 GRTST 24HR T ON 7- 7 TO 1/4 MILE OR LESS
LOWEST: 51 ON 12,11 3 = THUNDER
SNOW, ICE PELLETS, HAIL 4 = ICE PELLETS
TOTAL MONTH: M 5 = HAIL
GRTST 24HR M ON M 6 = FREEZING RAIN OR DRIZZLE
GRTST DEPTH: M ON M 7 = DUSTSTORM OR SANDSTORM:
VSBY 1/2 MILE OR LESS
8 = SMOKE OR HAZE
[NO. OF DAYS WITH] [WEATHER - DAYS WITH] 9 = BLOWING SNOW
X = TORNADO
MAX 32 OR BELOW: 0 0.01 INCH OR MORE: 0
MAX 90 OR ABOVE: 1 0.10 INCH OR MORE: 0
MIN 32 OR BELOW: 0 0.50 INCH OR MORE: 0
MIN 0 OR BELOW: 0 1.00 INCH OR MORE: 0
[HDD (BASE 65) ]
TOTAL THIS MO. 3 CLEAR (SCALE 0-3) 15
DPTR FM NORMAL -21 PTCLDY (SCALE 4-7) 16
TOTAL FM JUL 1 3 CLOUDY (SCALE 8-10) 0
DPTR FM NORMAL -18
[CDD (BASE 65) ]
TOTAL THIS MO. 95
DPTR FM NORMAL 36 [PRESSURE DATA]
TOTAL FM JAN 1 105 HIGHEST SLP 30.03 ON 12
DPTR FM NORMAL -6 LOWEST SLP 29.82 ON 23
[REMARKS]
#FINAL-07-23#