000
CXUS56 KLOX 011155
CF6SBP
PRELIMINARY LOCAL CLIMATOLOGICAL DATA (WS FORM: F-6)
STATION: SAN LUIS OBISPO AIRPORT CA
MONTH: MAY
YEAR: 2021
LATITUDE: 35 13 N
LONGITUDE: 120 38 W
TEMPERATURE IN F: :PCPN: SNOW: WIND :SUNSHINE: SKY :PK WND
================================================================================
1 2 3 4 5 6A 6B 7 8 9 10 11 12 13 14 15 16 17 18
12Z AVG MX 2MIN
DY MAX MIN AVG DEP HDD CDD WTR SNW DPTH SPD SPD DIR MIN PSBL S-S WX SPD DR
================================================================================
1 69 50 60 2 5 0 0.00 M M 10.3 29 310 M M 6 1 33 310
2 72 49 61 2 4 0 0.00 M M 10.0 25 310 M M 3 30 310
3 78 45 62 3 3 0 0.00 M M 7.8 21 310 M M 2 12 M M
4 80 48 64 5 1 0 0.00 M M 4.0 10 300 M M 0 M M
5 76 48 62 3 3 0 0.00 M M 4.8 10 240 M M 1 1 15 250
6 67 48 58 -1 7 0 0.00 M M 5.0 18 310 M M 5 1 22 310
7 70 47 59 0 6 0 0.00 M M 11.0 28 310 M M 3 18 34 310
8 83 43 63 4 2 0 0.00 M M 8.7 24 310 M M 0 18 30 310
9 78 47 63 4 2 0 0.00 M M 5.3 17 310 M M 0 18 20 330
10 70 48 59 0 6 0 0.00 M M 4.8 14 200 M M 3 1 17 190
11 70 49 60 1 5 0 0.00 M M 4.4 13 310 M M 6 128 15 260
12 73 51 62 2 3 0 0.00 M M 4.6 12 300 M M 6 1 M M
13 68 51 60 0 5 0 0.00 M M 6.8 16 310 M M 6 1 M M
14 66 50 58 -2 7 0 0.00 M M 6.0 14 310 M M 8 1 M M
15 62 51 57 -3 8 0 T M M 6.8 13 310 M M 10 1 M M
16 63 52 58 -2 7 0 0.00 M M 4.9 13 310 M M 10 1 M M
17 68 53 61 1 4 0 0.00 M M 9.0 18 300 M M 7 M M
18 73 51 62 2 3 0 0.00 M M 11.4 22 310 M M 4 30 310
19 66 49 58 -2 7 0 0.00 M M 14.5 25 320 M M 0 32 330
20 66 43 55 -5 10 0 0.00 M M 13.4 23 310 M M 0 33 320
21 63 43 53 -7 12 0 0.00 M M 10.5 21 310 M M 6 29 310
22 66 42 54 -6 11 0 0.00 M M 9.2 18 300 M M 4 26 300
23 67 50 59 -2 6 0 0.00 M M 9.8 24 300 M M 6 8 29 310
24 77 48 63 2 2 0 0.00 M M 8.8 30 320 M M 2 12 38 320
25 80 50 65 4 0 0 0.00 M M 14.3 28 310 M M 1 35 320
26 69 48 59 -2 6 0 0.00 M M 8.0 17 300 M M 3 1 M M
27 73 51 62 1 3 0 0.00 M M 9.5 23 310 M M 3 28 300
28 67 46 57 -4 8 0 0.00 M M 12.3 24 300 M M 4 128 30 300
29 68 52 60 -1 5 0 0.00 M M 10.8 23 320 M M 7 27 310
30 74 52 63 2 2 0 0.00 M M 7.9 18 310 M M 4 1 22 300
31 70 50 60 -1 5 0 0.00 M M 3.7 12 240 M M 5 1 14 240
================================================================================
SM 2192 1505 158 0 T M 258.1 M 125
================================================================================
AV 70.7 48.5 8.3 FASTST M M 4 MAX(MPH)
MISC ----> 30 320 38 320
================================================================================
NOTES:
# LAST OF SEVERAL OCCURRENCES
COLUMN 17 PEAK WIND IN M.P.H.
PRELIMINARY LOCAL CLIMATOLOGICAL DATA (WS FORM: F-6) , PAGE 2
STATION: SAN LUIS OBISPO AIRPORT CA
MONTH: MAY
YEAR: 2021
LATITUDE: 35 13 N
LONGITUDE: 120 38 W
[TEMPERATURE DATA] [PRECIPITATION DATA] SYMBOLS USED IN COLUMN 16
AVERAGE MONTHLY: 59.6 TOTAL FOR MONTH: T 1 = FOG OR MIST
DPTR FM NORMAL: -0.3 DPTR FM NORMAL: -0.47 2 = FOG REDUCING VISIBILITY
HIGHEST: 83 ON 8 GRTST 24HR T ON 15-15 TO 1/4 MILE OR LESS
LOWEST: 42 ON 22 3 = THUNDER
SNOW, ICE PELLETS, HAIL 4 = ICE PELLETS
TOTAL MONTH: M 5 = HAIL
GRTST 24HR M ON M 6 = FREEZING RAIN OR DRIZZLE
GRTST DEPTH: M ON M 7 = DUSTSTORM OR SANDSTORM:
VSBY 1/2 MILE OR LESS
8 = SMOKE OR HAZE
[NO. OF DAYS WITH] [WEATHER - DAYS WITH] 9 = BLOWING SNOW
X = TORNADO
MAX 32 OR BELOW: 0 0.01 INCH OR MORE: 0
MAX 90 OR ABOVE: 0 0.10 INCH OR MORE: 0
MIN 32 OR BELOW: 0 0.50 INCH OR MORE: 0
MIN 0 OR BELOW: 0 1.00 INCH OR MORE: 0
[HDD (BASE 65) ]
TOTAL THIS MO. 158 CLEAR (SCALE 0-3) 14
DPTR FM NORMAL -13 PTCLDY (SCALE 4-7) 15
TOTAL FM JUL 1 1904 CLOUDY (SCALE 8-10) 2
DPTR FM NORMAL -282
[CDD (BASE 65) ]
TOTAL THIS MO. 0
DPTR FM NORMAL -13 [PRESSURE DATA]
TOTAL FM JAN 1 16 HIGHEST SLP 30.18 ON 23
DPTR FM NORMAL -11 LOWEST SLP 29.83 ON 30
[REMARKS]
#FINAL-05-21#