000
CXUS56 KSGX 170941
CF6SDM
PRELIMINARY LOCAL CLIMATOLOGICAL DATA (WS FORM: F-6)
STATION: SAN DIEGO/BROWN
MONTH: MARCH
YEAR: 2023
LATITUDE: 32 34 N
LONGITUDE: 116 59 W
TEMPERATURE IN F: :PCPN: SNOW: WIND :SUNSHINE: SKY :PK WND
================================================================================
1 2 3 4 5 6A 6B 7 8 9 10 11 12 13 14 15 16 17 18
12Z AVG MX 2MIN
DY MAX MIN AVG DEP HDD CDD WTR SNW DPTH SPD SPD DIR MIN PSBL S-S WX SPD DR
================================================================================
1 53 44 49 -7 16 0 0.47 M M 11.8 25 280 M M 8 1 35 280
2 59 35 47 -9 18 0 0.00 M M 4.6 13 260 M M 0 15 260
3 59 36 48 -8 17 0 0.00 M M 4.2 12 270 M M 0 18 17 270
4 59 36 48 -9 17 0 0.00 M M 5.3 14 250 M M 6 18 18 310
5 59 44 52 -5 13 0 0.00 M M 3.6 14 280 M M 5 18 18 280
6 61 41 51 -6 14 0 0.00 M M 4.1 14 270 M M 2 18 19 270
7 60 42 51 -6 14 0 0.00 M M 4.5 15 270 M M 3 18 18 280
8 58 37 48 -9 17 0 0.00 M M 4.2 13 280 M M 1 18 17 270
9 65 41 53 -4 12 0 0.00 0.0 M 3.8 12 280 M M 0 18 18 310
10 64 45 55 -2 10 0 0.57 0.0 M 4.1 10 230 M M 7 18 13 240
11 65 56 61 4 4 0 0.21 0.0 M 4.5 9 270 M M 10 128 11 200
12 66 54 60 3 5 0 0.00 M M 3.5 12 280 M M 8 12 19 260
13 66 50 58 1 7 0 0.00 M M 3.4 10 270 M M 3 1 15 310
14 67 51 59 2 6 0 0.06 M M 5.0 13 260 M M 4 18 17 210
15 60 50 55 -2 10 0 0.79 M M 9.7 18 190 M M 10 12 24 200
16 61 47 54 -3 11 0 0.00 M M 2.9 13 250 M M 5 18 300
17 64 46 55 -3 10 0 0.00 M M 3.5 10 270 M M 3 18 14 280
18 77 45 61 3 4 0 0.00 M M 5.0 17 110 M M 0 18 22 140
19 67 54 61 3 4 0 0.03 M M 6.9 15 150 M M 6 18 19 150
20 63 53 58 0 7 0 0.03 M M 7.5 14 270 M M 9 1 19 200
21 61 51 56 -2 9 0 1.02 M M 11.9 31 210 M M 9 1 44 200
22 61 46 54 -4 11 0 0.25 M M 7.2 14 230 M M 7 1 21 210
23 58 48 53 -5 12 0 0.19 M M 4.5 16 280 M M 8 1 21 270
24 61 45 53 -5 12 0 0.00 M M 4.7 14 280 M M 4 20 280
25 61 41 51 -7 14 0 0.00 M M 4.6 14 270 M M 1 18 18 270
26 61 40 51 -7 14 0 0.00 M M 5.8 15 270 M M 0 18 20 280
27 73 40 57 -1 8 0 0.00 M M 6.1 20 110 M M 0 18 25 120
28 68 44 56 -2 9 0 0.00 M M 5.2 13 250 M M 0 8 18 290
29 60 44 52 -6 13 0 0.25 M M 6.2 16 260 M M 8 18 22 190
30 58 45 52 -6 13 0 0.30 M M 7.8 20 210 M M 6 1 24 210
31 61 42 52 -6 13 0 0.00 M M 4.2 14 270 M M 0 8 17 280
================================================================================
SM 1936 1393 344 0 4.17 0.0 170.3 M 133
================================================================================
AV 62.5 44.9 5.5 FASTST M M 4 MAX(MPH)
MISC ----> 31 210 44 200
================================================================================
NOTES:
# LAST OF SEVERAL OCCURRENCES
COLUMN 17 PEAK WIND IN M.P.H.
PRELIMINARY LOCAL CLIMATOLOGICAL DATA (WS FORM: F-6) , PAGE 2
STATION: SAN DIEGO/BROWN
MONTH: MARCH
YEAR: 2023
LATITUDE: 32 34 N
LONGITUDE: 116 59 W
[TEMPERATURE DATA] [PRECIPITATION DATA] SYMBOLS USED IN COLUMN 16
AVERAGE MONTHLY: 53.7 TOTAL FOR MONTH: 4.17 1 = FOG OR MIST
DPTR FM NORMAL: -3.7 DPTR FM NORMAL: 2.65 2 = FOG REDUCING VISIBILITY
HIGHEST: 77 ON 18 GRTST 24HR 1.06 ON 21-22 TO 1/4 MILE OR LESS
LOWEST: 35 ON 2 3 = THUNDER
SNOW, ICE PELLETS, HAIL 4 = ICE PELLETS
TOTAL MONTH: 0.0 INCH 5 = HAIL
GRTST 24HR 0.0 6 = FREEZING RAIN OR DRIZZLE
GRTST DEPTH: M ON M 7 = DUSTSTORM OR SANDSTORM:
VSBY 1/2 MILE OR LESS
8 = SMOKE OR HAZE
[NO. OF DAYS WITH] [WEATHER - DAYS WITH] 9 = BLOWING SNOW
X = TORNADO
MAX 32 OR BELOW: 0 0.01 INCH OR MORE: 12
MAX 90 OR ABOVE: 0 0.10 INCH OR MORE: 9
MIN 32 OR BELOW: 0 0.50 INCH OR MORE: 3
MIN 0 OR BELOW: 0 1.00 INCH OR MORE: 1
[HDD (BASE 65) ]
TOTAL THIS MO. 344 CLEAR (SCALE 0-3) 13
DPTR FM NORMAL 102 PTCLDY (SCALE 4-7) 12
TOTAL FM JUL 1 1618 CLOUDY (SCALE 8-10) 6
DPTR FM NORMAL 297
[CDD (BASE 65) ]
TOTAL THIS MO. 0
DPTR FM NORMAL -6 [PRESSURE DATA]
TOTAL FM JAN 1 0 HIGHEST SLP 30.27 ON 24
DPTR FM NORMAL -14 LOWEST SLP 29.75 ON 21
[REMARKS]
#FINAL-03-23#