000
CXUS56 KSGX 011045
CF6SDM
PRELIMINARY LOCAL CLIMATOLOGICAL DATA (WS FORM: F-6)
STATION: SAN DIEGO/BROWN
MONTH: OCTOBER
YEAR: 2022
LATITUDE: 32 34 N
LONGITUDE: 116 59 W
TEMPERATURE IN F: :PCPN: SNOW: WIND :SUNSHINE: SKY :PK WND
================================================================================
1 2 3 4 5 6A 6B 7 8 9 10 11 12 13 14 15 16 17 18
12Z AVG MX 2MIN
DY MAX MIN AVG DEP HDD CDD WTR SNW DPTH SPD SPD DIR MIN PSBL S-S WX SPD DR
================================================================================
1 75 63 69 1 0 4 0.00 M M 4.7 13 250 M M 6 18 260
2 75 65 70 2 0 5 0.00 M M 6.1 14 270 M M 7 19 270
3 75 63 69 1 0 4 0.00 M M 5.1 15 280 M M 6 18 20 280
4 74 61 68 0 0 3 0.00 M M 3.3 9 260 M M 6 18 M M
5 74 64 69 1 0 4 0.00 M M 3.4 12 270 M M 8 18 15 290
6 73 63 68 1 0 3 0.02 M M 3.7 13 270 M M 7 138 15 280
7 77 60 69 2 0 4 0.00 M M 3.8 10 280 M M 1 18 16 280
8 78 60 69 2 0 4 0.00 M M 3.3 12 270 M M 2 128 17 290
9 77 59 68 1 0 3 0.00 M M 3.0 12 280 M M 6 128 17 290
10 75 62 69 2 0 4 0.00 M M 4.6 13 260 M M 6 18 17 250
11 75 62 69 2 0 4 0.04 M M 3.1 12 210 M M 7 138 16 260
12 75 65 70 4 0 5 0.00 M M 4.9 13 280 M M 9 1 19 270
13 71 63 67 1 0 2 0.00 M M 5.0 10 280 M M 10 18 14 280
14 67 62 65 -1 0 0 0.00 M M 3.9 10 240 M M 10 18 13 250
15 70 62 66 0 0 1 T M M 1.7 8 290 M M 10 3 12 250
16 74 62 68 2 0 3 0.00 M M 3.1 15 270 M M 8 20 280
17 77 57 67 1 0 2 0.00 M M 4.1 14 270 M M 0 18 20 280
18 89 57 73 7 0 8 0.00 M M 4.2 13 100 M M 0 18 16 280
19 96 67 82 16 0 17 0.00 M M 9.5 21 100 M M 0 26 120
20 89 61 75 9 0 10 0.00 M M 4.6 12 280 M M 0 12 15 310
21 76 58 67 2 0 2 0.00 M M 3.6 12 270 M M 4 18 16 260
22 72 61 67 2 0 2 0.09 M M 8.3 16 240 M M 9 1 20 250
23 70 54 62 -3 3 0 0.03 M M 5.3 15 240 M M 6 1 19 220
24 77 48 63 -2 2 0 0.00 M M 4.1 14 270 M M 0 17 270
25 79 46 63 -2 2 0 0.00 M M 4.3 14 270 M M 0 17 280
26 72 48 60 -5 5 0 0.00 M M 5.6 15 240 M M 2 19 250
27 71 51 61 -3 4 0 0.00 M M 3.5 10 270 M M 1 18 17 290
28 73 47 60 -4 5 0 0.00 M M 3.6 13 280 M M 0 18 16 290
29 74 48 61 -3 4 0 0.00 M M 4.2 16 270 M M 1 18 21 270
30 81 51 66 2 0 1 0.00 M M 4.3 10 280 M M 1 12 15 270
31 81 49 65 1 0 0 0.00 M M 5.1 13 270 M M 0 18 17 270
================================================================================
SM 2362 1799 25 95 0.18 M 137.0 M 133
================================================================================
AV 76.2 58.0 4.4 FASTST M M 4 MAX(MPH)
MISC ----> 21 100 26 120
================================================================================
NOTES:
# LAST OF SEVERAL OCCURRENCES
COLUMN 17 PEAK WIND IN M.P.H.
PRELIMINARY LOCAL CLIMATOLOGICAL DATA (WS FORM: F-6) , PAGE 2
STATION: SAN DIEGO/BROWN
MONTH: OCTOBER
YEAR: 2022
LATITUDE: 32 34 N
LONGITUDE: 116 59 W
[TEMPERATURE DATA] [PRECIPITATION DATA] SYMBOLS USED IN COLUMN 16
AVERAGE MONTHLY: 67.1 TOTAL FOR MONTH: 0.18 1 = FOG OR MIST
DPTR FM NORMAL: 1.1 DPTR FM NORMAL: -0.26 2 = FOG REDUCING VISIBILITY
HIGHEST: 96 ON 19 GRTST 24HR 0.12 ON 22-23 TO 1/4 MILE OR LESS
LOWEST: 46 ON 25 3 = THUNDER
SNOW, ICE PELLETS, HAIL 4 = ICE PELLETS
TOTAL MONTH: M 5 = HAIL
GRTST 24HR M ON M 6 = FREEZING RAIN OR DRIZZLE
GRTST DEPTH: M ON M 7 = DUSTSTORM OR SANDSTORM:
VSBY 1/2 MILE OR LESS
8 = SMOKE OR HAZE
[NO. OF DAYS WITH] [WEATHER - DAYS WITH] 9 = BLOWING SNOW
X = TORNADO
MAX 32 OR BELOW: 0 0.01 INCH OR MORE: 4
MAX 90 OR ABOVE: 1 0.10 INCH OR MORE: 0
MIN 32 OR BELOW: 0 0.50 INCH OR MORE: 0
MIN 0 OR BELOW: 0 1.00 INCH OR MORE: 0
[HDD (BASE 65) ]
TOTAL THIS MO. 25 CLEAR (SCALE 0-3) 14
DPTR FM NORMAL -21 PTCLDY (SCALE 4-7) 11
TOTAL FM JUL 1 25 CLOUDY (SCALE 8-10) 6
DPTR FM NORMAL -31
[CDD (BASE 65) ]
TOTAL THIS MO. 95
DPTR FM NORMAL 18 [PRESSURE DATA]
TOTAL FM JAN 1 1139 HIGHEST SLP 30.16 ON 28
DPTR FM NORMAL 430 LOWEST SLP 29.77 ON 22
[REMARKS]
#FINAL-10-22#