000
CXUS54 KFWD 010830
CF6SEP
PRELIMINARY LOCAL CLIMATOLOGICAL DATA (WS FORM: F-6)
STATION: STEPHENVILLE
MONTH: FEBRUARY
YEAR: 2022
LATITUDE: 32 13 N
LONGITUDE: 98 11 W
TEMPERATURE IN F: :PCPN: SNOW: WIND :SUNSHINE: SKY :PK WND
================================================================================
1 2 3 4 5 6A 6B 7 8 9 10 11 12 13 14 15 16 17 18
12Z AVG MX 2MIN
DY MAX MIN AVG DEP HDD CDD WTR SNW DPTH SPD SPD DIR MIN PSBL S-S WX SPD DR
================================================================================
1 70 51 61 16 4 0 0.00 M M 7.9 14 170 M M 5 20 190
2 54 26 40 -5 25 0 0.05 M M 8.3 16 350 M M 9 24 340
3 26 16 21 -24 44 0 0.01 M M 0.0 M M M M 10 M M
4 32 16 24 -21 41 0 0.00 M M 0.0 M M M M 6 M M
5 48 17 33 -13 32 0 0.00 M M 3.4 9 200 M M 0 M M
6 58 25 42 -4 23 0 0.00 M M 3.9 10 210 M M 0 20 210
7 58 32 45 -1 20 0 0.00 M M 6.8 14 340 M M 0 20 350
8 66 30 48 2 17 0 0.00 M M 4.3 14 240 M M 0 23 230
9 69 36 53 7 12 0 0.00 M M 3.5 10 360 M M 0 M M
10 71 33 52 6 13 0 0.00 M M 1.9 7 360 M M 0 M M
11 76 39 58 12 7 0 0.00 M M 6.2 14 230 M M 0 24 210
12 55 28 42 -5 23 0 0.00 M M 14.3 23 360 M M 4 35 360
13 66 24 45 -2 20 0 0.00 M M 3.6 14 260 M M 0 20 260
14 73 31 52 5 13 0 0.00 M M 6.9 17 180 M M 0 23 180
15 72 40 56 9 9 0 0.00 M M 13.3 22 180 M M 0 31 180
16 73 58 66 18 0 1 0.00 M M 15.9 23 180 M M 6 35 180
17 66 28 47 -1 18 0 0.04 M M 14.1 25 330 M M 8 36 330
18 55 24 40 -8 25 0 0.00 M M 3.8 10 350 M M 0 M M
19 67 29 48 0 17 0 0.00 M M 2.6 8 150 M M 0 16 160
20 67 38 53 5 12 0 0.00 M M 10.1 16 190 M M 0 23 200
21 M 49 M M M M M M M 5.4 13 210 M M 5 17 190
22 65 32 49 0 16 0 0.00 M M 12.2 18 350 M M 1 25 290
23 32 21 27 -22 38 0 M M M 12.6 21 360 M M 10 28 360
24 29 21 25 -24 40 0 0.00 M M 2.3 9 350 M M 10 M M
25 37 21 29 -21 36 0 0.00 M M 4.8 14 10 M M 6 18 10
26 34 32 33 -17 32 0 M M M 5.9 9 350 M M 10 M M
27 58 28 43 -7 22 0 0.00 M M 7.4 15 10 M M 1 20 340
28 68 25 47 -3 18 0 0.00 M M 2.1 7 130 M M 0 M M
================================================================================
SM 1545 850 577 1 0.10 M 183.4 M 91
================================================================================
AV 57.2 30.4 6.5 FASTST M M 3 MAX(MPH)
MISC ----> 25 330 36 330
================================================================================
NOTES:
# LAST OF SEVERAL OCCURRENCES
COLUMN 17 PEAK WIND IN M.P.H.
PRELIMINARY LOCAL CLIMATOLOGICAL DATA (WS FORM: F-6) , PAGE 2
STATION: STEPHENVILLE
MONTH: FEBRUARY
YEAR: 2022
LATITUDE: 32 13 N
LONGITUDE: 98 11 W
[TEMPERATURE DATA] [PRECIPITATION DATA] SYMBOLS USED IN COLUMN 16
AVERAGE MONTHLY: 43.8 TOTAL FOR MONTH: 0.10 1 = FOG OR MIST
DPTR FM NORMAL: -3.6 DPTR FM NORMAL: -2.15 2 = FOG REDUCING VISIBILITY
HIGHEST: 76 ON 11 GRTST 24HR 0.05 ON 2- 2 TO 1/4 MILE OR LESS
LOWEST: 16 ON 4, 3 3 = THUNDER
SNOW, ICE PELLETS, HAIL 4 = ICE PELLETS
TOTAL MONTH: M 5 = HAIL
GRTST 24HR M ON M 6 = FREEZING RAIN OR DRIZZLE
GRTST DEPTH: M ON M 7 = DUSTSTORM OR SANDSTORM:
VSBY 1/2 MILE OR LESS
8 = SMOKE OR HAZE
[NO. OF DAYS WITH] [WEATHER - DAYS WITH] 9 = BLOWING SNOW
X = TORNADO
MAX 32 OR BELOW: 4 0.01 INCH OR MORE: 3
MAX 90 OR ABOVE: 0 0.10 INCH OR MORE: 0
MIN 32 OR BELOW: 20 0.50 INCH OR MORE: 0
MIN 0 OR BELOW: 0 1.00 INCH OR MORE: 0
[HDD (BASE 65) ]
TOTAL THIS MO. 577 CLEAR (SCALE 0-3) 16
DPTR FM NORMAL 81 PTCLDY (SCALE 4-7) 6
TOTAL FM JUL 1 1687 CLOUDY (SCALE 8-10) 6
DPTR FM NORMAL -556
[CDD (BASE 65) ]
TOTAL THIS MO. 1
DPTR FM NORMAL -1 [PRESSURE DATA]
TOTAL FM JAN 1 1 HIGHEST SLP M ON M
DPTR FM NORMAL 0 LOWEST SLP M ON M
[REMARKS]
#FINAL-02-22#