000
CXUS56 KMTR 010900
CF6SFD
PRELIMINARY LOCAL CLIMATOLOGICAL DATA (WS FORM: F-6)
STATION: SAN FRANCISCO DWTN CA
MONTH: MARCH
YEAR: 2023
LATITUDE: 37 46 N
LONGITUDE: 122 26 W
TEMPERATURE IN F: :PCPN: SNOW: WIND :SUNSHINE: SKY :PK WND
================================================================================
1 2 3 4 5 6A 6B 7 8 9 10 11 12 13 14 15 16 17 18
12Z AVG MX 2MIN
DY MAX MIN AVG DEP HDD CDD WTR SNW DPTH SPD SPD DIR MIN PSBL S-S WX SPD DR
================================================================================
1 55 39 47 -8 18 0 0.00 M 0 M M M M M M M M
2 58 43 51 -4 14 0 0.00 M 0 M M M M M M M M
3 57 44 51 -4 14 0 0.00 M 0 M M M M M M M M
4 52 44 48 -7 17 0 0.23 M 0 M M M M M M M M
5 54 42 48 -7 17 0 0.31 M 0 M M M M M M M M
6 54 42 48 -7 17 0 0.23 M 0 M M M M M M M M
7 53 43 48 -7 17 0 0.02 M 0 M M M M M M M M
8 54 44 49 -6 16 0 0.28 M 0 M M M M M M M M
9 57 45 51 -4 14 0 0.72 M 0 M M M M M M M M
10 58 48 53 -2 12 0 0.38 M 0 M M M M M M M M
11 60 47 54 -1 11 0 0.04 M 0 M M M M M M M M
12 58 53 56 1 9 0 0.18 M 0 M M M M M M M M
13 65 54 60 5 5 0 0.01 M 0 M M M M M M M M
14 60 46 53 -3 12 0 0.91 M 0 M M M M M M M M
15 57 43 50 -6 15 0 0.00 M 0 M M M M M M M M
16 60 47 54 -2 11 0 0.00 M 0 M M M M M M M M
17 65 46 56 0 9 0 0.00 M 0 M M M M M M M M
18 64 49 57 1 8 0 0.02 M 0 M M M M M M M M
19 58 49 54 -2 11 0 0.93 M 0 M M M M M M M M
20 55 48 52 -4 13 0 0.06 M 0 M M M M M M M M
21 55 46 51 -5 14 0 1.06 M 0 M M M M M M M M
22 58 47 53 -3 12 0 0.21 M 0 M M M M M M M M
23 55 48 52 -4 13 0 0.00 M 0 M M M M M M M M
24 56 45 51 -5 14 0 0.00 M 0 M M M M M M M M
25 55 44 50 -6 15 0 0.00 M 0 M M M M M M M M
26 54 43 49 -7 16 0 0.00 M 0 M M M M M M M M
27 61 42 52 -4 13 0 0.00 M 0 M M M M M M M M
28 52 45 49 -7 16 0 0.77 M 0 M M M M M M M M
29 52 45 49 -7 16 0 0.63 M 0 M M M M M M M M
30 56 44 50 -6 15 0 0.00 M 0 M M M M M M M M
31 58 46 52 -4 13 0 0.00 M 0 M M M M M M M M
================================================================================
SM 1766 1411 417 0 6.99 M M M M
================================================================================
AV 57.0 45.5 M FASTST M M M MAX(MPH)
MISC ----> M M M M
================================================================================
NOTES:
# LAST OF SEVERAL OCCURRENCES
COLUMN 17 PEAK WIND IN M.P.H.
PRELIMINARY LOCAL CLIMATOLOGICAL DATA (WS FORM: F-6) , PAGE 2
STATION: SAN FRANCISCO DWTN CA
MONTH: MARCH
YEAR: 2023
LATITUDE: 37 46 N
LONGITUDE: 122 26 W
[TEMPERATURE DATA] [PRECIPITATION DATA] SYMBOLS USED IN COLUMN 16
AVERAGE MONTHLY: 51.2 TOTAL FOR MONTH: 6.99 1 = FOG OR MIST
DPTR FM NORMAL: -4.3 DPTR FM NORMAL: 3.84 2 = FOG REDUCING VISIBILITY
HIGHEST: 65 ON 17,13 GRTST 24HR 1.26 ON 21-22 TO 1/4 MILE OR LESS
LOWEST: 39 ON 1 3 = THUNDER
SNOW, ICE PELLETS, HAIL 4 = ICE PELLETS
TOTAL MONTH: M 5 = HAIL
GRTST 24HR M ON M 6 = FREEZING RAIN OR DRIZZLE
GRTST DEPTH: 0 7 = DUSTSTORM OR SANDSTORM:
VSBY 1/2 MILE OR LESS
8 = SMOKE OR HAZE
[NO. OF DAYS WITH] [WEATHER - DAYS WITH] 9 = BLOWING SNOW
X = TORNADO
MAX 32 OR BELOW: 0 0.01 INCH OR MORE: 18
MAX 90 OR ABOVE: 0 0.10 INCH OR MORE: 13
MIN 32 OR BELOW: 0 0.50 INCH OR MORE: 6
MIN 0 OR BELOW: 0 1.00 INCH OR MORE: 1
[HDD (BASE 65) ]
TOTAL THIS MO. 417 CLEAR (SCALE 0-3) 0
DPTR FM NORMAL 120 PTCLDY (SCALE 4-7) 0
TOTAL FM JUL 1 2346 CLOUDY (SCALE 8-10) 31
DPTR FM NORMAL 230
[CDD (BASE 65) ]
TOTAL THIS MO. 0
DPTR FM NORMAL -2 [PRESSURE DATA]
TOTAL FM JAN 1 0 HIGHEST SLP M ON M
DPTR FM NORMAL -2 LOWEST SLP 9999.00 ON 1
[REMARKS]
#FINAL-03-23#