000
CXUS56 KMTR 081625
CF6SFD
PRELIMINARY LOCAL CLIMATOLOGICAL DATA (WS FORM: F-6)
STATION: SAN FRANCISCO DWTN CA
MONTH: JANUARY
YEAR: 2023
LATITUDE: 37 46 N
LONGITUDE: 122 26 W
TEMPERATURE IN F: :PCPN: SNOW: WIND :SUNSHINE: SKY :PK WND
================================================================================
1 2 3 4 5 6A 6B 7 8 9 10 11 12 13 14 15 16 17 18
12Z AVG MX 2MIN
DY MAX MIN AVG DEP HDD CDD WTR SNW DPTH SPD SPD DIR MIN PSBL S-S WX SPD DR
================================================================================
1 61 48 55 3 10 0 0.00 M 0 M M M M M M M M
2 53 45 49 -3 16 0 0.42 M 0 M M M M M M M M
3 54 45 50 -2 15 0 0.00 M 0 M M M M M M M M
4 60 48 54 2 11 0 1.06 M 0 M M M M M M M M
5 58 51 55 3 10 0 0.27 M 0 M M M M M M M M
6 59 50 55 3 10 0 0.00 M 0 M M M M M M M M
7 59 51 55 3 10 0 0.20 M 0 M M M M M M M M
8 61 52 57 5 8 0 0.37 M 0 M M M M M M M M
9 59 51 55 3 10 0 1.20 M 0 M M M M M M M M
10 56 46 51 -1 14 0 1.22 M 0 M M M M M M M M
11 58 50 54 2 11 0 0.94 M 0 M M M M M M M M
12 66 54 60 8 5 0 0.00 M 0 M M M M M M M M
13 62 52 57 5 8 0 0.42 M 0 M M M M M M M M
14 58 53 56 4 9 0 1.09 M 0 M M M M M M M M
15 54 47 51 -1 14 0 0.96 M 0 M M M M M M M M
16 55 46 51 -1 14 0 0.64 M 0 M M M M M M M M
17 56 43 50 -2 15 0 0.00 M 0 M M M M M M M M
18 56 45 51 -1 14 0 0.10 M 0 M M M M M M M M
19 54 45 50 -2 15 0 0.00 M 0 M M M M M M M M
20 56 45 51 -1 14 0 0.00 M 0 M M M M M M M M
21 56 42 49 -3 16 0 0.00 M 0 M M M M M M M M
22 59 44 52 0 13 0 0.00 M 0 M M M M M M M M
23 62 49 56 4 9 0 0.00 M 0 M M M M M M M M
24 62 47 55 2 10 0 0.00 M 0 M M M M M M M M
25 65 45 55 2 10 0 0.00 M 0 M M M M M M M M
26 68 55 62 9 3 0 0.00 M 0 M M M M M M M M
27 56 47 52 -1 13 0 0.00 M 0 M M M M M M M M
28 58 46 52 -1 13 0 0.00 M 0 M M M M M M M M
29 50 45 48 -5 17 0 0.00 M 0 M M M M M M M M
30 55 43 49 -4 16 0 0.00 M 0 M M M M M M M M
31 59 41 50 -3 15 0 0.00 M 0 M M M M M M M M
================================================================================
SM 1805 1471 368 0 8.89 M M M M
================================================================================
AV 58.2 47.5 M FASTST M M M MAX(MPH)
MISC ----> M M M M
================================================================================
NOTES:
# LAST OF SEVERAL OCCURRENCES
COLUMN 17 PEAK WIND IN M.P.H.
PRELIMINARY LOCAL CLIMATOLOGICAL DATA (WS FORM: F-6) , PAGE 2
STATION: SAN FRANCISCO DWTN CA
MONTH: JANUARY
YEAR: 2023
LATITUDE: 37 46 N
LONGITUDE: 122 26 W
[TEMPERATURE DATA] [PRECIPITATION DATA] SYMBOLS USED IN COLUMN 16
AVERAGE MONTHLY: 52.8 TOTAL FOR MONTH: 8.89 1 = FOG OR MIST
DPTR FM NORMAL: 0.6 DPTR FM NORMAL: 4.49 2 = FOG REDUCING VISIBILITY
HIGHEST: 68 ON 26 GRTST 24HR 2.51 ON 31- 1 TO 1/4 MILE OR LESS
LOWEST: 41 ON 31 3 = THUNDER
SNOW, ICE PELLETS, HAIL 4 = ICE PELLETS
TOTAL MONTH: M 5 = HAIL
GRTST 24HR M ON M 6 = FREEZING RAIN OR DRIZZLE
GRTST DEPTH: 0 7 = DUSTSTORM OR SANDSTORM:
VSBY 1/2 MILE OR LESS
8 = SMOKE OR HAZE
[NO. OF DAYS WITH] [WEATHER - DAYS WITH] 9 = BLOWING SNOW
X = TORNADO
MAX 32 OR BELOW: 0 0.01 INCH OR MORE: 13
MAX 90 OR ABOVE: 0 0.10 INCH OR MORE: 13
MIN 32 OR BELOW: 0 0.50 INCH OR MORE: 7
MIN 0 OR BELOW: 0 1.00 INCH OR MORE: 4
[HDD (BASE 65) ]
TOTAL THIS MO. 368 CLEAR (SCALE 0-3) 0
DPTR FM NORMAL -29 PTCLDY (SCALE 4-7) 0
TOTAL FM JUL 1 1530 CLOUDY (SCALE 8-10) 31
DPTR FM NORMAL 20
[CDD (BASE 65) ]
TOTAL THIS MO. 0
DPTR FM NORMAL 0 [PRESSURE DATA]
TOTAL FM JAN 1 0 HIGHEST SLP M ON M
DPTR FM NORMAL 0 LOWEST SLP 9999.00 ON 1
[REMARKS]
#FINAL-01-23#