000
CXUS56 KMTR 010900
CF6SFD
PRELIMINARY LOCAL CLIMATOLOGICAL DATA (WS FORM: F-6)
STATION: SAN FRANCISCO DWTN CA
MONTH: JULY
YEAR: 2021
LATITUDE: 37 46 N
LONGITUDE: 122 26 W
TEMPERATURE IN F: :PCPN: SNOW: WIND :SUNSHINE: SKY :PK WND
================================================================================
1 2 3 4 5 6A 6B 7 8 9 10 11 12 13 14 15 16 17 18
12Z AVG MX 2MIN
DY MAX MIN AVG DEP HDD CDD WTR SNW DPTH SPD SPD DIR MIN PSBL S-S WX SPD DR
================================================================================
1 65 56 61 1 4 0 0.00 M 0 M M M M M M M M
2 63 56 60 0 5 0 0.00 M 0 M M M M M M M M
3 64 55 60 0 5 0 0.00 M 0 M M M M M M M M
4 64 56 60 0 5 0 0.00 M 0 M M M M M M M M
5 64 55 60 0 5 0 0.00 M 0 M M M M M M M M
6 60 54 57 -3 8 0 0.00 M 0 M M M M M M M M
7 60 53 57 -3 8 0 0.00 M 0 M M M M M M M M
8 69 53 61 1 4 0 0.00 M 0 M M M M M M M M
9 68 54 61 1 4 0 0.00 M 0 M M M M M M M M
10 66 53 60 0 5 0 0.00 M 0 M M M M M M M M
11 58 52 55 -5 10 0 0.00 M 0 M M M M M M M M
12 57 52 55 -5 10 0 0.00 M 0 M M M M M M M M
13 59 52 56 -4 9 0 0.00 M 0 M M M M M M M M
14 63 53 58 -2 7 0 0.00 M 0 M M M M M M M M
15 59 52 56 -4 9 0 0.00 M 0 M M M M M M M M
16 63 52 58 -2 7 0 0.00 M 0 M M M M M M M M
17 65 54 60 0 5 0 0.00 M 0 M M M M M M M M
18 65 54 60 0 5 0 0.00 M 0 M M M M M M M M
19 65 55 60 0 5 0 0.00 M 0 M M M M M M M M
20 62 55 59 -1 6 0 0.00 M 0 M M M M M M M M
21 64 54 59 -1 6 0 0.00 M 0 M M M M M M M M
22 61 54 58 -2 7 0 0.00 M 0 M M M M M M M M
23 67 54 61 1 4 0 0.00 M 0 M M M M M M M M
24 64 53 59 -1 6 0 0.00 M 0 M M M M M M M M
25 65 54 60 0 5 0 0.00 M 0 M M M M M M M M
26 63 55 59 -1 6 0 0.00 M 0 M M M M M M M M
27 69 55 62 1 3 0 0.00 M 0 M M M M M M M M
28 66 55 61 0 4 0 0.00 M 0 M M M M M M M M
29 66 56 61 0 4 0 0.00 M 0 M M M M M M M M
30 66 55 61 0 4 0 0.00 M 0 M M M M M M M M
31 66 57 62 1 3 0 0.00 M 0 M M M M M M M M
================================================================================
SM 1976 1678 178 0 0.00 M M M M
================================================================================
AV 63.7 54.1 M FASTST M M M MAX(MPH)
MISC ----> M M M M
================================================================================
NOTES:
# LAST OF SEVERAL OCCURRENCES
COLUMN 17 PEAK WIND IN M.P.H.
PRELIMINARY LOCAL CLIMATOLOGICAL DATA (WS FORM: F-6) , PAGE 2
STATION: SAN FRANCISCO DWTN CA
MONTH: JULY
YEAR: 2021
LATITUDE: 37 46 N
LONGITUDE: 122 26 W
[TEMPERATURE DATA] [PRECIPITATION DATA] SYMBOLS USED IN COLUMN 16
AVERAGE MONTHLY: 58.9 TOTAL FOR MONTH: 0.00 1 = FOG OR MIST
DPTR FM NORMAL: -1.4 DPTR FM NORMAL: -0.01 2 = FOG REDUCING VISIBILITY
HIGHEST: 69 ON 27, 8 GRTST 24HR 0.00 ON 1- 1 TO 1/4 MILE OR LESS
LOWEST: 52 ON 16,15 3 = THUNDER
SNOW, ICE PELLETS, HAIL 4 = ICE PELLETS
TOTAL MONTH: M 5 = HAIL
GRTST 24HR M ON M 6 = FREEZING RAIN OR DRIZZLE
GRTST DEPTH: 0 7 = DUSTSTORM OR SANDSTORM:
VSBY 1/2 MILE OR LESS
8 = SMOKE OR HAZE
[NO. OF DAYS WITH] [WEATHER - DAYS WITH] 9 = BLOWING SNOW
X = TORNADO
MAX 32 OR BELOW: 0 0.01 INCH OR MORE: 0
MAX 90 OR ABOVE: 0 0.10 INCH OR MORE: 0
MIN 32 OR BELOW: 0 0.50 INCH OR MORE: 0
MIN 0 OR BELOW: 0 1.00 INCH OR MORE: 0
[HDD (BASE 65) ]
TOTAL THIS MO. 178 CLEAR (SCALE 0-3) 0
DPTR FM NORMAL 26 PTCLDY (SCALE 4-7) 0
TOTAL FM JUL 1 178 CLOUDY (SCALE 8-10) 31
DPTR FM NORMAL 25
[CDD (BASE 65) ]
TOTAL THIS MO. 0
DPTR FM NORMAL -7 [PRESSURE DATA]
TOTAL FM JAN 1 10 HIGHEST SLP M ON M
DPTR FM NORMAL -24 LOWEST SLP 9999.00 ON 1
[REMARKS]
#FINAL-07-21#