000
CXUS54 KSHV 011400
CF6SHV
PRELIMINARY LOCAL CLIMATOLOGICAL DATA (WS FORM: F-6)
STATION: SHREVEPORT
MONTH: FEBRUARY
YEAR: 2023
LATITUDE: 32 28 N
LONGITUDE: 93 49 W
TEMPERATURE IN F: :PCPN: SNOW: WIND :SUNSHINE: SKY :PK WND
================================================================================
1 2 3 4 5 6A 6B 7 8 9 10 11 12 13 14 15 16 17 18
12Z AVG MX 2MIN
DY MAX MIN AVG DEP HDD CDD WTR SNW DPTH SPD SPD DIR MIN PSBL S-S WX SPD DR
================================================================================
1 37 35 36 -13 29 0 0.40 0.0 0 9.4 15 20 M M 10 1 21 10
2 40 36 38 -11 27 0 1.48 0.0 0 8.7 16 40 M M 10 1 21 20
3 57 37 47 -3 18 0 0.00 0.0 0 5.1 14 20 M M 3 1 19 40
4 61 30 46 -4 19 0 0.00 0.0 0 5.8 15 180 M M 3 20 180
5 71 38 55 5 10 0 0.00 0.0 0 4.1 14 240 M M 2 1 22 210
6 73 45 59 9 6 0 0.00 0.0 0 8.5 23 150 M M 6 12 28 160
7 77 52 65 15 0 0 0.00 0.0 0 7.5 14 170 M M 9 21 170
8 82 46 64 14 1 0 0.02 0.0 0 15.4 28 270 M M 8 3 38 250
9 69 41 55 5 10 0 0.00 0.0 0 4.6 12 110 M M 0 16 120
10 56 41 49 -2 16 0 0.59 0.0 0 8.6 17 320 M M 7 17 23 320
11 52 41 47 -4 18 0 0.75 0.0 0 10.9 23 50 M M 7 1 32 60
12 66 33 50 -1 15 0 0.00 0.0 0 3.8 12 300 M M 2 1 15 270
13 71 37 54 3 11 0 0.00 0.0 0 6.2 15 250 M M 6 19 240
14 73 56 65 13 0 0 0.36 0.0 0 8.9 23 290 M M 9 1 31 290
15 77 58 68 16 0 3 T 0.0 0 10.5 18 160 M M 9 12 28 180
16 73 41 57 5 8 0 0.07 0.0 0 15.3 32 310 M M 9 13 42 310
17 52 33 43 -9 22 0 0.00 0.0 0 10.8 23 340 M M 4 31 360
18 58 28 43 -9 22 0 0.00 0.0 0 4.4 13 160 M M 5 19 180
19 71 42 57 4 8 0 0.00 0.0 0 9.1 22 240 M M 9 28 240
20 83 62 73 20 0 8 0.00 0.0 0 13.4 25 240 M M 9 37 200
21 88 68 78 25 0 13 0.00 0.0 0 14.6 22 180 M M 7 34 190
22 74 60 67 14 0 2 0.08 0.0 0 8.9 25 180 M M 7 1 38 200
23 78 65 72 18 0 7 0.00 0.0 0 7.9 16 300 M M 7 18 20 290
24 68 53 61 7 4 0 T 0.0 0 10.2 17 110 M M 10 23 130
25 59 50 55 1 10 0 0.00 0.0 0 4.9 10 360 M M 10 1 13 340
26 83 55 69 15 0 4 0.00 0.0 0 8.6 23 180 M M 8 1 34 190
27 79 51 65 10 0 0 0.02 0.0 0 9.0 24 190 M M 4 18 34 190
28 88 44 66 11 0 1 0.00 0.0 0 6.1 18 220 M M 5 28 210
================================================================================
SM 1916 1278 254 38 3.77 0.0 241.2 M 185
================================================================================
AV 68.4 45.6 8.6 FASTST M M 7 MAX(MPH)
MISC ----> 32 310 42 310
================================================================================
NOTES:
# LAST OF SEVERAL OCCURRENCES
COLUMN 17 PEAK WIND IN M.P.H.
PRELIMINARY LOCAL CLIMATOLOGICAL DATA (WS FORM: F-6) , PAGE 2
STATION: SHREVEPORT
MONTH: FEBRUARY
YEAR: 2023
LATITUDE: 32 28 N
LONGITUDE: 93 49 W
[TEMPERATURE DATA] [PRECIPITATION DATA] SYMBOLS USED IN COLUMN 16
AVERAGE MONTHLY: 57.0 TOTAL FOR MONTH: 3.77 1 = FOG OR MIST
DPTR FM NORMAL: 5.2 DPTR FM NORMAL: -0.53 2 = FOG REDUCING VISIBILITY
HIGHEST: 88 ON 28,21 GRTST 24HR 1.48 ON 2- 2 TO 1/4 MILE OR LESS
LOWEST: 28 ON 18 3 = THUNDER
SNOW, ICE PELLETS, HAIL 4 = ICE PELLETS
TOTAL MONTH: 0.0 INCH 5 = HAIL
GRTST 24HR 0.0 6 = FREEZING RAIN OR DRIZZLE
GRTST DEPTH: 0 7 = DUSTSTORM OR SANDSTORM:
VSBY 1/2 MILE OR LESS
8 = SMOKE OR HAZE
[NO. OF DAYS WITH] [WEATHER - DAYS WITH] 9 = BLOWING SNOW
X = TORNADO
MAX 32 OR BELOW: 0 0.01 INCH OR MORE: 9
MAX 90 OR ABOVE: 0 0.10 INCH OR MORE: 5
MIN 32 OR BELOW: 2 0.50 INCH OR MORE: 3
MIN 0 OR BELOW: 0 1.00 INCH OR MORE: 1
[HDD (BASE 65) ]
TOTAL THIS MO. 254 CLEAR (SCALE 0-3) 4
DPTR FM NORMAL -126 PTCLDY (SCALE 4-7) 14
TOTAL FM JUL 1 1379 CLOUDY (SCALE 8-10) 10
DPTR FM NORMAL -379
[CDD (BASE 65) ]
TOTAL THIS MO. 38
DPTR FM NORMAL 27 [PRESSURE DATA]
TOTAL FM JAN 1 62 HIGHEST SLP M ON M
DPTR FM NORMAL 53 LOWEST SLP 29.62 ON 27
[REMARKS]
#FINAL-02-23#