000
CXUS54 KSJT 281000
CF6SJT
PRELIMINARY LOCAL CLIMATOLOGICAL DATA (WS FORM: F-6)
STATION: SAN ANGELO
MONTH: MARCH
YEAR: 2024
LATITUDE: 31 21 N
LONGITUDE: 100 30 W
TEMPERATURE IN F: :PCPN: SNOW: WIND :SUNSHINE: SKY :PK WND
================================================================================
1 2 3 4 5 6A 6B 7 8 9 10 11 12 13 14 15 16 17 18
12Z AVG MX 2MIN
DY MAX MIN AVG DEP HDD CDD WTR SNW DPTH SPD SPD DIR MIN PSBL S-S WX SPD DR
================================================================================
1 80 33 57 2 8 0 0.00 0.0 0 8.4 16 250 M M 0 27 230
2 84 40 62 7 3 0 0.00 0.0 0 8.2 18 200 M M 0 26 200
3 84 57 71 15 0 6 0.00 0.0 0 13.1 23 250 M M 0 30 230
4 83 58 71 15 0 6 0.00 0.0 0 10.4 20 220 M M 1 18 26 210
5 84 45 65 9 0 0 0.00 0.0 0 7.9 18 270 M M 0 1 24 270
6 79 39 59 3 6 0 0.00 0.0 0 5.6 15 130 M M 1 3 24 110
7 80 56 68 11 0 3 0.03 0.0 0 8.0 22 200 M M 4 1 31 200
8 68 43 56 -1 9 0 0.00 0.0 0 12.3 24 360 M M 3 3 30 360
9 58 38 48 -9 17 0 0.00 0.0 0 11.0 24 350 M M 5 31 360
10 65 31 48 -10 17 0 0.00 0.0 0 4.1 9 150 M M 0 13 190
11 75 37 56 -2 9 0 0.00 0.0 0 7.1 16 150 M M 0 23 150
12 78 55 67 9 0 2 0.00 0.0 0 12.9 18 200 M M 2 32 210
13 88 54 71 13 0 6 0.00 0.0 0 11.6 22 210 M M 2 1 31 200
14 83 60 72 13 0 7 0.00 0.0 0 9.3 21 30 M M 2 29 20
15 68 52 60 1 5 0 0.03 0.0 0 15.7 30 30 M M 9 3 40 30
16 57 51 54 -5 11 0 T 0.0 0 8.2 15 50 M M 10 1 21 40
17 56 51 54 -6 11 0 0.24 0.0 0 8.0 14 10 M M 10 13 17 40
18 66 47 57 -3 8 0 0.00 0.0 0 8.4 17 50 M M 4 24 30
19 69 39 54 -6 11 0 0.00 0.0 0 7.7 18 200 M M 5 27 160
20 73 42 58 -3 7 0 0.00 0.0 0 7.3 17 220 M M 1 23 220
21 78 51 65 4 0 0 0.00 0.0 0 7.9 24 260 M M 4 3 31 260
22 83 41 62 1 3 0 0.00 0.0 0 6.3 21 40 M M 0 1 30 10
23 79 49 64 3 1 0 0.00 0.0 0 10.3 22 140 M M 2 32 150
24 77 58 68 6 0 3 0.10 0.0 0 16.1 29 190 M M 4 13 41 200
25 72 45 59 -3 6 0 T 0.0 0 14.9 32 260 M M 5 43 280
26 68 30 49 -13 16 0 0.00 0.0 0 6.3 18 40 M M 2 23 50
27 74 42 58 -4 7 0 0.00 0.0 0 10.7 24 300 M M 1 33 250
================================================================================
SM 2009 1244 155 33 0.40 0.0 257.7 M 77
================================================================================
AV 74.4 46.1 9.5 FASTST M M 3 MAX(MPH)
MISC ----> 32 260 43 280
================================================================================
NOTES:
# LAST OF SEVERAL OCCURRENCES
COLUMN 17 PEAK WIND IN M.P.H.
PRELIMINARY LOCAL CLIMATOLOGICAL DATA (WS FORM: F-6) , PAGE 2
STATION: SAN ANGELO
MONTH: MARCH
YEAR: 2024
LATITUDE: 31 21 N
LONGITUDE: 100 30 W
[TEMPERATURE DATA] [PRECIPITATION DATA] SYMBOLS USED IN COLUMN 16
AVERAGE MONTHLY: 60.2 TOTAL FOR MONTH: 0.40 1 = FOG OR MIST
DPTR FM NORMAL: 1.5 DPTR FM NORMAL: -0.89 2 = FOG REDUCING VISIBILITY
HIGHEST: 88 ON 13 GRTST 24HR 0.24 ON 17-17 TO 1/4 MILE OR LESS
LOWEST: 30 ON 26 3 = THUNDER
SNOW, ICE PELLETS, HAIL 4 = ICE PELLETS
TOTAL MONTH: 0.0 INCH 5 = HAIL
GRTST 24HR 0.0 6 = FREEZING RAIN OR DRIZZLE
GRTST DEPTH: 0 7 = DUSTSTORM OR SANDSTORM:
VSBY 1/2 MILE OR LESS
8 = SMOKE OR HAZE
[NO. OF DAYS WITH] [WEATHER - DAYS WITH] 9 = BLOWING SNOW
X = TORNADO
MAX 32 OR BELOW: 0 0.01 INCH OR MORE: 4
MAX 90 OR ABOVE: 0 0.10 INCH OR MORE: 2
MIN 32 OR BELOW: 2 0.50 INCH OR MORE: 0
MIN 0 OR BELOW: 0 1.00 INCH OR MORE: 0
[HDD (BASE 65) ]
TOTAL THIS MO. 155 CLEAR (SCALE 0-3) 16
DPTR FM NORMAL -51 PTCLDY (SCALE 4-7) 8
TOTAL FM JUL 1 1859 CLOUDY (SCALE 8-10) 3
DPTR FM NORMAL -171
[CDD (BASE 65) ]
TOTAL THIS MO. 33
DPTR FM NORMAL -4 [PRESSURE DATA]
TOTAL FM JAN 1 61 HIGHEST SLP M ON M
DPTR FM NORMAL 15 LOWEST SLP 29.31 ON 24
[REMARKS]