000
CXUS51 KBTV 010700
CF6SLK
PRELIMINARY LOCAL CLIMATOLOGICAL DATA (WS FORM: F-6)
STATION: SARANAC LAKE NY
MONTH: JUNE
YEAR: 2023
LATITUDE: 44 23 N
LONGITUDE: 74 12 W
TEMPERATURE IN F: :PCPN: SNOW: WIND :SUNSHINE: SKY :PK WND
================================================================================
1 2 3 4 5 6A 6B 7 8 9 10 11 12 13 14 15 16 17 18
12Z AVG MX 2MIN
DY MAX MIN AVG DEP HDD CDD WTR SNW DPTH SPD SPD DIR MIN PSBL S-S WX SPD DR
================================================================================
1 90 43 67 12 0 2 0.00 M M 2.7 12 90 M M 0 15 280
2 86 49 68 12 0 3 0.03 M M 4.3 17 50 M M 2 23 30
3 63 31 47 -9 18 0 0.00 M M 9.0 22 60 M M 5 28 40
4 59 27 43 -13 22 0 0.00 M M 7.0 23 40 M M 5 32 30
5 67 31 49 -8 16 0 0.00 M M 3.4 15 30 M M 3 18 18 30
6 64 37 51 -6 14 0 0.10 M M 4.1 16 30 M M 7 18 22 20
7 53 45 49 -8 16 0 0.08 M M 2.4 9 300 M M 10 18 16 340
8 59 44 52 -5 13 0 0.30 M M 2.7 13 40 M M 10 18 17 20
9 60 44 52 -6 13 0 0.45 M M 1.6 7 99 M M 10 12 M M
10 67 41 54 -4 11 0 0.03 M M 2.1 9 360 M M 7 12 15 10
11 74 38 56 -2 9 0 0.18 M M 2.4 12 210 M M 7 12 14 210
12 79 57 68 9 0 3 T M M 7.2 17 130 M M 6 1 28 120
13 65 43 54 -5 11 0 0.63 M M 3.9 12 210 M M 9 1 16 250
14 65 39 52 -7 13 0 0.06 M M 3.5 13 60 M M 8 12 15 50
15 74 50 62 3 3 0 0.08 M M 3.3 12 260 M M 8 1 30 330
16 70 44 57 -3 8 0 0.08 M M 2.2 12 300 M M 5 123 19 320
17 58 53 56 -4 9 0 0.51 M M 3.1 9 360 M M 10 1 14 10
18 62 47 55 -5 10 0 0.00 M M 3.7 10 30 M M 9 1 13 40
19 71 45 58 -2 7 0 0.00 M M 3.1 14 50 M M 7 12 16 50
20 77 39 58 -3 7 0 0.00 M M 4.5 14 90 M M 4 12 19 90
21 78 42 60 -1 5 0 0.00 M M 3.2 14 40 M M 3 1 19 40
22 82 42 62 1 3 0 0.00 M M 2.3 12 60 M M 1 12 16 140
23 81 44 63 2 2 0 0.00 M M 1.4 9 230 M M 4 13 240
24 71 63 67 5 0 2 1.62 M M 1.1 8 240 M M 9 12 11 240
25 81 61 71 9 0 6 0.00 M M 3.6 10 60 M M 8 138 14 180
26 79 59 69 7 0 4 0.16 M M 7.0 25 170 M M 4 138 34 160
27 76 60 68 6 0 3 T M M 6.2 15 210 M M 5 20 210
28 70 56 63 1 2 0 0.12 M M 5.2 15 250 M M 9 18 20 230
29 72 55 64 2 1 0 0.00 M M 3.4 8 230 M M 10 128 12 270
30 79 51 65 2 0 0 0.00 M M 3.1 14 220 M M 3 128 19 210
================================================================================
SM 2132 1380 213 23 4.43 M 112.7 M 188
================================================================================
AV 71.1 46.0 3.8 FASTST M M 6 MAX(MPH)
MISC ----> 25 170 34 160
================================================================================
NOTES:
# LAST OF SEVERAL OCCURRENCES
COLUMN 17 PEAK WIND IN M.P.H.
PRELIMINARY LOCAL CLIMATOLOGICAL DATA (WS FORM: F-6) , PAGE 2
STATION: SARANAC LAKE NY
MONTH: JUNE
YEAR: 2023
LATITUDE: 44 23 N
LONGITUDE: 74 12 W
[TEMPERATURE DATA] [PRECIPITATION DATA] SYMBOLS USED IN COLUMN 16
AVERAGE MONTHLY: 58.5 TOTAL FOR MONTH: 4.43 1 = FOG OR MIST
DPTR FM NORMAL: -0.9 DPTR FM NORMAL: 0.07 2 = FOG REDUCING VISIBILITY
HIGHEST: 90 ON 1 GRTST 24HR 1.62 ON 24-24 TO 1/4 MILE OR LESS
LOWEST: 27 ON 4 3 = THUNDER
SNOW, ICE PELLETS, HAIL 4 = ICE PELLETS
TOTAL MONTH: M 5 = HAIL
GRTST 24HR M ON M 6 = FREEZING RAIN OR DRIZZLE
GRTST DEPTH: M ON M 7 = DUSTSTORM OR SANDSTORM:
VSBY 1/2 MILE OR LESS
8 = SMOKE OR HAZE
[NO. OF DAYS WITH] [WEATHER - DAYS WITH] 9 = BLOWING SNOW
X = TORNADO
MAX 32 OR BELOW: 0 0.01 INCH OR MORE: 15
MAX 90 OR ABOVE: 1 0.10 INCH OR MORE: 9
MIN 32 OR BELOW: 3 0.50 INCH OR MORE: 3
MIN 0 OR BELOW: 0 1.00 INCH OR MORE: 1
[HDD (BASE 65) ]
TOTAL THIS MO. 213 CLEAR (SCALE 0-3) 4
DPTR FM NORMAL 19 PTCLDY (SCALE 4-7) 16
TOTAL FM JUL 1 8347 CLOUDY (SCALE 8-10) 10
DPTR FM NORMAL -954
[CDD (BASE 65) ]
TOTAL THIS MO. 23
DPTR FM NORMAL -2 [PRESSURE DATA]
TOTAL FM JAN 1 23 HIGHEST SLP M ON M
DPTR FM NORMAL -6 LOWEST SLP 29.47 ON 14
[REMARKS]
#FINAL-06-23#