000
CXUS51 KBTV 110241
CF6SLK
PRELIMINARY LOCAL CLIMATOLOGICAL DATA (WS FORM: F-6)
STATION: SARANAC LAKE NY
MONTH: MARCH
YEAR: 2021
LATITUDE: 44 23 N
LONGITUDE: 74 12 W
TEMPERATURE IN F: :PCPN: SNOW: WIND :SUNSHINE: SKY :PK WND
================================================================================
1 2 3 4 5 6A 6B 7 8 9 10 11 12 13 14 15 16 17 18
12Z AVG MX 2MIN
DY MAX MIN AVG DEP HDD CDD WTR SNW DPTH SPD SPD DIR MIN PSBL S-S WX SPD DR
================================================================================
1 40 1 21 2 44 0 0.19 M M 11.6 28 200 M M 10 128 36 200
2 14 -5 5 -14 60 0 0.02 M M 10.0 20 240 M M 7 18 31 280
3 28 14 21 2 44 0 0.09 M M 5.5 12 250 M M 10 1 19 240
4 24 8 16 -4 49 0 T M M 6.4 15 260 M M 8 18 24 270
5 16 2 9 -11 56 0 T M M 8.9 20 240 M M 5 28 290
6 15 1 8 -12 57 0 T M M 5.8 14 250 M M 10 8 22 240
7 24 -8 8 -12 57 0 0.00 M M 3.1 10 240 M M 2 15 330
8 31 -18 7 -14 58 0 T M M 4.3 13 210 M M 3 17 240
9 41 15 28 7 37 0 0.00 M M 4.8 12 260 M M 7 1 19 320
10 57 7 32 10 33 0 0.00 M M 6.3 21 220 M M 0 1 27 210
11 58 41 50 28 15 0 0.11 M M 14.0 28 230 M M 4 1 43 280
12 44 19 32 10 33 0 0.01 M M 13.3 23 240 M M 5 128 36 260
13 28 12 20 -3 45 0 0.03 M M 8.5 20 240 M M 6 18 29 240
14 27 6 17 -6 48 0 0.02 M M 8.9 18 310 M M 9 128 35 350
15 16 -3 7 -16 58 0 T M M 5.6 14 310 M M 3 8 25 360
16 39 -8 16 -8 49 0 T M M 2.5 13 210 M M 1 17 210
17 48 9 29 5 36 0 0.00 M M 4.4 15 220 M M 2 19 210
18 37 20 29 4 36 0 0.04 M M 5.7 17 20 M M 7 1 24 20
19 29 9 19 -6 46 0 0.00 M M 6.4 17 20 M M 0 26 40
20 49 8 29 4 36 0 0.00 M M 4.6 16 220 M M 0 21 230
21 58 14 36 10 29 0 0.00 M M 1.8 10 210 M M 0 13 210
22 61 14 38 12 27 0 0.00 M M 2.6 13 230 M M 0 18 220
23 65 19 42 15 23 0 0.00 M M 3.3 15 240 M M 0 20 240
24 55 27 41 14 24 0 0.02 M M 4.4 24 210 M M 7 31 200
25 68 38 53 25 12 0 0.00 M M 7.6 21 230 M M 2 1 30 240
26 62 31 47 19 18 0 0.46 M M 8.4 23 250 M M 9 13 38 230
27 37 28 33 5 32 0 0.02 M M 5.3 13 240 M M 8 18 19 230
28 49 26 38 9 27 0 0.23 M M 13.4 29 170 M M 6 1 43 150
29 34 22 28 -2 37 0 0.04 M M 10.8 21 240 M M 5 128 38 240
30 61 15 38 8 27 0 0.00 M M 11.9 31 210 M M 1 36 220
31 58 35 47 17 18 0 0.06 M M 9.1 22 200 M M 6 1 29 210
================================================================================
SM 1273 399 1171 0 1.34 M 219.2 M 143
================================================================================
AV 41.1 12.9 7.1 FASTST M M 5 MAX(MPH)
MISC ----> 31 210 # 43 280
================================================================================
NOTES:
# LAST OF SEVERAL OCCURRENCES
COLUMN 17 PEAK WIND IN M.P.H.
PRELIMINARY LOCAL CLIMATOLOGICAL DATA (WS FORM: F-6) , PAGE 2
STATION: SARANAC LAKE NY
MONTH: MARCH
YEAR: 2021
LATITUDE: 44 23 N
LONGITUDE: 74 12 W
[TEMPERATURE DATA] [PRECIPITATION DATA] SYMBOLS USED IN COLUMN 16
AVERAGE MONTHLY: 27.0 TOTAL FOR MONTH: 1.34 1 = FOG OR MIST
DPTR FM NORMAL: 2.9 DPTR FM NORMAL: -0.70 2 = FOG REDUCING VISIBILITY
HIGHEST: 68 ON 25 GRTST 24HR 0.47 ON 26-27 TO 1/4 MILE OR LESS
LOWEST: -18 ON 8 3 = THUNDER
SNOW, ICE PELLETS, HAIL 4 = ICE PELLETS
TOTAL MONTH: M 5 = HAIL
GRTST 24HR M ON M 6 = FREEZING RAIN OR DRIZZLE
GRTST DEPTH: M ON M 7 = DUSTSTORM OR SANDSTORM:
VSBY 1/2 MILE OR LESS
8 = SMOKE OR HAZE
[NO. OF DAYS WITH] [WEATHER - DAYS WITH] 9 = BLOWING SNOW
X = TORNADO
MAX 32 OR BELOW: 11 0.01 INCH OR MORE: 14
MAX 90 OR ABOVE: 0 0.10 INCH OR MORE: 4
MIN 32 OR BELOW: 28 0.50 INCH OR MORE: 0
MIN 0 OR BELOW: 5 1.00 INCH OR MORE: 0
[HDD (BASE 65) ]
TOTAL THIS MO. 1171 CLEAR (SCALE 0-3) 12
DPTR FM NORMAL -98 PTCLDY (SCALE 4-7) 12
TOTAL FM JUL 1 7429 CLOUDY (SCALE 8-10) 7
DPTR FM NORMAL -417
[CDD (BASE 65) ]
TOTAL THIS MO. 0
DPTR FM NORMAL 0 [PRESSURE DATA]
TOTAL FM JAN 1 0 HIGHEST SLP 30.59 ON 21
DPTR FM NORMAL 0 LOWEST SLP 29.31 ON 28
[REMARKS]
#FINAL-03-21#