000
CXUS56 KSGX 011045
CF6SNA
PRELIMINARY LOCAL CLIMATOLOGICAL DATA (WS FORM: F-6)
STATION: JOHN WAYNE AIRPORT CA
MONTH: OCTOBER
YEAR: 2021
LATITUDE: 33 40 N
LONGITUDE: 117 53 W
TEMPERATURE IN F: :PCPN: SNOW: WIND :SUNSHINE: SKY :PK WND
================================================================================
1 2 3 4 5 6A 6B 7 8 9 10 11 12 13 14 15 16 17 18
12Z AVG MX 2MIN
DY MAX MIN AVG DEP HDD CDD WTR SNW DPTH SPD SPD DIR MIN PSBL S-S WX SPD DR
================================================================================
1 88 60 74 4 0 9 0.00 M M 3.5 12 190 M M 1 14 200
2 91 61 76 6 0 11 0.00 M M 3.2 10 220 M M 1 13 220
3 93 63 78 8 0 13 0.00 M M 3.4 12 210 M M 2 15 200
4 87 68 78 8 0 13 0.26 M M 4.2 22 170 M M 5 3 30 190
5 79 66 73 3 0 8 0.06 M M 6.5 23 10 M M 3 28 20
6 78 65 72 3 0 7 0.00 M M 3.5 15 210 M M 7 8 17 220
7 72 65 69 0 0 4 0.01 M M 3.7 13 210 M M 9 18 15 210
8 72 64 68 -1 0 3 0.07 M M 4.5 12 210 M M 7 17 270
9 75 61 68 -1 0 3 0.00 M M 3.1 12 250 M M 3 16 270
10 77 59 68 -1 0 3 0.00 M M 3.6 12 190 M M 0 15 200
11 73 60 67 -1 0 2 0.00 M M 8.1 21 340 M M 6 8 33 340
12 73 57 65 -3 0 0 0.00 M M 6.3 15 230 M M 1 21 310
13 75 52 64 -4 1 0 0.00 M M 3.2 13 220 M M 0 8 16 220
14 78 53 66 -2 0 1 0.00 M M 3.4 10 190 M M 0 13 190
15 90 55 73 5 0 8 0.00 M M 2.9 12 200 M M 0 15 230
16 88 57 73 5 0 8 0.00 M M 3.0 12 210 M M 0 8 14 210
17 76 57 67 -1 0 2 0.00 M M 3.5 14 240 M M 1 17 250
18 68 58 63 -5 2 0 T M M 6.5 14 230 M M 6 18 210
19 70 54 62 -5 3 0 0.00 M M 4.0 13 190 M M 0 18 190
20 74 55 65 -2 0 0 0.00 M M 2.4 12 220 M M 2 17 220
21 76 54 65 -2 0 0 0.00 M M 3.2 10 210 M M 3 128 14 210
22 69 59 64 -3 1 0 0.00 M M 3.9 10 220 M M 8 128 14 190
23 70 61 66 -1 0 1 0.07 M M 5.3 13 190 M M 8 18 17 210
24 74 58 66 -1 0 1 0.00 M M 3.6 12 210 M M 4 14 230
25 68 57 63 -4 2 0 0.32 M M 5.3 21 170 M M 7 18 26 180
26 70 54 62 -4 3 0 0.00 M M 2.3 12 230 M M 0 15 230
27 81 54 68 2 0 3 0.00 M M 2.4 10 190 M M 0 13 190
28 88 60 74 8 0 9 0.00 M M 3.5 12 210 M M 0 14 210
29 85 61 73 7 0 8 0.00 M M 3.8 16 210 M M 2 1 19 210
30 70 61 66 0 0 1 0.00 M M 4.9 14 190 M M 8 18 17 200
31 70 61 66 0 0 1 0.00 M M 3.3 10 190 M M 8 8 17 190
================================================================================
SM 2398 1830 12 119 0.79 M 124.0 M 102
================================================================================
AV 77.4 59.0 4.0 FASTST M M 3 MAX(MPH)
MISC ----> 23 10 33 340
================================================================================
NOTES:
# LAST OF SEVERAL OCCURRENCES
COLUMN 17 PEAK WIND IN M.P.H.
PRELIMINARY LOCAL CLIMATOLOGICAL DATA (WS FORM: F-6) , PAGE 2
STATION: JOHN WAYNE AIRPORT CA
MONTH: OCTOBER
YEAR: 2021
LATITUDE: 33 40 N
LONGITUDE: 117 53 W
[TEMPERATURE DATA] [PRECIPITATION DATA] SYMBOLS USED IN COLUMN 16
AVERAGE MONTHLY: 68.2 TOTAL FOR MONTH: 0.79 1 = FOG OR MIST
DPTR FM NORMAL: 0.4 DPTR FM NORMAL: 0.25 2 = FOG REDUCING VISIBILITY
HIGHEST: 93 ON 3 GRTST 24HR 0.32 ON 4- 5 TO 1/4 MILE OR LESS
LOWEST: 52 ON 13 3 = THUNDER
SNOW, ICE PELLETS, HAIL 4 = ICE PELLETS
TOTAL MONTH: M 5 = HAIL
GRTST 24HR M ON M 6 = FREEZING RAIN OR DRIZZLE
GRTST DEPTH: M ON M 7 = DUSTSTORM OR SANDSTORM:
VSBY 1/2 MILE OR LESS
8 = SMOKE OR HAZE
[NO. OF DAYS WITH] [WEATHER - DAYS WITH] 9 = BLOWING SNOW
X = TORNADO
MAX 32 OR BELOW: 0 0.01 INCH OR MORE: 6
MAX 90 OR ABOVE: 3 0.10 INCH OR MORE: 2
MIN 32 OR BELOW: 0 0.50 INCH OR MORE: 0
MIN 0 OR BELOW: 0 1.00 INCH OR MORE: 0
[HDD (BASE 65) ]
TOTAL THIS MO. 12 CLEAR (SCALE 0-3) 18
DPTR FM NORMAL -10 PTCLDY (SCALE 4-7) 9
TOTAL FM JUL 1 12 CLOUDY (SCALE 8-10) 4
DPTR FM NORMAL -7
[CDD (BASE 65) ]
TOTAL THIS MO. 119
DPTR FM NORMAL 8 [PRESSURE DATA]
TOTAL FM JAN 1 1300 HIGHEST SLP 30.18 ON 27
DPTR FM NORMAL 259 LOWEST SLP 29.63 ON 11
[REMARKS]
#FINAL-10-21#