000
CXUS56 KSGX 011245
CF6SNA
PRELIMINARY LOCAL CLIMATOLOGICAL DATA (WS FORM: F-6)
STATION: JOHN WAYNE AIRPORT CA
MONTH: NOVEMBER
YEAR: 2020
LATITUDE: 33 40 N
LONGITUDE: 117 53 W
TEMPERATURE IN F: :PCPN: SNOW: WIND :SUNSHINE: SKY :PK WND
================================================================================
1 2 3 4 5 6A 6B 7 8 9 10 11 12 13 14 15 16 17 18
12Z AVG MX 2MIN
DY MAX MIN AVG DEP HDD CDD WTR SNW DPTH SPD SPD DIR MIN PSBL S-S WX SPD DR
================================================================================
1 86 58 72 7 0 7 0.00 0.0 0 2.4 13 200 M M 3 18 15 200
2 74 58 66 2 0 1 0.00 0.0 0 3.9 12 220 M M 4 128 14 220
3 77 62 70 6 0 5 0.00 0.0 0 2.3 13 190 M M 5 18 15 190
4 78 57 68 4 0 3 0.00 0.0 0 2.4 10 210 M M 0 18 13 200
5 87 59 73 9 0 8 0.00 0.0 0 1.8 12 210 M M 5 8 13 200
6 74 60 67 3 0 2 T 0.0 0 7.8 21 190 M M 5 24 180
7 63 54 59 -5 6 0 0.35 0.0 0 5.2 16 270 M M 6 3 24 270
8 63 53 58 -5 7 0 0.02 0.0 0 7.5 21 250 M M 6 34 260
9 62 46 54 -9 11 0 0.00 0.0 0 2.9 12 200 M M 1 15 210
10 69 46 58 -5 7 0 0.00 0.0 0 2.1 14 180 M M 0 20 180
11 68 47 58 -5 7 0 0.00 0.0 0 3.0 9 190 M M 1 14 210
12 70 48 59 -3 6 0 0.00 0.0 0 1.7 9 210 M M 1 11 220
13 68 49 59 -3 6 0 0.00 0.0 0 3.5 10 220 M M 1 16 210
14 71 51 61 -1 4 0 0.00 0.0 0 3.5 10 210 M M 1 13 220
15 84 51 68 6 0 3 0.00 0.0 0 2.1 8 200 M M 0 8 10 210
16 90 53 72 10 0 7 0.00 0.0 0 2.5 13 200 M M 0 15 210
17 76 52 64 3 1 0 0.00 0.0 0 2.7 13 210 M M 1 128 16 210
18 67 54 61 0 4 0 0.00 0.0 0 2.3 8 230 M M 5 128 12 230
19 70 56 63 2 2 0 0.00 0.0 0 2.8 9 220 M M 4 18 12 220
20 72 52 62 2 3 0 0.00 0.0 0 2.3 9 190 M M 4 18 11 220
21 73 53 63 3 2 0 0.00 0.0 0 1.8 10 200 M M 5 18 13 200
22 69 53 61 1 4 0 0.00 0.0 0 3.0 13 190 M M 3 128 14 210
23 66 54 60 0 5 0 0.00 0.0 0 4.6 14 190 M M 6 18 17 190
24 67 52 60 0 5 0 0.00 0.0 0 3.4 9 200 M M 2 12 210
25 67 50 59 0 6 0 0.00 0.0 0 2.5 10 210 M M 3 18 13 210
26 74 50 62 3 3 0 0.00 0.0 0 10.4 29 30 M M 2 18 42 20
27 76 51 64 5 1 0 0.00 0.0 0 8.0 23 60 M M 0 34 80
28 75 45 60 2 5 0 0.00 0.0 0 2.3 12 200 M M 0 15 180
29 76 44 60 2 5 0 0.00 0.0 0 2.1 12 190 M M 0 15 190
30 77 48 63 5 2 0 0.00 0.0 0 2.2 8 210 M M 1 8 10 230
================================================================================
SM 2189 1566 102 36 0.37 0.0 105.0 M 75
================================================================================
AV 73.0 52.2 3.5 FASTST M M 3 MAX(MPH)
MISC ----> # 29 30 # 42 20
================================================================================
NOTES:
# LAST OF SEVERAL OCCURRENCES
COLUMN 17 PEAK WIND IN M.P.H.
PRELIMINARY LOCAL CLIMATOLOGICAL DATA (WS FORM: F-6) , PAGE 2
STATION: JOHN WAYNE AIRPORT CA
MONTH: NOVEMBER
YEAR: 2020
LATITUDE: 33 40 N
LONGITUDE: 117 53 W
[TEMPERATURE DATA] [PRECIPITATION DATA] SYMBOLS USED IN COLUMN 16
AVERAGE MONTHLY: 62.6 TOTAL FOR MONTH: 0.37 1 = FOG OR MIST
DPTR FM NORMAL: 1.0 DPTR FM NORMAL: -0.88 2 = FOG REDUCING VISIBILITY
HIGHEST: 90 ON 16 GRTST 24HR 0.35 ON 7- 7 TO 1/4 MILE OR LESS
LOWEST: 44 ON 29 3 = THUNDER
SNOW, ICE PELLETS, HAIL 4 = ICE PELLETS
TOTAL MONTH: 0.0 INCH 5 = HAIL
GRTST 24HR 0.0 6 = FREEZING RAIN OR DRIZZLE
GRTST DEPTH: 0 7 = DUSTSTORM OR SANDSTORM:
VSBY 1/2 MILE OR LESS
8 = SMOKE OR HAZE
[NO. OF DAYS WITH] [WEATHER - DAYS WITH] 9 = BLOWING SNOW
X = TORNADO
MAX 32 OR BELOW: 0 0.01 INCH OR MORE: 2
MAX 90 OR ABOVE: 1 0.10 INCH OR MORE: 1
MIN 32 OR BELOW: 0 0.50 INCH OR MORE: 0
MIN 0 OR BELOW: 0 1.00 INCH OR MORE: 0
[HDD (BASE 65) ]
TOTAL THIS MO. 102 CLEAR (SCALE 0-3) 19
DPTR FM NORMAL -24 PTCLDY (SCALE 4-7) 11
TOTAL FM JUL 1 102 CLOUDY (SCALE 8-10) 0
DPTR FM NORMAL -51
[CDD (BASE 65) ]
TOTAL THIS MO. 36
DPTR FM NORMAL 14 [PRESSURE DATA]
TOTAL FM JAN 1 1690 HIGHEST SLP 30.19 ON 28
DPTR FM NORMAL 814 LOWEST SLP 29.65 ON 6
[REMARKS]
#FINAL-11-20#