000
CXUS54 KMAF 011210
CF6SNK
PRELIMINARY LOCAL CLIMATOLOGICAL DATA (WS FORM: F-6)
STATION: SNYDER WINSTON FIELD
MONTH: JANUARY
YEAR: 2024
LATITUDE: 32 41 N
LONGITUDE: 100 57 W
TEMPERATURE IN F: :PCPN: SNOW: WIND :SUNSHINE: SKY :PK WND
================================================================================
1 2 3 4 5 6A 6B 7 8 9 10 11 12 13 14 15 16 17 18
12Z AVG MX 2MIN
DY MAX MIN AVG DEP HDD CDD WTR SNW DPTH SPD SPD DIR MIN PSBL S-S WX SPD DR
================================================================================
1 45 28 37 M 28 0 M M M 7.0 15 40 M M 1 M M
2 39 31 35 M 30 0 M M M 3.6 9 60 M M 6 1 M M
3 51 31 41 M 24 0 M M M 3.7 9 170 M M 3 12 M M
4 42 35 39 M 26 0 0.02 M M 11.3 18 160 M M 9 1 25 150
5 51 32 42 M 23 0 M M M 10.0 20 280 M M 0 1 28 280
6 46 32 39 M 26 0 M M M 4.7 12 320 M M 5 M M
7 60 29 45 M 20 0 M M M 13.5 26 160 M M 1 33 180
8 55 33 44 M 21 0 M M M 25.3 35 310 M M 6 8 45 310
9 49 24 37 M 28 0 M M M 11.7 20 330 M M 0 26 310
10 67 31 49 M 16 0 M M M 10.7 23 270 M M 0 28 270
11 68 33 51 M 14 0 M M M 13.5 30 240 M M 2 8 41 240
12 51 24 38 M 27 0 M M M 14.0 24 300 M M 1 33 320
13 60 17 39 M 26 0 M M M 11.1 23 50 M M 0 32 50
14 16 8 12 M 53 0 M M M 12.9 20 40 M M 5 24 40
15 25 7 16 M 49 0 M M M 10.7 23 40 M M 0 32 50
16 27 9 18 M 47 0 M M M 5.8 14 30 M M 0 17 20
17 56 16 36 M 29 0 M M M 12.6 20 220 M M 0 25 220
18 73 32 53 M 12 0 M M M 9.7 25 300 M M 0 8 30 300
19 44 19 32 M 33 0 M M M 14.0 24 30 M M 0 33 20
20 36 17 27 M 38 0 M M M 7.9 13 80 M M 1 18 110
21 40 26 33 M 32 0 M M M 8.0 17 150 M M 8 1 23 200
22 46 38 42 M 23 0 M M M 5.4 8 220 M M 8 12 M M
23 43 34 39 M 26 0 M M M 7.1 13 40 M M 9 12 M M
24 44 39 42 M 23 0 M M M 6.1 12 80 M M 10 12 M M
25 60 40 50 M 15 0 M M M 4.8 8 170 M M 5 1 M M
26 54 43 49 M 16 0 0.42 M M 6.8 17 360 M M 9 13 22 360
27 58 35 47 M 18 0 M M M 9.0 23 360 M M 2 26 360
28 64 37 51 M 14 0 M M M 4.7 10 260 M M 0 17 260
29 66 40 53 M 12 0 M M M 6.1 12 230 M M 0 M M
30 66 42 54 M 11 0 M M M 4.6 7 130 M M 0 M M
31 67 42 55 M 10 0 M M M 5.0 12 150 M M 1 16 170
================================================================================
SM 1569 904 770 0 0.44 M 281.4 M 92
================================================================================
AV 50.6 29.2 9.1 FASTST M M 3 MAX(MPH)
MISC ----> 35 310 45 310
================================================================================
NOTES:
# LAST OF SEVERAL OCCURRENCES
COLUMN 17 PEAK WIND IN M.P.H.
PRELIMINARY LOCAL CLIMATOLOGICAL DATA (WS FORM: F-6) , PAGE 2
STATION: SNYDER WINSTON FIELD
MONTH: JANUARY
YEAR: 2024
LATITUDE: 32 41 N
LONGITUDE: 100 57 W
[TEMPERATURE DATA] [PRECIPITATION DATA] SYMBOLS USED IN COLUMN 16
AVERAGE MONTHLY: 39.9 TOTAL FOR MONTH: 0.44 1 = FOG OR MIST
DPTR FM NORMAL: 0.0 DPTR FM NORMAL: M 2 = FOG REDUCING VISIBILITY
HIGHEST: 73 ON 18 GRTST 24HR 0.42 ON 26-26 TO 1/4 MILE OR LESS
LOWEST: 7 ON 15 3 = THUNDER
SNOW, ICE PELLETS, HAIL 4 = ICE PELLETS
TOTAL MONTH: M 5 = HAIL
GRTST 24HR M ON M 6 = FREEZING RAIN OR DRIZZLE
GRTST DEPTH: M ON M 7 = DUSTSTORM OR SANDSTORM:
VSBY 1/2 MILE OR LESS
8 = SMOKE OR HAZE
[NO. OF DAYS WITH] [WEATHER - DAYS WITH] 9 = BLOWING SNOW
X = TORNADO
MAX 32 OR BELOW: 3 0.01 INCH OR MORE: 2
MAX 90 OR ABOVE: 0 0.10 INCH OR MORE: 1
MIN 32 OR BELOW: 18 0.50 INCH OR MORE: 0
MIN 0 OR BELOW: 0 1.00 INCH OR MORE: 0
[HDD (BASE 65) ]
TOTAL THIS MO. 770 CLEAR (SCALE 0-3) 19
DPTR FM NORMAL M PTCLDY (SCALE 4-7) 8
TOTAL FM JUL 1 1738 CLOUDY (SCALE 8-10) 4
DPTR FM NORMAL M
[CDD (BASE 65) ]
TOTAL THIS MO. 0
DPTR FM NORMAL M [PRESSURE DATA]
TOTAL FM JAN 1 0 HIGHEST SLP M ON M
DPTR FM NORMAL M LOWEST SLP M ON M
[REMARKS]
#FINAL-01-24#