000
CXUS56 KMTR 010900
CF6SNS
PRELIMINARY LOCAL CLIMATOLOGICAL DATA (WS FORM: F-6)
STATION: SALINAS AIRPORT
MONTH: MARCH
YEAR: 2022
LATITUDE: 36 40 N
LONGITUDE: 121 36 W
TEMPERATURE IN F: :PCPN: SNOW: WIND :SUNSHINE: SKY :PK WND
================================================================================
1 2 3 4 5 6A 6B 7 8 9 10 11 12 13 14 15 16 17 18
12Z AVG MX 2MIN
DY MAX MIN AVG DEP HDD CDD WTR SNW DPTH SPD SPD DIR MIN PSBL S-S WX SPD DR
================================================================================
1 75 43 59 5 6 0 0.00 M M 5.9 18 130 M M 0 22 310
2 74 46 60 6 5 0 0.00 M M 5.4 15 300 M M 0 21 300
3 64 44 54 0 11 0 T M M 4.8 13 280 M M 4 15 290
4 57 48 53 -1 12 0 T M M 11.4 30 280 M M 7 18 42 280
5 57 46 52 -2 13 0 0.08 M M 9.5 20 280 M M 5 29 260
6 60 37 49 -5 16 0 0.00 M M 5.7 16 300 M M 4 23 280
7 69 36 53 -1 12 0 0.00 M M 5.2 17 10 M M 0 24 10
8 74 39 57 3 8 0 0.00 M M 8.9 18 300 M M 0 25 300
9 65 39 52 -2 13 0 0.00 M M 9.2 20 260 M M 1 25 270
10 68 44 56 1 9 0 0.00 M M 5.7 16 330 M M 1 32 300
11 74 39 57 2 8 0 0.00 M M 7.1 17 130 M M 0 22 130
12 66 41 54 -1 11 0 0.00 M M 8.3 18 300 M M 2 26 290
13 68 48 58 3 7 0 T M M 6.1 15 280 M M 5 18 20 280
14 75 41 58 3 7 0 0.00 M M 7.6 18 300 M M 1 25 300
15 69 51 60 5 5 0 T M M 5.7 17 290 M M 7 18 22 300
16 68 48 58 3 7 0 0.00 M M 7.7 17 280 M M 1 1 23 300
17 69 46 58 3 7 0 0.00 M M 6.3 17 280 M M 3 18 23 280
18 73 41 57 2 8 0 0.00 M M 5.9 18 300 M M 1 24 300
19 62 50 56 1 9 0 0.15 M M 8.1 20 300 M M 9 18 25 300
20 62 48 55 0 10 0 0.00 M M 10.8 20 260 M M 3 27 260
21 69 46 58 3 7 0 0.00 M M 5.8 17 280 M M 0 22 280
22 85 48 67 12 0 2 0.00 M M 7.6 20 280 M M 0 25 310
23 69 50 60 4 5 0 0.00 M M 7.2 20 290 M M 4 12 24 310
24 65 45 55 -1 10 0 0.00 M M 5.8 18 290 M M 6 12 26 310
25 67 48 58 2 7 0 0.00 M M 7.3 16 290 M M 5 1 21 290
26 67 45 56 0 9 0 0.00 M M 6.9 18 310 M M 2 128 23 300
27 73 51 62 6 3 0 0.23 M M 12.9 35 140 M M 6 1 44 130
28 64 52 58 2 7 0 0.23 M M 10.8 20 150 M M 7 1 26 150
29 58 52 55 -1 10 0 T M M 7.9 15 280 M M 10 1 M M
30 60 51 56 0 9 0 T M M 8.9 16 270 M M 9 1 23 280
31 65 51 58 2 7 0 0.00 M M 8.2 18 280 M M 5 27 300
================================================================================
SM 2091 1414 258 2 0.69 M 234.6 M 108
================================================================================
AV 67.5 45.6 7.6 FASTST M M 3 MAX(MPH)
MISC ----> 35 140 44 130
================================================================================
NOTES:
# LAST OF SEVERAL OCCURRENCES
COLUMN 17 PEAK WIND IN M.P.H.
PRELIMINARY LOCAL CLIMATOLOGICAL DATA (WS FORM: F-6) , PAGE 2
STATION: SALINAS AIRPORT
MONTH: MARCH
YEAR: 2022
LATITUDE: 36 40 N
LONGITUDE: 121 36 W
[TEMPERATURE DATA] [PRECIPITATION DATA] SYMBOLS USED IN COLUMN 16
AVERAGE MONTHLY: 56.5 TOTAL FOR MONTH: 0.69 1 = FOG OR MIST
DPTR FM NORMAL: 1.5 DPTR FM NORMAL: -1.37 2 = FOG REDUCING VISIBILITY
HIGHEST: 85 ON 22 GRTST 24HR 0.46 ON 27-28 TO 1/4 MILE OR LESS
LOWEST: 36 ON 7 3 = THUNDER
SNOW, ICE PELLETS, HAIL 4 = ICE PELLETS
TOTAL MONTH: M 5 = HAIL
GRTST 24HR M ON M 6 = FREEZING RAIN OR DRIZZLE
GRTST DEPTH: M ON M 7 = DUSTSTORM OR SANDSTORM:
VSBY 1/2 MILE OR LESS
8 = SMOKE OR HAZE
[NO. OF DAYS WITH] [WEATHER - DAYS WITH] 9 = BLOWING SNOW
X = TORNADO
MAX 32 OR BELOW: 0 0.01 INCH OR MORE: 4
MAX 90 OR ABOVE: 0 0.10 INCH OR MORE: 3
MIN 32 OR BELOW: 0 0.50 INCH OR MORE: 0
MIN 0 OR BELOW: 0 1.00 INCH OR MORE: 0
[HDD (BASE 65) ]
TOTAL THIS MO. 258 CLEAR (SCALE 0-3) 16
DPTR FM NORMAL -53 PTCLDY (SCALE 4-7) 12
TOTAL FM JUL 1 1517 CLOUDY (SCALE 8-10) 3
DPTR FM NORMAL -567
[CDD (BASE 65) ]
TOTAL THIS MO. 2
DPTR FM NORMAL 1 [PRESSURE DATA]
TOTAL FM JAN 1 14 HIGHEST SLP M ON M
DPTR FM NORMAL 13 LOWEST SLP 29.67 ON 28
[REMARKS]
#FINAL-03-22#