000
CXUS56 KMTR 011100
CF6SNS
PRELIMINARY LOCAL CLIMATOLOGICAL DATA (WS FORM: F-6)
STATION: SALINAS AIRPORT
MONTH: FEBRUARY
YEAR: 2022
LATITUDE: 36 40 N
LONGITUDE: 121 36 W
TEMPERATURE IN F: :PCPN: SNOW: WIND :SUNSHINE: SKY :PK WND
================================================================================
1 2 3 4 5 6A 6B 7 8 9 10 11 12 13 14 15 16 17 18
12Z AVG MX 2MIN
DY MAX MIN AVG DEP HDD CDD WTR SNW DPTH SPD SPD DIR MIN PSBL S-S WX SPD DR
================================================================================
1 64 39 52 -1 13 0 0.00 M M 5.9 16 340 M M 0 18 21 350
2 66 34 50 -3 15 0 0.00 M M 5.9 20 340 M M 0 26 340
3 68 35 52 -1 13 0 0.00 M M 6.7 15 280 M M 0 18 310
4 71 40 56 3 9 0 0.00 M M 7.7 17 120 M M 0 20 140
5 71 38 55 2 10 0 0.00 M M 5.6 16 130 M M 0 20 140
6 74 42 58 5 7 0 0.00 M M 5.5 15 120 M M 0 19 130
7 73 43 58 5 7 0 0.00 M M 6.3 16 130 M M 0 19 140
8 79 41 60 7 5 0 0.00 M M 7.4 16 120 M M 0 20 120
9 83 48 66 13 0 1 0.00 M M 7.9 20 130 M M 0 23 130
10 87 48 68 15 0 3 0.00 M M 8.5 18 130 M M 0 22 130
11 85 47 66 13 0 1 0.00 M M 7.7 21 130 M M 0 27 130
12 88 51 70 17 0 5 0.00 M M 10.1 20 120 M M 0 24 110
13 84 49 67 14 0 2 0.00 M M 9.2 17 130 M M 2 1 21 120
14 56 48 52 -1 13 0 0.00 M M 7.2 16 260 M M 9 1 21 260
15 63 42 53 0 12 0 0.00 M M 7.8 21 270 M M 0 27 270
16 67 38 53 0 12 0 0.00 M M 4.5 15 260 M M 0 21 300
17 71 39 55 2 10 0 0.00 M M 6.5 17 140 M M 0 22 120
18 73 40 57 4 8 0 0.00 M M 5.8 17 130 M M 0 23 130
19 75 43 59 6 6 0 0.00 M M 6.5 20 320 M M 0 128 24 320
20 57 39 48 -5 17 0 0.00 M M 7.5 18 250 M M 7 128 27 290
21 59 43 51 -2 14 0 T M M 8.8 21 280 M M 4 28 290
22 55 39 47 -6 18 0 0.07 M M 9.0 24 260 M M 5 1 34 280
23 56 33 45 -9 20 0 0.00 M M 4.4 20 270 M M 1 26 270
24 60 32 46 -8 19 0 0.00 M M 7.2 17 290 M M 0 24 290
25 64 33 49 -5 16 0 0.00 M M 6.1 18 290 M M 0 23 290
26 67 36 52 -2 13 0 0.00 M M 7.6 18 130 M M 0 23 130
27 72 39 56 2 9 0 0.00 M M 5.1 16 310 M M 0 22 290
28 81 44 63 9 2 0 0.00 M M 5.7 22 290 M M 0 31 290
================================================================================
SM 1969 1143 268 12 0.07 M 194.1 M 28
================================================================================
AV 70.3 40.8 6.9 FASTST M M 1 MAX(MPH)
MISC ----> 24 260 34 280
================================================================================
NOTES:
# LAST OF SEVERAL OCCURRENCES
COLUMN 17 PEAK WIND IN M.P.H.
PRELIMINARY LOCAL CLIMATOLOGICAL DATA (WS FORM: F-6) , PAGE 2
STATION: SALINAS AIRPORT
MONTH: FEBRUARY
YEAR: 2022
LATITUDE: 36 40 N
LONGITUDE: 121 36 W
[TEMPERATURE DATA] [PRECIPITATION DATA] SYMBOLS USED IN COLUMN 16
AVERAGE MONTHLY: 55.6 TOTAL FOR MONTH: 0.07 1 = FOG OR MIST
DPTR FM NORMAL: 2.5 DPTR FM NORMAL: -2.35 2 = FOG REDUCING VISIBILITY
HIGHEST: 88 ON 12 GRTST 24HR 0.07 ON 21-22 TO 1/4 MILE OR LESS
LOWEST: 32 ON 24 3 = THUNDER
SNOW, ICE PELLETS, HAIL 4 = ICE PELLETS
TOTAL MONTH: M 5 = HAIL
GRTST 24HR M ON M 6 = FREEZING RAIN OR DRIZZLE
GRTST DEPTH: M ON M 7 = DUSTSTORM OR SANDSTORM:
VSBY 1/2 MILE OR LESS
8 = SMOKE OR HAZE
[NO. OF DAYS WITH] [WEATHER - DAYS WITH] 9 = BLOWING SNOW
X = TORNADO
MAX 32 OR BELOW: 0 0.01 INCH OR MORE: 1
MAX 90 OR ABOVE: 0 0.10 INCH OR MORE: 0
MIN 32 OR BELOW: 1 0.50 INCH OR MORE: 0
MIN 0 OR BELOW: 0 1.00 INCH OR MORE: 0
[HDD (BASE 65) ]
TOTAL THIS MO. 268 CLEAR (SCALE 0-3) 24
DPTR FM NORMAL -66 PTCLDY (SCALE 4-7) 3
TOTAL FM JUL 1 1259 CLOUDY (SCALE 8-10) 1
DPTR FM NORMAL -512
[CDD (BASE 65) ]
TOTAL THIS MO. 12
DPTR FM NORMAL 12 [PRESSURE DATA]
TOTAL FM JAN 1 12 HIGHEST SLP 30.46 ON 4
DPTR FM NORMAL 12 LOWEST SLP 29.90 ON 15
[REMARKS]
#FINAL-02-22#