000
CXUS56 KMTR 042012
CF6SNS
PRELIMINARY LOCAL CLIMATOLOGICAL DATA (WS FORM: F-6)
STATION: SALINAS AIRPORT
MONTH: AUGUST
YEAR: 2020
LATITUDE: 36 40 N
LONGITUDE: 121 36 W
TEMPERATURE IN F: :PCPN: SNOW: WIND :SUNSHINE: SKY :PK WND
================================================================================
1 2 3 4 5 6A 6B 7 8 9 10 11 12 13 14 15 16 17 18
12Z AVG MX 2MIN
DY MAX MIN AVG DEP HDD CDD WTR SNW DPTH SPD SPD DIR MIN PSBL S-S WX SPD DR
================================================================================
1 73 57 65 2 0 0 T M M 10.4 18 300 M M 6 18 22 310
2 73 55 64 1 1 0 0.00 M M 9.5 20 310 M M 4 18 25 290
3 76 59 68 5 0 3 0.00 M M 10.2 18 320 M M 2 23 310
4 69 61 65 2 0 0 0.00 M M 11.0 18 290 M M 10 24 280
5 71 62 67 4 0 2 0.00 M M 13.2 22 280 M M 10 26 270
6 72 62 67 4 0 2 T M M 11.1 20 270 M M 7 18 25 280
7 73 60 67 3 0 2 0.00 M M 9.5 17 310 M M 6 22 300
8 73 59 66 2 0 1 0.00 M M 7.7 18 330 M M 6 18 24 330
9 77 M M M M M 0.00 M M 9.1 20 320 M M 6 18 24 320
10 72 61 67 3 0 2 0.00 M M 8.2 21 330 M M 7 18 26 330
11 72 60 66 2 0 1 0.00 M M 7.5 16 320 M M 6 18 23 330
12 78 60 69 5 0 4 0.00 M M 7.0 17 330 M M 6 18 24 310
13 87 60 74 10 0 9 T M M 5.9 17 310 M M 3 18 20 300
14 M M M M M M 0.00 M M 8.3 17 340 M M 0 21 340
15 96 64 80 16 0 15 0.00 M M 6.8 18 310 M M 0 22 300
16 98 67 83 19 0 18 T M M 10.2 22 300 M M 0 3 26 290
17 91 65 78 14 0 13 0.00 M M 8.3 24 310 M M 1 30 310
18 M 64 M M M M 0.00 M M 8.0 16 350 M M 1 8 22 330
19 80 63 72 8 0 7 0.00 M M 7.5 16 340 M M 7 8 20 290
20 74 60 67 3 0 2 0.00 M M 9.6 16 310 M M 9 18 21 300
21 80 60 70 6 0 5 0.00 M M 7.8 16 290 M M 8 128 20 290
22 79 56 68 4 0 3 0.00 M M 5.8 17 320 M M 5 128 20 300
23 76 56 66 2 0 1 T M M 5.8 18 310 M M 2 18 21 310
24 80 60 70 6 0 5 0.00 M M 6.6 17 320 M M 1 18 24 320
25 74 59 67 3 0 2 0.00 M M 7.5 16 340 M M 8 18 21 320
26 67 57 62 -2 3 0 0.00 M M 9.0 17 290 M M 9 18 20 300
27 68 55 62 -2 3 0 0.00 M M 8.4 18 310 M M 7 18 23 310
28 68 56 62 -2 3 0 0.00 M M 7.0 18 310 M M 8 18 22 310
29 67 56 62 -2 3 0 0.00 M M 6.6 18 340 M M 9 18 23 320
30 68 56 62 -2 3 0 0.00 M M 7.0 18 320 M M 7 18 23 310
31 69 56 63 -2 2 0 0.00 M M 8.2 18 320 M M 6 18 23 310
================================================================================
SM 2201 1726 18 97 T M 258.7 M 167
================================================================================
AV 75.9 59.5 8.3 FASTST M M 5 MAX(MPH)
MISC ----> 24 310 30 310
================================================================================
NOTES:
# LAST OF SEVERAL OCCURRENCES
COLUMN 17 PEAK WIND IN M.P.H.
PRELIMINARY LOCAL CLIMATOLOGICAL DATA (WS FORM: F-6) , PAGE 2
STATION: SALINAS AIRPORT
MONTH: AUGUST
YEAR: 2020
LATITUDE: 36 40 N
LONGITUDE: 121 36 W
[TEMPERATURE DATA] [PRECIPITATION DATA] SYMBOLS USED IN COLUMN 16
AVERAGE MONTHLY: 67.7 TOTAL FOR MONTH: T 1 = FOG OR MIST
DPTR FM NORMAL: 3.8 DPTR FM NORMAL: -0.03 2 = FOG REDUCING VISIBILITY
HIGHEST: 98 ON 16 GRTST 24HR T ON 1- 1 TO 1/4 MILE OR LESS
LOWEST: 55 ON 27, 2 3 = THUNDER
SNOW, ICE PELLETS, HAIL 4 = ICE PELLETS
TOTAL MONTH: M 5 = HAIL
GRTST 24HR M ON M 6 = FREEZING RAIN OR DRIZZLE
GRTST DEPTH: M ON M 7 = DUSTSTORM OR SANDSTORM:
VSBY 1/2 MILE OR LESS
8 = SMOKE OR HAZE
[NO. OF DAYS WITH] [WEATHER - DAYS WITH] 9 = BLOWING SNOW
X = TORNADO
MAX 32 OR BELOW: 0 0.01 INCH OR MORE: 0
MAX 90 OR ABOVE: 3 0.10 INCH OR MORE: 0
MIN 32 OR BELOW: 0 0.50 INCH OR MORE: 0
MIN 0 OR BELOW: 0 1.00 INCH OR MORE: 0
[HDD (BASE 65) ]
TOTAL THIS MO. 18 CLEAR (SCALE 0-3) 9
DPTR FM NORMAL -39 PTCLDY (SCALE 4-7) 17
TOTAL FM JUL 1 31 CLOUDY (SCALE 8-10) 5
DPTR FM NORMAL -109
[CDD (BASE 65) ]
TOTAL THIS MO. 97
DPTR FM NORMAL 74 [PRESSURE DATA]
TOTAL FM JAN 1 169 HIGHEST SLP 30.10 ON 2
DPTR FM NORMAL 100 LOWEST SLP 29.83 ON 27
[REMARKS]
#FINAL-08-20#