000
CXUS52 KTBW 011245
CF6SRQ
PRELIMINARY LOCAL CLIMATOLOGICAL DATA (WS FORM: F-6)
STATION: SARASOTA BRADENTON
MONTH: FEBRUARY
YEAR: 2022
LATITUDE: 27 23 N
LONGITUDE: 82 33 W
TEMPERATURE IN F: :PCPN: SNOW: WIND :SUNSHINE: SKY :PK WND
================================================================================
1 2 3 4 5 6A 6B 7 8 9 10 11 12 13 14 15 16 17 18
12Z AVG MX 2MIN
DY MAX MIN AVG DEP HDD CDD WTR SNW DPTH SPD SPD DIR MIN PSBL S-S WX SPD DR
================================================================================
1 76 42 59 -4 6 0 0.00 0.0 0 9.2 21 120 M M 0 25 100
2 83 53 68 5 0 3 0.00 0.0 0 11.8 24 120 M M 1 31 130
3 84 62 73 10 0 8 0.00 0.0 0 12.3 23 150 M M 0 27 170
4 81 64 73 10 0 8 0.00 0.0 0 11.3 23 180 M M 2 29 180
5 69 58 64 0 1 0 T 0.0 0 9.5 18 10 M M 10 8 22 10
6 66 55 61 -3 4 0 0.00 0.0 0 6.7 13 320 M M 10 16 310
7 72 55 64 0 1 0 0.00 0.0 0 7.6 18 330 M M 6 23 330
8 57 53 55 -9 10 0 0.43 0.0 0 8.0 14 10 M M 8 1 17 360
9 67 50 59 -5 6 0 0.08 0.0 0 8.6 16 330 M M 3 21 340
10 71 44 58 -6 7 0 0.00 0.0 0 7.6 16 20 M M 0 21 40
11 75 51 63 -1 2 0 0.00 0.0 0 6.7 13 70 M M 0 15 60
12 79 51 65 1 0 0 T 0.0 0 5.1 14 280 M M 1 1 20 260
13 69 58 64 -1 1 0 0.20 0.0 0 9.6 22 320 M M 6 30 320
14 64 48 56 -9 9 0 0.00 0.0 0 10.1 21 360 M M 0 26 10
15 76 45 61 -4 4 0 0.00 0.0 0 9.4 22 110 M M 1 26 80
16 83 58 71 6 0 6 0.00 0.0 0 11.5 24 120 M M 0 31 110
17 85 65 75 10 0 10 0.00 0.0 0 12.8 22 170 M M 2 26 140
18 76 65 71 6 0 6 0.00 0.0 0 7.1 14 210 M M 8 128 19 230
19 76 59 68 3 0 3 T 0.0 0 6.8 16 320 M M 6 12 21 340
20 82 51 67 1 0 2 0.00 0.0 0 8.6 20 90 M M 0 24 110
21 83 59 71 5 0 6 0.00 0.0 0 7.6 17 110 M M 1 20 110
22 84 62 73 7 0 8 0.00 0.0 0 8.1 16 130 M M 2 22 100
23 84 64 74 8 0 9 0.00 0.0 0 6.1 13 240 M M 3 12 15 140
24 83 64 74 8 0 9 0.00 0.0 0 6.6 13 220 M M 0 15 130
25 80 62 71 5 0 6 0.00 0.0 0 6.7 13 320 M M 1 17 260
26 81 62 72 6 0 7 0.00 0.0 0 7.1 16 270 M M 1 22 260
27 78 61 70 4 0 5 0.00 0.0 0 6.6 14 220 M M 0 18 230
28 74 59 67 1 0 2 0.00 0.0 0 7.5 20 320 M M 4 1 23 320
================================================================================
SM 2138 1580 51 98 0.71 0.0 236.6 M 76
================================================================================
AV 76.4 56.4 8.5 FASTST M M 3 MAX(MPH)
MISC ----> # 24 120 # 31 130
================================================================================
NOTES:
# LAST OF SEVERAL OCCURRENCES
COLUMN 17 PEAK WIND IN M.P.H.
PRELIMINARY LOCAL CLIMATOLOGICAL DATA (WS FORM: F-6) , PAGE 2
STATION: SARASOTA BRADENTON
MONTH: FEBRUARY
YEAR: 2022
LATITUDE: 27 23 N
LONGITUDE: 82 33 W
[TEMPERATURE DATA] [PRECIPITATION DATA] SYMBOLS USED IN COLUMN 16
AVERAGE MONTHLY: 66.4 TOTAL FOR MONTH: 0.71 1 = FOG OR MIST
DPTR FM NORMAL: 1.6 DPTR FM NORMAL: -1.21 2 = FOG REDUCING VISIBILITY
HIGHEST: 85 ON 17 GRTST 24HR 0.51 ON 8- 9 TO 1/4 MILE OR LESS
LOWEST: 42 ON 1 3 = THUNDER
SNOW, ICE PELLETS, HAIL 4 = ICE PELLETS
TOTAL MONTH: 0.0 INCH 5 = HAIL
GRTST 24HR 0.0 6 = FREEZING RAIN OR DRIZZLE
GRTST DEPTH: 0 7 = DUSTSTORM OR SANDSTORM:
VSBY 1/2 MILE OR LESS
8 = SMOKE OR HAZE
[NO. OF DAYS WITH] [WEATHER - DAYS WITH] 9 = BLOWING SNOW
X = TORNADO
MAX 32 OR BELOW: 0 0.01 INCH OR MORE: 3
MAX 90 OR ABOVE: 0 0.10 INCH OR MORE: 2
MIN 32 OR BELOW: 0 0.50 INCH OR MORE: 0
MIN 0 OR BELOW: 0 1.00 INCH OR MORE: 0
[HDD (BASE 65) ]
TOTAL THIS MO. 51 CLEAR (SCALE 0-3) 20
DPTR FM NORMAL -31 PTCLDY (SCALE 4-7) 5
TOTAL FM JUL 1 241 CLOUDY (SCALE 8-10) 3
DPTR FM NORMAL -107
[CDD (BASE 65) ]
TOTAL THIS MO. 98
DPTR FM NORMAL 23 [PRESSURE DATA]
TOTAL FM JAN 1 149 HIGHEST SLP 30.42 ON 15
DPTR FM NORMAL 14 LOWEST SLP 29.96 ON 28
[REMARKS]
#FINAL-02-22#