000
CXUS56 KMTR 171751
CF6STS
PRELIMINARY LOCAL CLIMATOLOGICAL DATA (WS FORM: F-6)
STATION: SANTA ROSA AIRPORT
MONTH: OCTOBER
YEAR: 2020
LATITUDE: 38 30 N
LONGITUDE: 122 49 W
TEMPERATURE IN F: :PCPN: SNOW: WIND :SUNSHINE: SKY :PK WND
================================================================================
1 2 3 4 5 6A 6B 7 8 9 10 11 12 13 14 15 16 17 18
12Z AVG MX 2MIN
DY MAX MIN AVG DEP HDD CDD WTR SNW DPTH SPD SPD DIR MIN PSBL S-S WX SPD DR
================================================================================
1 92 54 73 9 0 8 0.00 M M 1.0 6 170 M M 9 8 6 180
2 97 52 75 11 0 10 0.00 M M 2.3 8 160 M M 6 8 10 160
3 105 47 76 12 0 11 0.00 M M 5.1 24 330 M M 0 8 32 340
4 88 45 67 4 0 2 0.00 M M 4.4 15 140 M M 0 128 19 150
5 91 45 68 5 0 3 0.00 M M 2.7 10 160 M M 4 128 13 200
6 90 41 66 3 0 1 0.00 M M 3.6 13 150 M M 3 128 17 150
7 78 48 63 0 2 0 0.00 M M 4.6 15 130 M M 5 128 17 150
8 69 50 60 -3 5 0 0.00 M M 3.6 12 160 M M 7 18 15 150
9 74 53 64 2 1 0 0.00 M M 5.0 13 190 M M 5 18 16 210
10 69 50 60 -2 5 0 T M M 1.9 8 180 M M 8 128 12 170
11 86 43 65 3 0 0 0.00 M M 4.2 15 340 M M 3 12 19 350
12 90 46 68 6 0 3 0.00 M M 2.3 12 350 M M 0 14 10
13 93 48 71 9 0 6 0.00 M M 4.0 17 330 M M 0 21 330
14 96 64 80 19 0 15 0.00 M M 9.2 15 360 M M 0 18 340
15 98 51 75 14 0 10 0.00 M M 3.1 12 170 M M 0 14 360
16 101 48 75 14 0 10 0.00 M M 2.4 9 230 M M 0 13 200
17 98 47 73 12 0 8 0.00 M M 2.4 16 250 M M 0 20 250
18 92 47 70 10 0 5 0.00 M M 3.1 15 140 M M 0 17 140
19 86 45 66 6 0 1 0.00 M M 2.5 10 160 M M 0 13 160
20 91 43 67 7 0 2 0.00 M M 3.2 13 260 M M 0 1 17 250
21 89 45 67 7 0 2 0.00 M M 2.6 12 180 M M 0 14 190
22 80 45 63 4 2 0 0.00 M M 4.6 12 150 M M 0 12 14 180
23 73 45 59 0 6 0 0.00 M M 3.5 13 180 M M 5 128 16 190
24 65 47 56 -3 9 0 0.00 M M 2.9 12 230 M M 7 12 14 210
25 76 53 65 6 0 0 0.00 M M 7.6 35 20 M M 4 40 10
26 81 54 68 10 0 3 0.00 M M 13.8 29 30 M M 0 41 30
27 87 44 66 8 0 1 0.00 M M 5.0 14 170 M M 0 19 180
28 82 35 59 1 6 0 0.00 M M 2.5 12 190 M M 0 15 210
29 81 35 58 0 7 0 0.00 M M 1.7 9 220 M M 0 11 210
30 78 36 57 0 8 0 0.00 M M 2.2 10 180 M M 2 12 13 170
31 83 35 59 2 6 0 0.00 M M 2.2 9 190 M M 2 12 12 180
================================================================================
SM 2659 1441 57 101 T M 119.2 M 70
================================================================================
AV 85.8 46.5 3.8 FASTST M M 2 MAX(MPH)
MISC ----> 35 20 41 30
================================================================================
NOTES:
# LAST OF SEVERAL OCCURRENCES
COLUMN 17 PEAK WIND IN M.P.H.
PRELIMINARY LOCAL CLIMATOLOGICAL DATA (WS FORM: F-6) , PAGE 2
STATION: SANTA ROSA AIRPORT
MONTH: OCTOBER
YEAR: 2020
LATITUDE: 38 30 N
LONGITUDE: 122 49 W
[TEMPERATURE DATA] [PRECIPITATION DATA] SYMBOLS USED IN COLUMN 16
AVERAGE MONTHLY: 66.1 TOTAL FOR MONTH: T 1 = FOG OR MIST
DPTR FM NORMAL: 5.4 DPTR FM NORMAL: -2.03 2 = FOG REDUCING VISIBILITY
HIGHEST: 105 ON 3 GRTST 24HR T ON 30- 1 TO 1/4 MILE OR LESS
LOWEST: 35 ON 31,29 3 = THUNDER
SNOW, ICE PELLETS, HAIL 4 = ICE PELLETS
TOTAL MONTH: M 5 = HAIL
GRTST 24HR M ON M 6 = FREEZING RAIN OR DRIZZLE
GRTST DEPTH: M ON M 7 = DUSTSTORM OR SANDSTORM:
VSBY 1/2 MILE OR LESS
8 = SMOKE OR HAZE
[NO. OF DAYS WITH] [WEATHER - DAYS WITH] 9 = BLOWING SNOW
X = TORNADO
MAX 32 OR BELOW: 0 0.01 INCH OR MORE: 0
MAX 90 OR ABOVE: 13 0.10 INCH OR MORE: 0
MIN 32 OR BELOW: 0 0.50 INCH OR MORE: 0
MIN 0 OR BELOW: 0 1.00 INCH OR MORE: 0
[HDD (BASE 65) ]
TOTAL THIS MO. 57 CLEAR (SCALE 0-3) 21
DPTR FM NORMAL -95 PTCLDY (SCALE 4-7) 9
TOTAL FM JUL 1 82 CLOUDY (SCALE 8-10) 1
DPTR FM NORMAL -148
[CDD (BASE 65) ]
TOTAL THIS MO. 101
DPTR FM NORMAL 82 [PRESSURE DATA]
TOTAL FM JAN 1 729 HIGHEST SLP 30.16 ON 26
DPTR FM NORMAL 357 LOWEST SLP 29.73 ON 21
[REMARKS]
#FINAL-10-20#