000
CXUS53 KLSX 011400
CF6SUS
PRELIMINARY LOCAL CLIMATOLOGICAL DATA (WS FORM: F-6)
STATION: SPIRIT OF ST LOUIS MO
MONTH: APRIL
YEAR: 2022
LATITUDE: 38 39 N
LONGITUDE: 90 38 W
TEMPERATURE IN F: :PCPN: SNOW: WIND :SUNSHINE: SKY :PK WND
================================================================================
1 2 3 4 5 6A 6B 7 8 9 10 11 12 13 14 15 16 17 18
12Z AVG MX 2MIN
DY MAX MIN AVG DEP HDD CDD WTR SNW DPTH SPD SPD DIR MIN PSBL S-S WX SPD DR
================================================================================
1 54 30 42 -9 23 0 0.00 0.0 0 5.4 14 300 M M 2 20 300
2 67 37 52 0 13 0 0.00 0.0 0 9.9 28 320 M M 2 44 310
3 69 31 50 -2 15 0 0.01 0.0 0 4.3 13 130 M M 2 1 24 100
4 68 51 60 8 5 0 0.01 0.0 0 7.9 18 190 M M 4 27 180
5 72 50 61 8 4 0 0.41 0.0 0 7.0 17 290 M M 8 1 24 180
6 65 47 56 3 9 0 0.17 0.0 0 14.6 30 240 M M 7 1 41 290
7 52 38 45 -9 20 0 0.03 0.0 0 13.6 30 310 M M 7 1 42 240
8 44 36 40 -14 25 0 0.02 M M 12.5 23 290 M M 10 18 33 300
9 61 30 46 -8 19 0 0.00 0.0 0 5.5 20 320 M M 0 25 310
10 80 44 62 8 3 0 0.00 0.0 0 10.3 24 180 M M 2 39 200
11 71 48 60 5 5 0 0.27 0.0 0 2.9 16 310 M M 9 138 22 320
12 79 45 62 7 3 0 0.01 0.0 0 10.1 23 190 M M 5 12 37 180
13 73 38 56 0 9 0 0.89 0.0 0 12.1 26 280 M M 8 138 38 280
14 64 35 50 -6 15 0 0.00 0.0 0 9.4 29 280 M M 0 8 38 280
15 69 39 54 -2 11 0 0.01 0.0 0 7.3 23 200 M M 3 36 220
16 60 42 51 -6 14 0 0.00 0.0 0 8.1 17 330 M M 0 23 330
17 54 41 48 -9 17 0 0.26 0.0 0 9.0 17 90 M M 7 1 25 60
18 55 37 46 -11 19 0 0.00 0.0 0 13.2 29 310 M M 5 37 320
19 60 29 45 -13 20 0 0.02 0.0 0 4.2 10 100 M M 2 17 110
20 65 47 56 -2 9 0 0.37 0.0 0 9.6 25 170 M M 10 18 38 200
21 77 55 66 8 0 1 0.01 0.0 0 6.4 16 100 M M 5 18 25 90
22 87 67 77 18 0 12 T 0.0 0 10.6 24 190 M M 5 8 36 200
23 87 71 79 20 0 14 0.00 0.0 0 14.2 28 190 M M 0 39 200
24 78 59 69 10 0 4 0.82 0.0 0 8.6 21 290 M M 8 138 34 210
25 60 44 52 -8 13 0 0.04 0.0 0 9.8 21 290 M M 4 29 300
26 62 35 49 -11 16 0 0.00 0.0 0 5.2 17 330 M M 0 22 340
27 78 37 58 -2 7 0 0.00 0.0 0 5.8 15 230 M M 0 23 210
28 72 55 64 4 1 0 0.08 0.0 0 3.1 13 170 M M 9 17 180
29 70 55 63 2 2 0 0.19 0.0 0 7.9 24 90 M M 6 3 34 90
30 82 59 71 10 0 6 0.07 0.0 0 12.2 24 290 M M 5 13 35 210
================================================================================
SM 2035 1332 297 37 3.69 0.0 260.7 M 135
================================================================================
AV 67.8 44.4 8.7 FASTST M M 5 MAX(MPH)
MISC ----> # 30 240 44 310
================================================================================
NOTES:
# LAST OF SEVERAL OCCURRENCES
COLUMN 17 PEAK WIND IN M.P.H.
PRELIMINARY LOCAL CLIMATOLOGICAL DATA (WS FORM: F-6) , PAGE 2
STATION: SPIRIT OF ST LOUIS MO
MONTH: APRIL
YEAR: 2022
LATITUDE: 38 39 N
LONGITUDE: 90 38 W
[TEMPERATURE DATA] [PRECIPITATION DATA] SYMBOLS USED IN COLUMN 16
AVERAGE MONTHLY: 56.1 TOTAL FOR MONTH: 3.69 1 = FOG OR MIST
DPTR FM NORMAL: -0.3 DPTR FM NORMAL: -0.89 2 = FOG REDUCING VISIBILITY
HIGHEST: 87 ON 23,22 GRTST 24HR 0.89 ON 13-13 TO 1/4 MILE OR LESS
LOWEST: 29 ON 19 3 = THUNDER
SNOW, ICE PELLETS, HAIL 4 = ICE PELLETS
TOTAL MONTH: 0.0 INCH 5 = HAIL
GRTST 24HR 0.0 6 = FREEZING RAIN OR DRIZZLE
GRTST DEPTH: 0 7 = DUSTSTORM OR SANDSTORM:
VSBY 1/2 MILE OR LESS
8 = SMOKE OR HAZE
[NO. OF DAYS WITH] [WEATHER - DAYS WITH] 9 = BLOWING SNOW
X = TORNADO
MAX 32 OR BELOW: 0 0.01 INCH OR MORE: 19
MAX 90 OR ABOVE: 0 0.10 INCH OR MORE: 8
MIN 32 OR BELOW: 4 0.50 INCH OR MORE: 2
MIN 0 OR BELOW: 0 1.00 INCH OR MORE: 0
[HDD (BASE 65) ]
TOTAL THIS MO. 297 CLEAR (SCALE 0-3) 12
DPTR FM NORMAL 9 PTCLDY (SCALE 4-7) 14
TOTAL FM JUL 1 4231 CLOUDY (SCALE 8-10) 4
DPTR FM NORMAL -325
[CDD (BASE 65) ]
TOTAL THIS MO. 37
DPTR FM NORMAL 9 [PRESSURE DATA]
TOTAL FM JAN 1 37 HIGHEST SLP 30.43 ON 26
DPTR FM NORMAL 3 LOWEST SLP 29.45 ON 5
[REMARKS]
#FINAL-04-22#