000
CXUS53 KLSX 011500
CF6SUS
PRELIMINARY LOCAL CLIMATOLOGICAL DATA (WS FORM: F-6)
STATION: SPIRIT OF ST LOUIS MO
MONTH: NOVEMBER
YEAR: 2020
LATITUDE: 38 39 N
LONGITUDE: 90 38 W
TEMPERATURE IN F: :PCPN: SNOW: WIND :SUNSHINE: SKY :PK WND
================================================================================
1 2 3 4 5 6A 6B 7 8 9 10 11 12 13 14 15 16 17 18
12Z AVG MX 2MIN
DY MAX MIN AVG DEP HDD CDD WTR SNW DPTH SPD SPD DIR MIN PSBL S-S WX SPD DR
================================================================================
1 55 26 41 -11 24 0 0.00 0.0 0 12.4 25 300 M M 0 34 320
2 61 21 41 -11 24 0 0.00 0.0 0 3.1 15 240 M M 0 23 210
3 78 35 57 6 8 0 0.00 0.0 0 4.2 15 190 M M 0 20 190
4 80 40 60 9 5 0 0.00 0.0 0 5.8 17 240 M M 1 8 23 200
5 77 46 62 12 3 0 0.00 0.0 0 2.4 13 240 M M 0 18 240
6 76 42 59 9 6 0 0.00 0.0 0 3.2 10 210 M M 0 8 16 230
7 77 40 59 9 6 0 0.00 0.0 0 3.6 14 140 M M 1 18 20 200
8 76 49 63 14 2 0 0.00 0.0 0 5.6 17 170 M M 4 18 25 180
9 79 53 66 17 0 1 0.00 0.0 0 6.9 17 160 M M 3 1 29 210
10 77 43 60 12 5 0 0.28 0.0 0 10.9 41 250 M M 8 18 58 250
11 54 32 43 -5 22 0 0.00 0.0 0 3.6 14 300 M M 1 19 310
12 60 29 45 -2 20 0 0.00 0.0 0 3.5 15 290 M M 2 18 23 280
13 50 29 40 -7 25 0 0.00 0.0 0 6.0 25 320 M M 1 36 320
14 60 38 49 3 16 0 1.41 0.0 0 8.5 28 260 M M 8 138 40 250
15 59 33 46 0 19 0 T 0.0 0 16.1 29 270 M M 3 43 280
16 65 28 47 2 18 0 0.00 0.0 0 8.1 24 240 M M 0 33 220
17 49 33 41 -4 24 0 0.00 0.0 0 5.1 15 320 M M 1 21 300
18 60 29 45 1 20 0 0.00 0.0 0 7.9 18 170 M M 0 28 180
19 75 55 65 21 0 0 0.00 0.0 0 13.0 28 220 M M 0 47 210
20 68 49 59 16 6 0 0.03 0.0 0 8.5 17 200 M M 8 1 26 200
21 50 43 47 4 18 0 0.95 0.0 0 8.5 20 50 M M 10 18 29 40
22 50 37 44 2 21 0 0.14 0.0 0 6.9 14 330 M M 7 18 20 320
23 46 30 38 -4 27 0 0.00 0.0 0 3.0 13 80 M M 6 128 16 80
24 59 43 51 10 14 0 0.53 0.0 0 6.7 16 170 M M 9 1 23 180
25 54 45 50 9 15 0 0.23 0.0 0 8.6 23 90 M M 10 1 32 90
26 54 35 45 5 20 0 0.00 0.0 0 4.5 12 200 M M 6 1 17 240
27 55 30 43 3 22 0 0.00 0.0 0 3.9 16 320 M M 4 18 21 330
28 56 26 41 1 24 0 0.00 0.0 0 1.2 7 250 M M 1 12 8 230
29 50 30 40 1 25 0 T 0.0 0 7.0 25 330 M M 5 39 350
30 38 25 32 -7 33 0 T M M 14.0 25 320 M M 9 36 300
================================================================================
SM 1848 1094 472 1 3.57 0.0 202.7 M 108
================================================================================
AV 61.6 36.5 6.8 FASTST M M 4 MAX(MPH)
MISC ----> 41 250 58 250
================================================================================
NOTES:
# LAST OF SEVERAL OCCURRENCES
COLUMN 17 PEAK WIND IN M.P.H.
PRELIMINARY LOCAL CLIMATOLOGICAL DATA (WS FORM: F-6) , PAGE 2
STATION: SPIRIT OF ST LOUIS MO
MONTH: NOVEMBER
YEAR: 2020
LATITUDE: 38 39 N
LONGITUDE: 90 38 W
[TEMPERATURE DATA] [PRECIPITATION DATA] SYMBOLS USED IN COLUMN 16
AVERAGE MONTHLY: 49.0 TOTAL FOR MONTH: 3.57 1 = FOG OR MIST
DPTR FM NORMAL: 3.5 DPTR FM NORMAL: -0.24 2 = FOG REDUCING VISIBILITY
HIGHEST: 80 ON 4 GRTST 24HR 1.42 ON 14-14 TO 1/4 MILE OR LESS
LOWEST: 21 ON 2 3 = THUNDER
SNOW, ICE PELLETS, HAIL 4 = ICE PELLETS
TOTAL MONTH: 0.0 INCH 5 = HAIL
GRTST 24HR 0.0 6 = FREEZING RAIN OR DRIZZLE
GRTST DEPTH: 0 7 = DUSTSTORM OR SANDSTORM:
VSBY 1/2 MILE OR LESS
8 = SMOKE OR HAZE
[NO. OF DAYS WITH] [WEATHER - DAYS WITH] 9 = BLOWING SNOW
X = TORNADO
MAX 32 OR BELOW: 0 0.01 INCH OR MORE: 7
MAX 90 OR ABOVE: 0 0.10 INCH OR MORE: 6
MIN 32 OR BELOW: 12 0.50 INCH OR MORE: 3
MIN 0 OR BELOW: 0 1.00 INCH OR MORE: 1
[HDD (BASE 65) ]
TOTAL THIS MO. 472 CLEAR (SCALE 0-3) 15
DPTR FM NORMAL -117 PTCLDY (SCALE 4-7) 10
TOTAL FM JUL 1 875 CLOUDY (SCALE 8-10) 5
DPTR FM NORMAL -44
[CDD (BASE 65) ]
TOTAL THIS MO. 1
DPTR FM NORMAL -1 [PRESSURE DATA]
TOTAL FM JAN 1 1410 HIGHEST SLP 30.61 ON 17
DPTR FM NORMAL 49 LOWEST SLP 29.52 ON 15
[REMARKS]
#FINAL-11-20#