000
CXUS53 KLSX 011400
CF6SUS
PRELIMINARY LOCAL CLIMATOLOGICAL DATA (WS FORM: F-6)
STATION: SPIRIT OF ST LOUIS MO
MONTH: MARCH
YEAR: 2020
LATITUDE: 38 39 N
LONGITUDE: 90 38 W
TEMPERATURE IN F: :PCPN: SNOW: WIND :SUNSHINE: SKY :PK WND
================================================================================
1 2 3 4 5 6A 6B 7 8 9 10 11 12 13 14 15 16 17 18
12Z AVG MX 2MIN
DY MAX MIN AVG DEP HDD CDD WTR SNW DPTH SPD SPD DIR MIN PSBL S-S WX SPD DR
================================================================================
1 70 43 57 17 8 0 T 0.0 0 8.6 23 220 M M 4 3 33 230
2 59 45 52 12 13 0 0.30 0.0 0 4.1 14 330 M M 9 13 18 340
3 63 36 50 9 15 0 0.00 0.0 0 7.4 24 310 M M 1 34 310
4 57 32 45 4 20 0 0.00 0.0 0 5.9 21 330 M M 2 29 340
5 62 29 46 5 19 0 0.00 0.0 0 12.7 29 320 M M 1 42 290
6 53 29 41 -1 24 0 0.00 0.0 0 10.0 29 320 M M 4 39 320
7 62 25 44 2 21 0 0.00 0.0 0 5.5 14 170 M M 1 21 160
8 73 42 58 16 7 0 0.00 0.0 0 9.6 22 200 M M 1 30 200
9 62 56 59 16 6 0 0.61 0.0 0 9.8 23 300 M M 8 18 33 170
10 57 40 49 6 16 0 0.01 0.0 0 7.8 24 300 M M 10 1 36 310
11 64 41 53 10 12 0 0.00 0.0 0 4.3 12 70 M M 4 18 15 80
12 60 43 52 8 13 0 0.73 0.0 0 8.1 23 330 M M 7 123 32 340
13 49 37 43 -1 22 0 0.00 0.0 0 5.3 21 320 M M 5 32 330
14 45 36 41 -3 24 0 0.45 M 0 10.4 17 60 M M 10 18 24 80
15 42 35 39 -6 26 0 0.00 0.0 0 6.9 16 40 M M 10 8 20 50
16 45 33 39 -6 26 0 0.01 0.0 0 2.1 8 180 M M 9 18 11 170
17 52 42 47 1 18 0 0.00 0.0 0 4.5 10 80 M M 8 1 16 80
18 62 45 54 8 11 0 0.29 0.0 0 4.2 10 260 M M 7 18 14 100
19 70 51 61 15 4 0 0.78 0.0 0 8.8 23 190 M M 7 13 33 200
20 69 37 53 6 12 0 0.00 0.0 0 12.9 26 320 M M 7 35 320
21 46 35 41 -6 24 0 0.00 0.0 0 7.9 18 80 M M 7 23 70
22 41 32 37 -10 28 0 0.22 M 0 5.7 16 60 M M 9 128 20 60
23 46 38 42 -6 23 0 0.00 0.0 0 4.2 9 60 M M 10 18 11 60
24 46 39 43 -5 22 0 0.21 0.0 0 7.1 15 80 M M 9 18 19 80
25 65 44 55 7 10 0 0.00 M M 4.8 15 190 M M 6 1 22 200
26 80 45 63 14 2 0 0.02 0.0 0 5.2 15 250 M M 2 1 19 260
27 81 55 68 19 0 3 0.04 0.0 0 6.1 17 140 M M 7 138 25 140
28 74 62 68 19 0 3 0.06 0.0 0 11.1 25 230 M M 6 18 36 240
29 68 43 56 6 9 0 0.00 0.0 0 17.3 32 250 M M 3 49 240
30 67 37 52 2 13 0 0.00 0.0 0 1.9 13 350 M M 2 8 17 360
31 64 40 52 2 13 0 0.00 0.0 0 7.1 15 60 M M 1 21 60
================================================================================
SM 1854 1247 461 6 3.73 0.0 227.3 M 177
================================================================================
AV 59.8 40.2 7.3 FASTST M M 6 MAX(MPH)
MISC ----> 32 250 49 240
================================================================================
NOTES:
# LAST OF SEVERAL OCCURRENCES
COLUMN 17 PEAK WIND IN M.P.H.
PRELIMINARY LOCAL CLIMATOLOGICAL DATA (WS FORM: F-6) , PAGE 2
STATION: SPIRIT OF ST LOUIS MO
MONTH: MARCH
YEAR: 2020
LATITUDE: 38 39 N
LONGITUDE: 90 38 W
[TEMPERATURE DATA] [PRECIPITATION DATA] SYMBOLS USED IN COLUMN 16
AVERAGE MONTHLY: 50.0 TOTAL FOR MONTH: 3.73 1 = FOG OR MIST
DPTR FM NORMAL: 4.8 DPTR FM NORMAL: 0.28 2 = FOG REDUCING VISIBILITY
HIGHEST: 81 ON 27 GRTST 24HR 0.78 ON 19-19 TO 1/4 MILE OR LESS
LOWEST: 25 ON 7 3 = THUNDER
SNOW, ICE PELLETS, HAIL 4 = ICE PELLETS
TOTAL MONTH: 0.0 INCH 5 = HAIL
GRTST 24HR 0.0 6 = FREEZING RAIN OR DRIZZLE
GRTST DEPTH: 0 7 = DUSTSTORM OR SANDSTORM:
VSBY 1/2 MILE OR LESS
8 = SMOKE OR HAZE
[NO. OF DAYS WITH] [WEATHER - DAYS WITH] 9 = BLOWING SNOW
X = TORNADO
MAX 32 OR BELOW: 0 0.01 INCH OR MORE: 13
MAX 90 OR ABOVE: 0 0.10 INCH OR MORE: 8
MIN 32 OR BELOW: 5 0.50 INCH OR MORE: 3
MIN 0 OR BELOW: 0 1.00 INCH OR MORE: 0
[HDD (BASE 65) ]
TOTAL THIS MO. 461 CLEAR (SCALE 0-3) 8
DPTR FM NORMAL -158 PTCLDY (SCALE 4-7) 14
TOTAL FM JUL 1 3965 CLOUDY (SCALE 8-10) 9
DPTR FM NORMAL -409
[CDD (BASE 65) ]
TOTAL THIS MO. 6
DPTR FM NORMAL 1 [PRESSURE DATA]
TOTAL FM JAN 1 6 HIGHEST SLP 30.62 ON 15
DPTR FM NORMAL 1 LOWEST SLP 29.51 ON 28
[REMARKS]
#FINAL-03-20#