000
CXUS54 KEPZ 011030
CF6SVC
PRELIMINARY LOCAL CLIMATOLOGICAL DATA (WS FORM: F-6)
STATION: SILVER CITY
MONTH: SEPTEMBER
YEAR: 2023
LATITUDE: 32 37 N
LONGITUDE: 108 10 W
TEMPERATURE IN F: :PCPN: SNOW: WIND :SUNSHINE: SKY :PK WND
================================================================================
1 2 3 4 5 6A 6B 7 8 9 10 11 12 13 14 15 16 17 18
12Z AVG MX 2MIN
DY MAX MIN AVG DEP HDD CDD WTR SNW DPTH SPD SPD DIR MIN PSBL S-S WX SPD DR
================================================================================
1 94 63 79 M 0 14 0.00 M M 8.5 17 130 M M 4 25 150
2 89 65 77 M 0 12 0.03 M M 7.9 15 290 M M 5 21 330
3 93 64 79 M 0 14 0.00 M M 8.2 21 330 M M 7 25 230
4 90 62 76 M 0 11 0.00 M M 11.9 24 280 M M 4 28 300
5 93 58 76 M 0 11 0.00 M M 8.7 12 350 M M 3 18 250
6 97 60 79 M 0 14 0.00 M M 7.1 14 200 M M 5 22 210
7 96 68 82 M 0 17 0.01 M M 7.7 14 340 M M 5 3 21 0
8 98 67 83 M 0 18 0.00 M M 8.8 16 320 M M 4 30 200
9 99 63 81 M 0 16 0.00 M M 5.8 22 30 M M 4 27 30
10 98 64 81 M 0 16 0.00 M M 6.1 16 280 M M 5 18 170
11 94 69 82 M 0 17 0.00 M M 9.7 25 290 M M 4 32 290
12 75 64 70 M 0 5 0.79 M M 3.6 9 350 M M 6 3 15 150
13 68 52 60 M 5 0 1.04 M M 6.0 20 300 M M 7 3 40 310
14 82 56 69 M 0 4 0.00 M M 8.2 17 280 M M 1 22 250
15 86 55 71 M 0 6 0.00 M M 6.2 13 300 M M 2 M M
16 85 55 70 M 0 5 T M M 7.7 17 190 M M 2 3 24 150
17 84 63 74 M 0 9 0.06 M M 9.9 21 50 M M 5 3 27 50
18 86 57 72 M 0 7 0.01 M M 4.5 13 280 M M 1 17 260
19 85 56 71 M 0 6 0.00 M M 10.0 16 290 M M 0 24 300
20 85 56 71 M 0 6 0.01 M M 9.7 24 310 M M 4 33 310
21 81 60 71 M 0 6 0.24 M M 5.1 12 180 M M 3 3 10 180
22 87 59 73 M 0 8 0.00 M M 8.9 16 280 M M 1 27 270
23 87 60 74 M 0 9 0.00 M M 10.7 20 290 M M 0 24 290
24 86 55 71 M 0 6 0.00 M M 10.4 16 280 M M 0 24 280
25 88 52 70 M 0 5 0.00 M M 6.7 12 360 M M 1 17 10
26 88 56 72 M 0 7 0.26 M M 7.0 12 350 M M 4 20 350
27 90 55 73 M 0 8 0.00 M M 7.2 17 290 M M 0 24 260
28 90 58 74 M 0 9 0.00 M M 8.9 17 240 M M 0 22 240
29 89 57 73 M 0 8 0.00 M M 8.3 20 210 M M 1 24 210
30 87 55 71 M 0 6 0.00 M M 8.2 16 160 M M 2 25 160
================================================================================
SM 2650 1784 5 280 2.45 M 237.5 M 90
================================================================================
AV 88.3 59.5 7.9 FASTST M M 3 MAX(MPH)
MISC ----> 25 290 40 310
================================================================================
NOTES:
# LAST OF SEVERAL OCCURRENCES
COLUMN 17 PEAK WIND IN M.P.H.
PRELIMINARY LOCAL CLIMATOLOGICAL DATA (WS FORM: F-6) , PAGE 2
STATION: SILVER CITY
MONTH: SEPTEMBER
YEAR: 2023
LATITUDE: 32 37 N
LONGITUDE: 108 10 W
[TEMPERATURE DATA] [PRECIPITATION DATA] SYMBOLS USED IN COLUMN 16
AVERAGE MONTHLY: 73.9 TOTAL FOR MONTH: 2.45 1 = FOG OR MIST
DPTR FM NORMAL: 0.0 DPTR FM NORMAL: M 2 = FOG REDUCING VISIBILITY
HIGHEST: 99 ON 9 GRTST 24HR 1.04 ON 13-13 TO 1/4 MILE OR LESS
LOWEST: 52 ON 25,13 3 = THUNDER
SNOW, ICE PELLETS, HAIL 4 = ICE PELLETS
TOTAL MONTH: M 5 = HAIL
GRTST 24HR M ON M 6 = FREEZING RAIN OR DRIZZLE
GRTST DEPTH: M ON M 7 = DUSTSTORM OR SANDSTORM:
VSBY 1/2 MILE OR LESS
8 = SMOKE OR HAZE
[NO. OF DAYS WITH] [WEATHER - DAYS WITH] 9 = BLOWING SNOW
X = TORNADO
MAX 32 OR BELOW: 0 0.01 INCH OR MORE: 9
MAX 90 OR ABOVE: 12 0.10 INCH OR MORE: 4
MIN 32 OR BELOW: 0 0.50 INCH OR MORE: 2
MIN 0 OR BELOW: 0 1.00 INCH OR MORE: 1
[HDD (BASE 65) ]
TOTAL THIS MO. 5 CLEAR (SCALE 0-3) 13
DPTR FM NORMAL M PTCLDY (SCALE 4-7) 17
TOTAL FM JUL 1 5 CLOUDY (SCALE 8-10) 0
DPTR FM NORMAL M
[CDD (BASE 65) ]
TOTAL THIS MO. 280
DPTR FM NORMAL M [PRESSURE DATA]
TOTAL FM JAN 1 1660 HIGHEST SLP M ON M
DPTR FM NORMAL M LOWEST SLP M ON M
[REMARKS]
#FINAL-09-23#