000
CXUS54 KOUN 010910
CF6SWO
PRELIMINARY LOCAL CLIMATOLOGICAL DATA (WS FORM: F-6)
STATION: STILLWATER
MONTH: NOVEMBER
YEAR: 2021
LATITUDE: 36 10 N
LONGITUDE: 97 5 W
TEMPERATURE IN F: :PCPN: SNOW: WIND :SUNSHINE: SKY :PK WND
================================================================================
1 2 3 4 5 6A 6B 7 8 9 10 11 12 13 14 15 16 17 18
12Z AVG MX 2MIN
DY MAX MIN AVG DEP HDD CDD WTR SNW DPTH SPD SPD DIR MIN PSBL S-S WX SPD DR
================================================================================
1 53 44 49 -7 16 0 T 0.0 M 10.7 16 40 M M 9 21 40
2 50 39 45 -11 20 0 0.43 0.0 M 9.8 16 70 M M 7 1 19 70
3 50 43 47 -8 18 0 0.03 0.0 M 4.3 10 40 M M 10 1 13 60
4 61 39 50 -5 15 0 0.00 0.0 M 2.7 10 170 M M 7 16 110
5 63 37 50 -4 15 0 0.00 0.0 M 8.1 18 180 M M 3 22 180
6 70 40 55 1 10 0 0.00 0.0 M 8.0 15 160 M M 0 18 170
7 80 45 63 9 2 0 0.00 0.0 M 13.4 23 180 M M 0 31 190
8 81 53 67 14 0 2 0.00 0.0 M 12.2 23 180 M M 0 30 180
9 69 52 61 8 4 0 0.00 0.0 M 4.2 10 270 M M 3 1 13 250
10 68 52 60 8 5 0 0.60 0.0 M 11.2 23 340 M M 7 13 32 340
11 65 38 52 0 13 0 0.00 0.0 M 6.1 17 280 M M 0 22 280
12 56 33 45 -7 20 0 T 0.0 M 10.2 24 320 M M 2 35 300
13 64 29 47 -4 18 0 0.00 0.0 M 5.8 17 200 M M 0 22 200
14 62 37 50 -1 15 0 0.00 0.0 M 4.6 20 30 M M 0 26 30
15 76 40 58 8 7 0 0.00 0.0 M 7.1 16 210 M M 0 21 230
16 82 47 65 15 0 0 0.00 0.0 M 13.8 28 170 M M 0 1 36 170
17 70 42 56 6 9 0 0.00 0.0 M 14.2 31 20 M M 4 39 10
18 58 28 43 -6 22 0 0.00 0.0 M 4.4 14 360 M M 0 17 360
19 61 27 44 -5 21 0 0.00 0.0 M 12.1 26 180 M M 0 32 170
20 67 46 57 9 8 0 0.00 0.0 M 9.8 17 150 M M 0 21 160
21 64 39 52 4 13 0 0.00 0.0 0 9.9 22 360 M M 0 28 350
22 65 28 47 -1 18 0 0.00 0.0 M 5.3 17 220 M M 0 22 230
23 74 33 54 7 11 0 0.00 0.0 M 12.3 26 170 M M 0 36 170
24 71 48 60 13 5 0 0.00 0.0 M 17.3 28 180 M M 1 35 360
25 52 27 40 -7 25 0 0.00 0.0 M 10.1 22 350 M M 0 30 360
26 67 23 45 -1 20 0 0.00 0.0 M 9.1 21 200 M M 0 26 220
27 72 37 55 9 10 0 0.00 0.0 M 7.1 13 230 M M 0 16 270
28 62 35 49 3 16 0 0.00 0.0 M 4.2 12 360 M M 0 15 360
29 76 34 55 10 10 0 0.00 M M 5.8 15 170 M M 0 17 170
30 74 36 55 10 10 0 0.00 M M 6.1 17 70 M M 0 1 21 70
================================================================================
SM 1983 1151 376 2 1.06 0.0 259.9 M 53
================================================================================
AV 66.1 38.4 8.7 FASTST M M 2 MAX(MPH)
MISC ----> 31 20 39 10
================================================================================
NOTES:
# LAST OF SEVERAL OCCURRENCES
COLUMN 17 PEAK WIND IN M.P.H.
PRELIMINARY LOCAL CLIMATOLOGICAL DATA (WS FORM: F-6) , PAGE 2
STATION: STILLWATER
MONTH: NOVEMBER
YEAR: 2021
LATITUDE: 36 10 N
LONGITUDE: 97 5 W
[TEMPERATURE DATA] [PRECIPITATION DATA] SYMBOLS USED IN COLUMN 16
AVERAGE MONTHLY: 52.2 TOTAL FOR MONTH: 1.06 1 = FOG OR MIST
DPTR FM NORMAL: 1.9 DPTR FM NORMAL: -0.89 2 = FOG REDUCING VISIBILITY
HIGHEST: 82 ON 16 GRTST 24HR 0.60 ON 10-10 TO 1/4 MILE OR LESS
LOWEST: 23 ON 26 3 = THUNDER
SNOW, ICE PELLETS, HAIL 4 = ICE PELLETS
TOTAL MONTH: 0.0 INCH 5 = HAIL
GRTST 24HR 0.0 6 = FREEZING RAIN OR DRIZZLE
GRTST DEPTH: 0 7 = DUSTSTORM OR SANDSTORM:
VSBY 1/2 MILE OR LESS
8 = SMOKE OR HAZE
[NO. OF DAYS WITH] [WEATHER - DAYS WITH] 9 = BLOWING SNOW
X = TORNADO
MAX 32 OR BELOW: 0 0.01 INCH OR MORE: 3
MAX 90 OR ABOVE: 0 0.10 INCH OR MORE: 2
MIN 32 OR BELOW: 6 0.50 INCH OR MORE: 1
MIN 0 OR BELOW: 0 1.00 INCH OR MORE: 0
[HDD (BASE 65) ]
TOTAL THIS MO. 376 CLEAR (SCALE 0-3) 23
DPTR FM NORMAL -73 PTCLDY (SCALE 4-7) 5
TOTAL FM JUL 1 457 CLOUDY (SCALE 8-10) 2
DPTR FM NORMAL -171
[CDD (BASE 65) ]
TOTAL THIS MO. 2
DPTR FM NORMAL -6 [PRESSURE DATA]
TOTAL FM JAN 1 2239 HIGHEST SLP 30.59 ON 18
DPTR FM NORMAL 46 LOWEST SLP 29.62 ON 16
[REMARKS]
#FINAL-11-21#