000
CXUS51 KBGM 070303 CCA
CF6SYR
PRELIMINARY LOCAL CLIMATOLOGICAL DATA (WS FORM: F-6)
STATION: SYRACUSE NY
MONTH: OCTOBER
YEAR: 2020
LATITUDE: 43 7 N
LONGITUDE: 76 7 W
TEMPERATURE IN F: :PCPN: SNOW: WIND :SUNSHINE: SKY :PK WND
================================================================================
1 2 3 4 5 6A 6B 7 8 9 10 11 12 13 14 15 16 17 18
12Z AVG MX 2MIN
DY MAX MIN AVG DEP HDD CDD WTR SNW DPTH SPD SPD DIR MIN PSBL S-S WX SPD DR
================================================================================
1 67 46 57 1 8 0 0.02 0.0 0 8.8 29 250 M M 6 33 260
2 63 43 53 -3 12 0 T 0.0 0 5.5 16 260 M M 7 21 220
3 59 45 52 -3 13 0 0.01 0.0 0 7.9 18 290 M M 8 24 330
4 63 39 51 -4 14 0 0.01 0.0 0 5.5 15 180 M M 8 19 190
5 61 45 53 -1 12 0 0.01 0.0 0 4.1 12 310 M M 9 1 14 310
6 67 42 55 1 10 0 0.00 0.0 0 8.3 21 220 M M 5 1 27 230
7 65 50 58 4 7 0 0.37 T 0 13.7 39 300 M M 8 135 55 300
8 57 44 51 -2 14 0 0.00 0.0 0 9.9 21 310 M M 6 24 300
9 66 41 54 1 11 0 0.00 0.0 0 4.0 16 210 M M 5 26 210
10 82 54 68 16 0 3 0.05 0.0 0 14.8 25 270 M M 6 34 300
11 61 41 51 -1 14 0 0.00 0.0 0 6.5 13 70 M M 4 17 70
12 67 49 58 6 7 0 T 0.0 0 11.9 17 140 M M 9 23 90
13 60 43 52 1 13 0 0.33 0.0 0 5.4 16 280 M M 7 1 22 270
14 66 41 54 3 11 0 0.00 0.0 0 6.3 20 300 M M 3 1 24 310
15 79 49 64 13 1 0 0.36 0.0 0 11.0 26 220 M M 9 1 35 220
16 52 37 45 -5 20 0 0.30 0.0 0 4.3 16 290 M M 8 1 22 290
17 59 31 45 -5 20 0 0.00 0.0 0 5.4 17 210 M M 2 1 22 210
18 62 37 50 0 15 0 T 0.0 0 11.4 24 180 M M 8 31 160
19 60 55 58 8 7 0 0.47 0.0 0 5.4 22 180 M M 10 1 30 170
20 61 48 55 6 10 0 0.24 0.0 0 4.6 13 310 M M 10 1 17 300
21 73 49 61 12 4 0 0.02 0.0 0 5.8 22 300 M M 9 28 310
22 60 50 55 7 10 0 0.02 0.0 0 2.5 8 120 M M 8 1 10 120
23 81 49 65 17 0 0 T 0.0 0 9.0 23 180 M M 3 1 33 170
24 69 38 54 6 11 0 0.18 0.0 0 10.4 28 290 M M 10 1 35 300
25 50 32 41 -7 24 0 T 0.0 0 4.1 12 80 M M 6 15 80
26 49 39 44 -3 21 0 0.58 0.0 0 7.5 14 90 M M 10 1 18 300
27 47 43 45 -2 20 0 0.07 0.0 0 2.6 12 340 M M 9 1 14 340
28 53 39 46 -1 19 0 T 0.0 0 4.1 20 240 M M 9 1 24 240
29 47 39 43 -3 22 0 0.33 0.0 0 4.3 12 30 M M 10 1 17 30
30 42 31 37 -9 28 0 0.13 0.0 0 7.2 20 300 M M 7 1 24 300
31 45 33 39 -7 26 0 T T T 5.1 14 150 M M 7 18 140
================================================================================
SM 1893 1322 404 3 3.50 T 217.3 M 226
================================================================================
AV 61.1 42.6 7.0 FASTST M M 7 MAX(MPH)
MISC ----> # 39 300 # 55 300
================================================================================
NOTES:
# LAST OF SEVERAL OCCURRENCES
COLUMN 17 PEAK WIND IN M.P.H.
PRELIMINARY LOCAL CLIMATOLOGICAL DATA (WS FORM: F-6) , PAGE 2
STATION: SYRACUSE NY
MONTH: OCTOBER
YEAR: 2020
LATITUDE: 43 7 N
LONGITUDE: 76 7 W
[TEMPERATURE DATA] [PRECIPITATION DATA] SYMBOLS USED IN COLUMN 16
AVERAGE MONTHLY: 51.9 TOTAL FOR MONTH: 3.50 1 = FOG OR MIST
DPTR FM NORMAL: 1.3 DPTR FM NORMAL: 0.06 2 = FOG REDUCING VISIBILITY
HIGHEST: 82 ON 10 GRTST 24HR 0.66 ON 15-16 TO 1/4 MILE OR LESS
LOWEST: 31 ON 30,17 3 = THUNDER
SNOW, ICE PELLETS, HAIL 4 = ICE PELLETS
TOTAL MONTH: T 5 = HAIL
GRTST 24HR T ON 31-31 6 = FREEZING RAIN OR DRIZZLE
GRTST DEPTH: T 7 = DUSTSTORM OR SANDSTORM:
VSBY 1/2 MILE OR LESS
8 = SMOKE OR HAZE
[NO. OF DAYS WITH] [WEATHER - DAYS WITH] 9 = BLOWING SNOW
X = TORNADO
MAX 32 OR BELOW: 0 0.01 INCH OR MORE: 18
MAX 90 OR ABOVE: 0 0.10 INCH OR MORE: 10
MIN 32 OR BELOW: 3 0.50 INCH OR MORE: 1
MIN 0 OR BELOW: 0 1.00 INCH OR MORE: 0
[HDD (BASE 65) ]
TOTAL THIS MO. 404 CLEAR (SCALE 0-3) 2
DPTR FM NORMAL -46 PTCLDY (SCALE 4-7) 17
TOTAL FM JUL 1 528 CLOUDY (SCALE 8-10) 12
DPTR FM NORMAL -89
[CDD (BASE 65) ]
TOTAL THIS MO. 3
DPTR FM NORMAL -1 [PRESSURE DATA]
TOTAL FM JAN 1 991 HIGHEST SLP 30.50 ON 31
DPTR FM NORMAL 422 LOWEST SLP 29.49 ON 7
[REMARKS]
#FINAL-10-20#
CORRECTIONS TO THE AVERAGE MINIMUM TEMPERATURE FOR MONTH
CORRECTIONS ON DAY 31 FOR SNOW DEPTH FROM 0 TO T
CORRECTIONS TO GREATEST 24 HOUR PRECIPITATION