000
CXUS54 KEWX 011110
CF6T82
PRELIMINARY LOCAL CLIMATOLOGICAL DATA (WS FORM: F-6)
STATION: FREDERICKSBURG
MONTH: JANUARY
YEAR: 2022
LATITUDE: 30 15 N
LONGITUDE: 98 55 W
TEMPERATURE IN F: :PCPN: SNOW: WIND :SUNSHINE: SKY :PK WND
================================================================================
1 2 3 4 5 6A 6B 7 8 9 10 11 12 13 14 15 16 17 18
12Z AVG MX 2MIN
DY MAX MIN AVG DEP HDD CDD WTR SNW DPTH SPD SPD DIR MIN PSBL S-S WX SPD DR
================================================================================
1 82 31 57 M 8 0 0.00 M M 7.3 22 20 M M 4 1 31 20
2 44 20 32 M 33 0 0.00 M M 13.5 26 340 M M 0 35 350
3 55 18 37 M 28 0 0.00 M M 3.3 9 200 M M 0 M M
4 63 30 47 M 18 0 0.00 M M 8.0 18 220 M M 0 24 220
5 73 33 53 M 12 0 0.00 M M 4.7 9 350 M M 0 16 280
6 55 29 42 M 23 0 0.00 M M 8.0 17 10 M M 0 22 10
7 49 21 35 M 30 0 0.00 M M 3.0 7 130 M M 7 1 M M
8 66 42 54 M 11 0 0.00 M M 5.6 13 220 M M 9 12 20 200
9 58 40 49 M 16 0 0.00 M M 10.5 20 360 M M 5 12 29 360
10 55 35 45 M 20 0 0.00 M M 10.0 17 10 M M 2 25 10
11 45 36 41 M 24 0 0.00 M M 1.7 6 40 M M 8 M M
12 65 33 49 M 16 0 0.00 M M 1.6 7 230 M M 2 M M
13 74 28 51 M 14 0 0.00 M M 3.1 8 320 M M 0 M M
14 76 29 53 M 12 0 0.00 M M 6.8 18 210 M M 0 25 0
15 60 35 48 M 17 0 0.00 M M 21.6 30 340 M M 0 40 340
16 67 21 44 M 21 0 0.00 M M 4.7 12 270 M M 0 16 340
17 69 25 47 M 18 0 0.00 M M 3.6 13 180 M M 0 18 180
18 72 45 59 M 6 0 0.00 M M 7.9 16 210 M M 1 23 220
19 78 36 57 M 8 0 0.00 M M 9.0 18 10 M M 4 31 340
20 36 27 32 M 33 0 0.00 M M 16.3 24 10 M M 9 32 10
21 49 25 37 M 28 0 0.00 M M 4.8 13 10 M M 4 21 10
22 53 18 36 M 29 0 0.00 M M 1.6 7 80 M M 6 M M
23 54 43 49 M 16 0 0.00 M M 3.1 9 210 M M 10 M M
24 59 40 50 M 15 0 0.00 M M 2.3 7 130 M M 8 12 M M
25 52 29 41 M 24 0 0.00 M M 5.1 12 90 M M 6 2 16 0
26 49 38 44 M 21 0 0.00 M M 4.5 8 70 M M 10 1 M M
27 58 29 44 M 21 0 0.00 M M 2.0 6 10 M M 7 M M
28 55 28 42 M 23 0 0.00 M M 9.9 16 360 M M 2 23 30
29 64 22 43 M 22 0 0.00 M M 4.0 10 240 M M 0 18 230
30 67 22 45 M 20 0 0.00 M M 4.4 13 190 M M 0 18 180
31 59 51 55 M 10 0 0.46 M M 2.9 9 70 M M 10 1 M M
================================================================================
SM 1861 959 597 0 0.46 M 194.6 M 114
================================================================================
AV 60.0 30.9 6.3 FASTST M M 4 MAX(MPH)
MISC ----> 30 340 40 340
================================================================================
NOTES:
# LAST OF SEVERAL OCCURRENCES
COLUMN 17 PEAK WIND IN M.P.H.
PRELIMINARY LOCAL CLIMATOLOGICAL DATA (WS FORM: F-6) , PAGE 2
STATION: FREDERICKSBURG
MONTH: JANUARY
YEAR: 2022
LATITUDE: 30 15 N
LONGITUDE: 98 55 W
[TEMPERATURE DATA] [PRECIPITATION DATA] SYMBOLS USED IN COLUMN 16
AVERAGE MONTHLY: 45.5 TOTAL FOR MONTH: 0.46 1 = FOG OR MIST
DPTR FM NORMAL: 0.0 DPTR FM NORMAL: M 2 = FOG REDUCING VISIBILITY
HIGHEST: 82 ON 1 GRTST 24HR 0.46 ON 31-31 TO 1/4 MILE OR LESS
LOWEST: 18 ON 22, 3 3 = THUNDER
SNOW, ICE PELLETS, HAIL 4 = ICE PELLETS
TOTAL MONTH: M 5 = HAIL
GRTST 24HR M ON M 6 = FREEZING RAIN OR DRIZZLE
GRTST DEPTH: M ON M 7 = DUSTSTORM OR SANDSTORM:
VSBY 1/2 MILE OR LESS
8 = SMOKE OR HAZE
[NO. OF DAYS WITH] [WEATHER - DAYS WITH] 9 = BLOWING SNOW
X = TORNADO
MAX 32 OR BELOW: 0 0.01 INCH OR MORE: 1
MAX 90 OR ABOVE: 0 0.10 INCH OR MORE: 1
MIN 32 OR BELOW: 18 0.50 INCH OR MORE: 0
MIN 0 OR BELOW: 0 1.00 INCH OR MORE: 0
[HDD (BASE 65) ]
TOTAL THIS MO. 597 CLEAR (SCALE 0-3) 16
DPTR FM NORMAL M PTCLDY (SCALE 4-7) 10
TOTAL FM JUL 1 1093 CLOUDY (SCALE 8-10) 5
DPTR FM NORMAL M
[CDD (BASE 65) ]
TOTAL THIS MO. 0
DPTR FM NORMAL M [PRESSURE DATA]
TOTAL FM JAN 1 0 HIGHEST SLP M ON M
DPTR FM NORMAL M LOWEST SLP M ON M
[REMARKS]
#FINAL-01-22#