875
CXUS55 KPUB 011310
CF6TAD
PRELIMINARY LOCAL CLIMATOLOGICAL DATA (WS FORM: F-6)
STATION: TRINIDAD CO
MONTH: JANUARY
YEAR: 2021
LATITUDE: 37 16 N
LONGITUDE: 104 20 W
TEMPERATURE IN F: :PCPN: SNOW: WIND :SUNSHINE: SKY :PK WND
================================================================================
1 2 3 4 5 6A 6B 7 8 9 10 11 12 13 14 15 16 17 18
12Z AVG MX 2MIN
DY MAX MIN AVG DEP HDD CDD WTR SNW DPTH SPD SPD DIR MIN PSBL S-S WX SPD DR
================================================================================
1 42 17 30 -2 35 0 0.00 M M 7.4 15 330 M M 3 22 30
2 53 20 37 5 28 0 0.00 M M 11.0 20 340 M M 1 27 350
3 56 17 37 5 28 0 0.00 M M 7.3 20 310 M M 0 30 310
4 54 21 38 6 27 0 0.00 M M 9.2 28 250 M M 0 35 250
5 61 30 46 14 19 0 0.00 M M 13.1 36 330 M M 2 49 340
6 43 17 30 -2 35 0 0.00 M M 6.3 12 270 M M 1 14 250
7 49 22 36 4 29 0 0.00 M M 8.6 17 260 M M 0 22 250
8 43 18 31 -1 34 0 0.00 M M 7.1 14 260 M M 0 18 260
9 33 19 26 -6 39 0 0.23 M M 7.9 15 20 M M 7 18 19 10
10 29 8 19 -13 46 0 0.03 M M 5.6 14 260 M M 5 1 19 260
11 37 9 23 -9 42 0 0.00 M M 10.1 21 250 M M 0 8 24 250
12 39 11 25 -7 40 0 0.00 M M 11.7 23 240 M M 0 29 240
13 57 23 40 8 25 0 0.00 M M 11.1 25 310 M M 0 35 290
14 50 18 34 2 31 0 0.00 M M 6.8 25 300 M M 1 35 300
15 37 12 25 -7 40 0 0.00 M M 8.5 17 240 M M 0 21 240
16 44 21 33 1 32 0 0.00 M M 9.1 20 50 M M 1 25 40
17 46 16 31 -1 34 0 0.00 M M 7.7 22 250 M M 0 27 250
18 45 27 36 4 29 0 0.04 M M 7.5 17 20 M M 7 1 25 20
19 29 17 23 -9 42 0 0.08 M M 6.7 16 80 M M 5 18 19 70
20 50 17 34 2 31 0 0.00 M M 8.0 17 260 M M 0 23 260
21 53 28 41 9 24 0 0.00 M M 9.2 17 260 M M 1 24 260
22 50 23 37 5 28 0 0.00 M M 7.4 16 260 M M 0 21 250
23 56 28 42 10 23 0 0.00 0.0 0 17.2 35 270 M M 0 47 270
24 45 24 35 2 30 0 0.01 T T 5.6 23 170 M M 9 1 34 170
25 38 21 30 -3 35 0 T M M 5.8 12 70 M M 7 1 17 350
26 28 12 20 -13 45 0 0.04 M M 7.9 21 20 M M 10 18 26 20
27 47 2 25 -8 40 0 0.00 M M 7.5 17 240 M M 0 23 240
28 62 25 44 11 21 0 0.00 M M 8.5 18 260 M M 0 25 260
29 61 34 48 15 17 0 0.00 M M 14.9 37 240 M M 0 49 250
30 53 28 41 8 24 0 0.00 M M 13.7 28 300 M M 2 37 290
31 50 20 35 2 30 0 0.00 M M 7.9 16 250 M M 1 18 250
================================================================================
SM 1440 605 983 0 0.43 T 276.3 M 63
================================================================================
AV 46.5 19.5 8.9 FASTST M M 2 MAX(MPH)
MISC ----> 37 240 # 49 340
================================================================================
NOTES:
# LAST OF SEVERAL OCCURRENCES
COLUMN 17 PEAK WIND IN M.P.H.
PRELIMINARY LOCAL CLIMATOLOGICAL DATA (WS FORM: F-6) , PAGE 2
STATION: TRINIDAD CO
MONTH: JANUARY
YEAR: 2021
LATITUDE: 37 16 N
LONGITUDE: 104 20 W
[TEMPERATURE DATA] [PRECIPITATION DATA] SYMBOLS USED IN COLUMN 16
AVERAGE MONTHLY: 33.0 TOTAL FOR MONTH: 0.43 1 = FOG OR MIST
DPTR FM NORMAL: 0.7 DPTR FM NORMAL: 0.03 2 = FOG REDUCING VISIBILITY
HIGHEST: 62 ON 28 GRTST 24HR 0.23 ON 9- 9 TO 1/4 MILE OR LESS
LOWEST: 2 ON 27 3 = THUNDER
SNOW, ICE PELLETS, HAIL 4 = ICE PELLETS
TOTAL MONTH: T 5 = HAIL
GRTST 24HR T ON 24-24 6 = FREEZING RAIN OR DRIZZLE
GRTST DEPTH: T 7 = DUSTSTORM OR SANDSTORM:
VSBY 1/2 MILE OR LESS
8 = SMOKE OR HAZE
[NO. OF DAYS WITH] [WEATHER - DAYS WITH] 9 = BLOWING SNOW
X = TORNADO
MAX 32 OR BELOW: 3 0.01 INCH OR MORE: 6
MAX 90 OR ABOVE: 0 0.10 INCH OR MORE: 1
MIN 32 OR BELOW: 30 0.50 INCH OR MORE: 0
MIN 0 OR BELOW: 0 1.00 INCH OR MORE: 0
[HDD (BASE 65) ]
TOTAL THIS MO. 983 CLEAR (SCALE 0-3) 24
DPTR FM NORMAL -31 PTCLDY (SCALE 4-7) 5
TOTAL FM JUL 1 3001 CLOUDY (SCALE 8-10) 2
DPTR FM NORMAL -279
[CDD (BASE 65) ]
TOTAL THIS MO. 0
DPTR FM NORMAL 0 [PRESSURE DATA]
TOTAL FM JAN 1 0 HIGHEST SLP 30.58 ON 19
DPTR FM NORMAL 0 LOWEST SLP 29.41 ON 30
[REMARKS]
#FINAL-01-21#