000
CXUS54 KEPZ 011130
CF6TCS
PRELIMINARY LOCAL CLIMATOLOGICAL DATA (WS FORM: F-6)
STATION: TRUTH OR CONSEQUENCES
MONTH: DECEMBER
YEAR: 2020
LATITUDE: 33 13 N
LONGITUDE: 107 16 W
TEMPERATURE IN F: :PCPN: SNOW: WIND :SUNSHINE: SKY :PK WND
================================================================================
1 2 3 4 5 6A 6B 7 8 9 10 11 12 13 14 15 16 17 18
12Z AVG MX 2MIN
DY MAX MIN AVG DEP HDD CDD WTR SNW DPTH SPD SPD DIR MIN PSBL S-S WX SPD DR
================================================================================
1 60 26 43 0 22 0 0.00 M M 7.2 18 340 M M 0 30 330
2 44 29 37 -6 28 0 0.00 M M 11.6 21 40 M M 3 29 50
3 47 21 34 -9 31 0 0.00 M M 7.2 16 50 M M 0 24 90
4 54 22 38 -4 27 0 0.00 M M 5.2 14 40 M M 0 19 50
5 59 27 43 1 22 0 0.00 M M 8.3 21 40 M M 0 30 50
6 60 29 45 3 20 0 0.00 M M 4.9 12 300 M M 0 16 310
7 63 30 47 5 18 0 0.00 M M 4.8 10 310 M M 0 15 310
8 64 32 48 7 17 0 0.00 M M 5.1 13 300 M M 0 17 300
9 63 31 47 6 18 0 0.00 M M 5.9 14 300 M M 1 17 290
10 51 38 45 4 20 0 0.38 M M 4.2 15 210 M M 7 1 18 300
11 61 36 49 8 16 0 0.00 M M 7.5 25 310 M M 0 34 310
12 60 31 46 6 19 0 T M M 9.8 32 330 M M 1 53 320
13 48 29 39 -1 26 0 T M M 7.2 36 300 M M 0 53 310
14 49 26 38 -2 27 0 0.00 M M 8.7 25 310 M M 0 37 350
15 49 32 41 1 24 0 0.00 M M 15.1 29 310 M M 0 38 310
16 50 26 38 -2 27 0 0.00 M M 3.9 13 310 M M 0 19 330
17 53 27 40 0 25 0 0.00 M M 7.7 20 200 M M 0 26 210
18 59 31 45 5 20 0 0.00 M M 5.8 18 310 M M 2 29 320
19 55 29 42 2 23 0 0.00 M M 5.1 10 110 M M 0 15 350
20 57 29 43 3 22 0 0.00 M M 4.9 9 320 M M 0 13 340
21 62 31 47 8 18 0 0.00 M M 3.9 9 290 M M 0 13 340
22 62 29 46 7 19 0 0.00 M M 8.6 20 290 M M 0 28 290
23 54 26 40 1 25 0 0.00 M M 8.7 28 330 M M 0 42 330
24 45 21 33 -6 32 0 0.00 M M 6.5 14 30 M M 0 22 360
25 49 24 37 -2 28 0 0.00 M M 4.6 10 290 M M 0 13 320
26 57 24 41 2 24 0 0.00 M M 3.3 9 10 M M 0 13 280
27 61 28 45 6 20 0 0.00 M M 3.8 9 290 M M 0 8 12 330
28 66 32 49 10 16 0 0.00 M M 10.7 28 190 M M 1 36 180
29 57 36 47 8 18 0 0.00 M M 10.3 22 210 M M 5 28 40
30 47 27 37 -3 28 0 0.00 M M 12.7 28 50 M M 0 38 40
31 48 20 34 -6 31 0 0.00 M M 4.8 13 310 M M 0 16 320
================================================================================
SM 1714 879 711 0 0.38 M 218.0 M 20
================================================================================
AV 55.3 28.4 7.0 FASTST M M 1 MAX(MPH)
MISC ----> 36 300 # 53 320
================================================================================
NOTES:
# LAST OF SEVERAL OCCURRENCES
COLUMN 17 PEAK WIND IN M.P.H.
PRELIMINARY LOCAL CLIMATOLOGICAL DATA (WS FORM: F-6) , PAGE 2
STATION: TRUTH OR CONSEQUENCES
MONTH: DECEMBER
YEAR: 2020
LATITUDE: 33 13 N
LONGITUDE: 107 16 W
[TEMPERATURE DATA] [PRECIPITATION DATA] SYMBOLS USED IN COLUMN 16
AVERAGE MONTHLY: 41.8 TOTAL FOR MONTH: 0.38 1 = FOG OR MIST
DPTR FM NORMAL: 1.4 DPTR FM NORMAL: -0.40 2 = FOG REDUCING VISIBILITY
HIGHEST: 66 ON 28 GRTST 24HR 0.38 ON 10-10 TO 1/4 MILE OR LESS
LOWEST: 20 ON 31 3 = THUNDER
SNOW, ICE PELLETS, HAIL 4 = ICE PELLETS
TOTAL MONTH: M 5 = HAIL
GRTST 24HR M ON M 6 = FREEZING RAIN OR DRIZZLE
GRTST DEPTH: M ON M 7 = DUSTSTORM OR SANDSTORM:
VSBY 1/2 MILE OR LESS
8 = SMOKE OR HAZE
[NO. OF DAYS WITH] [WEATHER - DAYS WITH] 9 = BLOWING SNOW
X = TORNADO
MAX 32 OR BELOW: 0 0.01 INCH OR MORE: 1
MAX 90 OR ABOVE: 0 0.10 INCH OR MORE: 1
MIN 32 OR BELOW: 28 0.50 INCH OR MORE: 0
MIN 0 OR BELOW: 0 1.00 INCH OR MORE: 0
[HDD (BASE 65) ]
TOTAL THIS MO. 711 CLEAR (SCALE 0-3) 29
DPTR FM NORMAL -51 PTCLDY (SCALE 4-7) 2
TOTAL FM JUL 1 1144 CLOUDY (SCALE 8-10) 0
DPTR FM NORMAL -259
[CDD (BASE 65) ]
TOTAL THIS MO. 0
DPTR FM NORMAL 0 [PRESSURE DATA]
TOTAL FM JAN 1 2490 HIGHEST SLP 30.50 ON 24
DPTR FM NORMAL 868 LOWEST SLP 29.66 ON 29
[REMARKS]
#FINAL-12-20#