000
CXUS52 KTAE 010800
CF6TLH
PRELIMINARY LOCAL CLIMATOLOGICAL DATA (WS FORM: F-6)
STATION: TALLAHASSEE
MONTH: AUGUST
YEAR: 2021
LATITUDE: 30 22 N
LONGITUDE: 84 22 W
TEMPERATURE IN F: :PCPN: SNOW: WIND :SUNSHINE: SKY :PK WND
================================================================================
1 2 3 4 5 6A 6B 7 8 9 10 11 12 13 14 15 16 17 18
12Z AVG MX 2MIN
DY MAX MIN AVG DEP HDD CDD WTR SNW DPTH SPD SPD DIR MIN PSBL S-S WX SPD DR
================================================================================
1 95 75 85 2 0 20 0.00 0.0 M 5.3 16 290 M M 5 3 22 260
2 96 75 86 3 0 21 0.26 0.0 0 4.4 21 190 M M 4 13 25 190
3 87 73 80 -3 0 15 0.01 0.0 0 3.8 16 350 M M 8 3 20 350
4 87 71 79 -4 0 14 0.00 0.0 0 5.0 12 70 M M 9 12 19 90
5 80 74 77 -6 0 12 0.13 0.0 0 7.2 15 40 M M 9 1 19 40
6 91 72 82 -1 0 17 T 0.0 0 4.3 15 170 M M 8 19 170
7 93 75 84 1 0 19 0.11 0.0 0 3.3 18 260 M M 6 3 23 270
8 94 72 83 0 0 18 0.00 0.0 0 2.8 16 220 M M 3 8 20 220
9 97 74 86 3 0 21 0.00 0.0 0 2.9 12 130 M M 4 1 14 140
10 94 75 85 2 0 20 0.13 M M 3.4 18 160 M M 5 3 24 150
11 95 73 84 1 0 19 0.08 M M 3.7 17 170 M M 4 3 23 180
12 94 74 84 1 0 19 0.01 0.0 M 4.6 17 270 M M 4 3 22 260
13 96 72 84 1 0 19 0.00 0.0 0 4.3 13 80 M M 3 3 15 80
14 94 72 83 1 0 18 0.01 0.0 0 4.0 18 30 M M 5 38 25 60
15 86 74 80 -2 0 15 0.02 0.0 M 5.2 13 100 M M 7 15 80
16 79 75 77 -5 0 12 2.28 0.0 0 14.0 38 110 M M 7 1 46 110
17 93 74 84 2 0 19 0.00 0.0 0 6.9 15 240 M M 5 20 230
18 93 74 84 2 0 19 0.02 0.0 0 2.3 14 230 M M 4 3 17 160
19 97 73 85 3 0 20 0.00 0.0 0 3.0 21 270 M M 3 3 25 250
20 95 74 85 3 0 20 0.00 0.0 0 4.8 18 280 M M 4 3 22 270
21 93 72 83 1 0 18 0.24 0.0 0 4.1 17 240 M M 5 3 20 250
22 88 74 81 -1 0 16 0.03 0.0 0 5.3 15 220 M M 6 1 22 220
23 93 77 85 3 0 20 0.19 0.0 0 3.9 29 300 M M 5 3 33 300
24 90 75 83 1 0 18 T 0.0 0 3.0 17 230 M M 5 13 21 230
25 88 75 82 0 0 17 0.04 0.0 0 4.6 22 140 M M 5 28 150
26 92 73 83 1 0 18 0.01 0.0 0 6.9 23 90 M M 4 32 100
27 94 72 83 1 0 18 0.99 0.0 0 7.6 38 120 M M 7 13 45 120
28 88 75 82 0 0 17 0.29 0.0 0 7.8 16 240 M M 6 13 20 40
29 89 75 82 0 0 17 0.00 0.0 0 7.3 15 160 M M 8 20 160
30 89 75 82 0 0 17 0.01 0.0 0 6.9 17 160 M M 5 23 160
31 80 74 77 -5 0 12 0.69 0.0 M 6.4 18 240 M M 5 1 23 250
================================================================================
SM 2820 2288 0 545 5.55 0.0 159.0 M 168
================================================================================
AV 91.0 73.8 5.1 FASTST M M 5 MAX(MPH)
MISC ----> # 38 110 46 110
================================================================================
NOTES:
# LAST OF SEVERAL OCCURRENCES
COLUMN 17 PEAK WIND IN M.P.H.
PRELIMINARY LOCAL CLIMATOLOGICAL DATA (WS FORM: F-6) , PAGE 2
STATION: TALLAHASSEE
MONTH: AUGUST
YEAR: 2021
LATITUDE: 30 22 N
LONGITUDE: 84 22 W
[TEMPERATURE DATA] [PRECIPITATION DATA] SYMBOLS USED IN COLUMN 16
AVERAGE MONTHLY: 82.4 TOTAL FOR MONTH: 5.55 1 = FOG OR MIST
DPTR FM NORMAL: 0.0 DPTR FM NORMAL: -2.05 2 = FOG REDUCING VISIBILITY
HIGHEST: 97 ON 19, 9 GRTST 24HR 2.28 ON 16-16 TO 1/4 MILE OR LESS
LOWEST: 71 ON 4 3 = THUNDER
SNOW, ICE PELLETS, HAIL 4 = ICE PELLETS
TOTAL MONTH: 0.0 INCH 5 = HAIL
GRTST 24HR 0.0 6 = FREEZING RAIN OR DRIZZLE
GRTST DEPTH: 0 7 = DUSTSTORM OR SANDSTORM:
VSBY 1/2 MILE OR LESS
8 = SMOKE OR HAZE
[NO. OF DAYS WITH] [WEATHER - DAYS WITH] 9 = BLOWING SNOW
X = TORNADO
MAX 32 OR BELOW: 0 0.01 INCH OR MORE: 20
MAX 90 OR ABOVE: 20 0.10 INCH OR MORE: 10
MIN 32 OR BELOW: 0 0.50 INCH OR MORE: 3
MIN 0 OR BELOW: 0 1.00 INCH OR MORE: 1
[HDD (BASE 65) ]
TOTAL THIS MO. 0 CLEAR (SCALE 0-3) 3
DPTR FM NORMAL 0 PTCLDY (SCALE 4-7) 26
TOTAL FM JUL 1 0 CLOUDY (SCALE 8-10) 2
DPTR FM NORMAL 0
[CDD (BASE 65) ]
TOTAL THIS MO. 545
DPTR FM NORMAL 7 [PRESSURE DATA]
TOTAL FM JAN 1 2061 HIGHEST SLP M ON M
DPTR FM NORMAL -9 LOWEST SLP 29.72 ON 16
[REMARKS]
#FINAL-08-21#