000
CXUS51 KCLE 280800
CF6TOL
PRELIMINARY LOCAL CLIMATOLOGICAL DATA (WS FORM: F-6)
STATION: TOLEDO OH
MONTH: MARCH
YEAR: 2024
LATITUDE: 41 35 N
LONGITUDE: 83 48 W
TEMPERATURE IN F: :PCPN: SNOW: WIND :SUNSHINE: SKY :PK WND
================================================================================
1 2 3 4 5 6A 6B 7 8 9 10 11 12 13 14 15 16 17 18
12Z AVG MX 2MIN
DY MAX MIN AVG DEP HDD CDD WTR SNW DPTH SPD SPD DIR MIN PSBL S-S WX SPD DR
================================================================================
1 49 23 36 2 29 0 T 0.0 0 5.8 12 150 M M 3 20 140
2 55 36 46 12 19 0 0.00 0.0 0 4.2 10 240 M M 9 18 13 180
3 66 34 50 15 15 0 0.00 0.0 0 4.7 16 190 M M 3 1 25 150
4 78 40 59 24 6 0 0.00 0.0 0 8.4 20 210 M M 2 32 210
5 65 47 56 21 9 0 0.03 0.0 0 6.7 16 340 M M 6 8 22 200
6 50 41 46 10 19 0 0.01 0.0 0 9.7 17 50 M M 10 18 23 10
7 53 38 46 10 19 0 0.00 0.0 0 8.2 16 60 M M 7 8 22 50
8 57 41 49 13 16 0 0.73 0.0 0 5.8 12 170 M M 10 18 19 190
9 57 36 47 10 18 0 0.15 0.0 0 12.9 23 250 M M 10 1 33 270
10 41 31 36 -1 29 0 0.02 0.1 0 15.3 28 290 M M 7 1 41 290
11 58 28 43 6 22 0 0.00 0.0 0 12.0 23 220 M M 0 32 230
12 71 46 59 21 6 0 0.00 0.0 0 12.8 25 240 M M 0 35 240
13 72 48 60 22 5 0 0.00 0.0 0 6.1 16 220 M M 3 22 220
14 65 46 56 18 9 0 1.75 0.0 0 6.0 21 330 M M 7 13 29 320
15 59 38 49 10 16 0 0.00 0.0 0 7.7 17 320 M M 5 1 23 310
16 62 33 48 9 17 0 0.06 0.0 0 14.2 37 260 M M 3 13 55 270
17 44 30 37 -2 28 0 0.00 0.0 0 11.6 24 280 M M 6 35 300
18 38 29 34 -6 31 0 T T 0 12.2 20 270 M M 10 27 270
19 52 29 41 1 24 0 0.00 0.0 0 15.4 35 240 M M 6 49 250
20 41 25 33 -7 32 0 T T 0 12.5 26 270 M M 6 40 290
21 39 21 30 -11 35 0 0.00 0.0 0 4.7 13 310 M M 1 16 310
22 43 26 35 -6 30 0 T T 0 11.3 22 60 M M 8 27 40
23 42 25 34 -8 31 0 0.00 0.0 0 9.5 20 330 M M 4 30 330
24 43 21 32 -10 33 0 0.00 0.0 0 9.2 21 70 M M 1 32 110
25 69 35 52 10 13 0 0.00 0.0 0 9.0 18 160 M M 0 31 140
26 61 41 51 8 14 0 0.38 0.0 0 12.1 23 250 M M 7 1 43 240
27 42 28 35 -8 30 0 0.00 0.0 0 11.5 24 240 M M 7 31 240
================================================================================
SM 1472 916 555 0 3.13 0.1 259.5 M 141
================================================================================
AV 54.5 33.9 9.6 FASTST M M 5 MAX(MPH)
MISC ----> 37 260 55 270
================================================================================
NOTES:
# LAST OF SEVERAL OCCURRENCES
COLUMN 17 PEAK WIND IN M.P.H.
PRELIMINARY LOCAL CLIMATOLOGICAL DATA (WS FORM: F-6) , PAGE 2
STATION: TOLEDO OH
MONTH: MARCH
YEAR: 2024
LATITUDE: 41 35 N
LONGITUDE: 83 48 W
[TEMPERATURE DATA] [PRECIPITATION DATA] SYMBOLS USED IN COLUMN 16
AVERAGE MONTHLY: 44.2 TOTAL FOR MONTH: 3.13 1 = FOG OR MIST
DPTR FM NORMAL: 5.8 DPTR FM NORMAL: 0.89 2 = FOG REDUCING VISIBILITY
HIGHEST: 78 ON 4 GRTST 24HR 1.75 ON 14-14 TO 1/4 MILE OR LESS
LOWEST: 21 ON 24,21 3 = THUNDER
SNOW, ICE PELLETS, HAIL 4 = ICE PELLETS
TOTAL MONTH: 0.1 INCH 5 = HAIL
GRTST 24HR 0.1 ON 10-10 6 = FREEZING RAIN OR DRIZZLE
GRTST DEPTH: 0 7 = DUSTSTORM OR SANDSTORM:
VSBY 1/2 MILE OR LESS
8 = SMOKE OR HAZE
[NO. OF DAYS WITH] [WEATHER - DAYS WITH] 9 = BLOWING SNOW
X = TORNADO
MAX 32 OR BELOW: 0 0.01 INCH OR MORE: 8
MAX 90 OR ABOVE: 0 0.10 INCH OR MORE: 4
MIN 32 OR BELOW: 12 0.50 INCH OR MORE: 2
MIN 0 OR BELOW: 0 1.00 INCH OR MORE: 1
[HDD (BASE 65) ]
TOTAL THIS MO. 555 CLEAR (SCALE 0-3) 8
DPTR FM NORMAL -163 PTCLDY (SCALE 4-7) 14
TOTAL FM JUL 1 4134 CLOUDY (SCALE 8-10) 5
DPTR FM NORMAL -809
[CDD (BASE 65) ]
TOTAL THIS MO. 0
DPTR FM NORMAL 0 [PRESSURE DATA]
TOTAL FM JAN 1 0 HIGHEST SLP M ON M
DPTR FM NORMAL 0 LOWEST SLP 29.55 ON 26
[REMARKS]