000
CXUS51 KCLE 021533
CLSTOL
CLIMATE REPORT
NATIONAL WEATHER SERVICE CLEVELAND, OH
1033 AM EST THU MAR 02 2023
...................................
...THE TOLEDO OH CLIMATE SUMMARY FOR THE SEASON, FROM
12/1/2022 TO 2/28/2023...
CLIMATE NORMAL PERIOD 1991 TO 2020
CLIMATE RECORD PERIOD 1873 TO 2023
WEATHER OBSERVED NORMAL DEPART
VALUE DATE(S) VALUE FROM
NORMAL
................................................
TEMPERATURE (F)
RECORD
HIGH 71 02/24/2017
02/26/2000
02/11/1999
LOW -20 01/21/1984
HIGHEST 62 02/09
02/15
02/23
LOWEST -3 12/23
AVG. MAXIMUM 41.8 37.3 4.5
AVG. MINIMUM 28.3 22.8 5.5
MEAN 35.0 30.1 4.9
DAYS MAX >= 90 0 0.0
DAYS MAX <= 32 13 36.3
DAYS MIN <= 32 59 75.8
DAYS MIN <= 0 1 5.3
PRECIPITATION (INCHES)
RECORD
MAXIMUM 13.35 1950
MINIMUM 2.15 1920
TOTALS 10.11 7.09 3.02
DAYS >= .01 19 36.6
DAYS >= .10 7 17.2
DAYS >= .50 5 4.2
DAYS >= 1.00 3 0.7
SNOWFALL (INCHES)
RECORDS
TOTAL 73.0 2014
TOTALS 10.0 29.0
DAYS >= TRACE 25
DAYS >= 1.0 3 9.1
DEGREE DAYS
HEATING TOTAL 2676 3143 -467
COOLING TOTAL 0 0 0
................................................
WIND (MPH)
HIGHEST GUST SPEED/DIRECTION 63/250 DATE 02/15
SKY COVER
POSSIBLE SUNSHINE (PERCENT) MM
NUMBER OF DAYS FAIR 20
NUMBER OF DAYS PC 21
NUMBER OF DAYS CLOUDY 49
WEATHER CONDITIONS. NUMBER OF DAYS WITH
THUNDERSTORM 3 MIXED PRECIP 0
HEAVY RAIN 6 RAIN 7
LIGHT RAIN 25 FREEZING RAIN 1
LT FREEZING RAIN 2 HAIL 0
HEAVY SNOW 3 SNOW 3
LIGHT SNOW 21 SLEET 0
FOG 50 FOG W/VIS <= 1/4 MILE 7
HAZE 31
- INDICATES NEGATIVE NUMBERS.
R INDICATES RECORD WAS SET OR TIED.
MM INDICATES DATA IS MISSING.
T INDICATES TRACE AMOUNT.
$$