000
CXUS53 KTOP 010910
CF6TOP
PRELIMINARY LOCAL CLIMATOLOGICAL DATA (WS FORM: F-6)
STATION: TOPEKA KS
MONTH: DECEMBER
YEAR: 2022
LATITUDE: 39 4 N
LONGITUDE: 95 38 W
TEMPERATURE IN F: :PCPN: SNOW: WIND :SUNSHINE: SKY :PK WND
================================================================================
1 2 3 4 5 6A 6B 7 8 9 10 11 12 13 14 15 16 17 18
12Z AVG MX 2MIN
DY MAX MIN AVG DEP HDD CDD WTR SNW DPTH SPD SPD DIR MIN PSBL S-S WX SPD DR
================================================================================
1 53 20 37 -1 28 0 0.00 0.0 0 10.7 28 180 M M 1 41 170
2 69 30 50 12 15 0 0.00 0.0 0 16.3 33 310 M M 3 46 310
3 35 17 26 -11 39 0 0.00 0.0 0 5.5 20 320 M M 0 29 300
4 46 23 35 -2 30 0 0.00 0.0 0 2.6 10 190 M M 0 14 200
5 53 29 41 4 24 0 0.00 0.0 0 3.0 13 160 M M 1 16 150
6 43 30 37 1 28 0 0.00 0.0 0 3.9 9 360 M M 8 14 20
7 49 32 41 5 24 0 0.00 0.0 0 2.1 8 10 M M 5 18 11 240
8 49 37 43 7 22 0 0.05 0.0 0 5.4 17 280 M M 10 138 25 300
9 41 31 36 0 29 0 0.00 0.0 0 5.8 13 250 M M 8 18 20 260
10 47 24 36 1 29 0 T 0.0 0 2.5 13 310 M M 7 128 17 260
11 42 26 34 -1 31 0 0.00 0.0 0 6.0 14 150 M M 10 128 22 140
12 48 39 44 9 21 0 0.41 0.0 0 12.9 21 90 M M 10 1 28 110
13 62 36 49 15 16 0 0.29 0.0 0 11.9 22 120 M M 6 13 31 190
14 40 29 35 1 30 0 0.00 0.0 0 9.8 18 280 M M 5 26 270
15 38 28 33 -1 32 0 0.00 0.0 0 15.1 23 290 M M 8 36 270
16 35 26 31 -3 34 0 0.00 0.0 0 13.6 23 290 M M 6 34 280
17 37 21 29 -4 36 0 0.00 0.0 0 9.5 21 300 M M 4 31 280
18 40 14 27 -6 38 0 0.00 0.0 0 4.4 13 160 M M 0 16 120
19 40 28 34 1 31 0 0.13 T 0 6.6 18 190 M M 9 1 28 200
20 29 18 24 -9 41 0 T T 0 8.7 16 350 M M 10 24 350
21 35 20 28 -4 37 0 0.03 T 0 6.4 31 350 M M 10 168 41 350
22 21 -4 9 -23 56 0 0.07 1.5 1 19.2 28 340 M M 8 1689 41 340
23 13 -3 5 -27 60 0 0.00 0.0 1 14.3 25 310 M M 2 36 300
24 20 5 13 -19 52 0 0.00 0.0 1 8.8 15 290 M M 5 22 300
25 32 3 18 -14 47 0 0.01 0.0 1 5.6 15 170 M M 2 6 23 170
26 35 8 22 -10 43 0 T T 1 9.1 33 320 M M 4 47 310
27 41 10 26 -5 39 0 0.00 0.0 T 9.8 20 170 M M 0 31 170
28 57 38 48 17 17 0 0.00 0.0 T 13.5 25 180 M M 0 36 170
29 66 34 50 19 15 0 0.00 0.0 0 12.3 30 210 M M 3 49 220
30 51 25 38 7 27 0 0.00 0.0 0 3.8 13 300 M M 2 1 16 310
31 62 26 44 13 21 0 0.00 0.0 0 5.8 18 190 M M 4 1 24 210
================================================================================
SM 1329 700 992 0 0.99 1.5 264.9 M 151
================================================================================
AV 42.9 22.6 8.5 FASTST M M 5 MAX(MPH)
MISC ----> # 33 310 49 220
================================================================================
NOTES:
# LAST OF SEVERAL OCCURRENCES
COLUMN 17 PEAK WIND IN M.P.H.
PRELIMINARY LOCAL CLIMATOLOGICAL DATA (WS FORM: F-6) , PAGE 2
STATION: TOPEKA KS
MONTH: DECEMBER
YEAR: 2022
LATITUDE: 39 4 N
LONGITUDE: 95 38 W
[TEMPERATURE DATA] [PRECIPITATION DATA] SYMBOLS USED IN COLUMN 16
AVERAGE MONTHLY: 32.7 TOTAL FOR MONTH: 0.99 1 = FOG OR MIST
DPTR FM NORMAL: -1.2 DPTR FM NORMAL: -0.50 2 = FOG REDUCING VISIBILITY
HIGHEST: 69 ON 2 GRTST 24HR 0.70 ON 12-13 TO 1/4 MILE OR LESS
LOWEST: -4 ON 22 3 = THUNDER
SNOW, ICE PELLETS, HAIL 4 = ICE PELLETS
TOTAL MONTH: 1.5 INCHES 5 = HAIL
GRTST 24HR 1.5 ON 22-22 6 = FREEZING RAIN OR DRIZZLE
GRTST DEPTH: 1 ON 26,25 7 = DUSTSTORM OR SANDSTORM:
VSBY 1/2 MILE OR LESS
8 = SMOKE OR HAZE
[NO. OF DAYS WITH] [WEATHER - DAYS WITH] 9 = BLOWING SNOW
X = TORNADO
MAX 32 OR BELOW: 5 0.01 INCH OR MORE: 7
MAX 90 OR ABOVE: 0 0.10 INCH OR MORE: 3
MIN 32 OR BELOW: 26 0.50 INCH OR MORE: 0
MIN 0 OR BELOW: 2 1.00 INCH OR MORE: 0
[HDD (BASE 65) ]
TOTAL THIS MO. 992 CLEAR (SCALE 0-3) 12
DPTR FM NORMAL 28 PTCLDY (SCALE 4-7) 12
TOTAL FM JUL 1 1898 CLOUDY (SCALE 8-10) 7
DPTR FM NORMAL -27
[CDD (BASE 65) ]
TOTAL THIS MO. 0
DPTR FM NORMAL 0 [PRESSURE DATA]
TOTAL FM JAN 1 1859 HIGHEST SLP 30.66 ON 3
DPTR FM NORMAL 325 LOWEST SLP 29.47 ON 13
[REMARKS]
#FINAL-12-22#