000
CXUS53 KTOP 010910
CF6TOP
PRELIMINARY LOCAL CLIMATOLOGICAL DATA (WS FORM: F-6)
STATION: TOPEKA KS
MONTH: NOVEMBER
YEAR: 2022
LATITUDE: 39 4 N
LONGITUDE: 95 38 W
TEMPERATURE IN F: :PCPN: SNOW: WIND :SUNSHINE: SKY :PK WND
================================================================================
1 2 3 4 5 6A 6B 7 8 9 10 11 12 13 14 15 16 17 18
12Z AVG MX 2MIN
DY MAX MIN AVG DEP HDD CDD WTR SNW DPTH SPD SPD DIR MIN PSBL S-S WX SPD DR
================================================================================
1 82 39 61 11 4 0 0.00 0.0 0 6.7 18 180 M M 0 8 28 170
2 77 55 66 16 0 1 0.00 0.0 0 12.1 25 160 M M 0 8 35 180
3 76 62 69 20 0 4 0.00 0.0 0 17.3 30 180 M M 4 44 180
4 72 40 56 7 9 0 1.71 0.0 0 12.2 28 330 M M 9 13 35 320
5 60 38 49 1 16 0 0.46 0.0 0 11.1 21 290 M M 4 1 32 290
6 65 40 53 5 12 0 0.00 0.0 0 7.7 20 10 M M 0 26 20
7 61 38 50 2 15 0 0.00 0.0 0 9.8 21 80 M M 1 27 70
8 64 50 57 10 8 0 0.00 0.0 0 10.0 18 130 M M 9 1 23 130
9 75 60 68 21 0 3 0.00 0.0 0 13.2 25 180 M M 7 1 37 170
10 74 38 56 10 9 0 0.09 0.0 0 13.6 24 170 M M 9 3 39 190
11 40 24 32 -14 33 0 0.00 0.0 0 11.8 21 310 M M 1 29 350
12 36 18 27 -19 38 0 0.00 0.0 0 7.0 16 320 M M 5 21 340
13 43 17 30 -15 35 0 0.00 0.0 0 6.7 17 130 M M 0 23 140
14 47 27 37 -8 28 0 0.10 0.1 T 5.4 13 170 M M 8 1 17 190
15 41 25 33 -11 32 0 0.02 0.5 1 7.9 22 310 M M 5 18 29 310
16 36 20 28 -16 37 0 T T 0 7.2 17 310 M M 3 24 300
17 46 20 33 -10 32 0 0.00 0.0 0 7.3 22 310 M M 6 18 29 310
18 31 18 25 -18 40 0 0.00 0.0 0 9.2 17 290 M M 0 27 280
19 38 17 28 -15 37 0 0.00 0.0 0 8.1 24 310 M M 0 31 310
20 53 15 34 -8 31 0 0.00 0.0 0 6.6 18 190 M M 0 26 200
21 60 25 43 1 22 0 0.00 0.0 0 2.8 9 230 M M 0 15 230
22 65 22 44 3 21 0 0.00 0.0 0 5.0 16 190 M M 0 26 200
23 61 31 46 5 19 0 0.00 0.0 0 7.5 21 150 M M 4 12 29 150
24 59 37 48 7 17 0 0.00 0.0 0 5.3 15 320 M M 5 24 340
25 57 27 42 2 23 0 0.00 0.0 0 1.8 8 10 M M 0 12 340
26 54 23 39 -1 26 0 0.38 0.0 0 2.3 8 300 M M 3 1 11 40
27 48 28 38 -2 27 0 0.02 0.0 0 8.8 20 330 M M 5 1 31 340
28 58 23 41 2 24 0 0.00 0.0 0 6.1 17 150 M M 0 12 25 160
29 55 26 41 2 24 0 T 0.0 0 14.4 25 310 M M 4 37 320
30 39 21 30 -8 35 0 0.00 0.0 0 6.5 17 310 M M 0 27 320
================================================================================
SM 1673 924 654 8 2.78 0.6 251.4 M 92
================================================================================
AV 55.8 30.8 8.4 FASTST M M 3 MAX(MPH)
MISC ----> 30 180 44 180
================================================================================
NOTES:
# LAST OF SEVERAL OCCURRENCES
COLUMN 17 PEAK WIND IN M.P.H.
PRELIMINARY LOCAL CLIMATOLOGICAL DATA (WS FORM: F-6) , PAGE 2
STATION: TOPEKA KS
MONTH: NOVEMBER
YEAR: 2022
LATITUDE: 39 4 N
LONGITUDE: 95 38 W
[TEMPERATURE DATA] [PRECIPITATION DATA] SYMBOLS USED IN COLUMN 16
AVERAGE MONTHLY: 43.3 TOTAL FOR MONTH: 2.78 1 = FOG OR MIST
DPTR FM NORMAL: -0.9 DPTR FM NORMAL: 1.00 2 = FOG REDUCING VISIBILITY
HIGHEST: 82 ON 1 GRTST 24HR 2.15 ON 4- 5 TO 1/4 MILE OR LESS
LOWEST: 15 ON 20 3 = THUNDER
SNOW, ICE PELLETS, HAIL 4 = ICE PELLETS
TOTAL MONTH: 0.6 INCH 5 = HAIL
GRTST 24HR 0.5 ON 15-15 6 = FREEZING RAIN OR DRIZZLE
GRTST DEPTH: 1 ON 15 7 = DUSTSTORM OR SANDSTORM:
VSBY 1/2 MILE OR LESS
8 = SMOKE OR HAZE
[NO. OF DAYS WITH] [WEATHER - DAYS WITH] 9 = BLOWING SNOW
X = TORNADO
MAX 32 OR BELOW: 1 0.01 INCH OR MORE: 7
MAX 90 OR ABOVE: 0 0.10 INCH OR MORE: 4
MIN 32 OR BELOW: 19 0.50 INCH OR MORE: 1
MIN 0 OR BELOW: 0 1.00 INCH OR MORE: 1
[HDD (BASE 65) ]
TOTAL THIS MO. 654 CLEAR (SCALE 0-3) 16
DPTR FM NORMAL 27 PTCLDY (SCALE 4-7) 10
TOTAL FM JUL 1 906 CLOUDY (SCALE 8-10) 4
DPTR FM NORMAL -55
[CDD (BASE 65) ]
TOTAL THIS MO. 8
DPTR FM NORMAL 6 [PRESSURE DATA]
TOTAL FM JAN 1 1859 HIGHEST SLP 30.56 ON 18
DPTR FM NORMAL 325 LOWEST SLP 29.38 ON 29
[REMARKS]
#FINAL-11-22#