000
CXUS53 KTOP 011422
CF6TOP
PRELIMINARY LOCAL CLIMATOLOGICAL DATA (WS FORM: F-6)
STATION: TOPEKA KS
MONTH: FEBRUARY
YEAR: 2021
LATITUDE: 39 4 N
LONGITUDE: 95 38 W
TEMPERATURE IN F: :PCPN: SNOW: WIND :SUNSHINE: SKY :PK WND
================================================================================
1 2 3 4 5 6A 6B 7 8 9 10 11 12 13 14 15 16 17 18
12Z AVG MX 2MIN
DY MAX MIN AVG DEP HDD CDD WTR SNW DPTH SPD SPD DIR MIN PSBL S-S WX SPD DR
================================================================================
1 44 26 35 4 30 0 0.00 0.0 0 5.5 12 360 M M 5 18 17 340
2 41 23 32 1 33 0 0.00 0.0 0 7.4 15 130 M M 4 18 18 130
3 61 25 43 12 22 0 0.00 0.0 0 9.5 22 150 M M 1 1 32 150
4 49 24 37 6 28 0 0.01 0.1 0 11.5 31 310 M M 3 18 43 300
5 44 23 34 2 31 0 0.00 0.0 0 4.8 15 30 M M 2 18 30
6 24 7 16 -16 49 0 0.02 0.5 0 11.5 22 360 M M 6 8 29 360
7 9 6 8 -24 57 0 0.03 0.6 T 11.7 18 80 M M 9 18 23 90
8 8 6 7 -25 58 0 T 0.2 1 9.8 15 360 M M 10 168 20 30
9 15 7 11 -21 54 0 0.00 0.0 1 8.4 15 360 M M 10 19 360
10 15 10 13 -20 52 0 T T 1 10.8 16 20 M M 10 8 23 360
11 15 7 11 -22 54 0 T T 1 11.8 18 350 M M 10 25 10
12 9 -1 4 -29 61 0 T T T 13.7 20 360 M M 7 29 20
13 10 -1 5 -29 60 0 T T T 11.8 18 350 M M 6 26 10
14 4 -8 -2 -36 67 0 0.10 1.7 T 13.6 20 360 M M 10 89 28 20
15 -1 -9 -5 -39 70 0 0.08 0.7 2 9.2 16 20 M M 8 8 23 10
16 10 -21 -5 -40 70 0 0.00 0.0 2 2.9 9 80 M M 0 12 70
17 25 0 13 -22 52 0 0.02 0.4 2 4.1 12 30 M M 9 8 15 30
18 28 2 15 -20 50 0 T T 2 3.1 14 320 M M 4 1 17 320
19 37 4 21 -15 44 0 0.00 0.0 1 5.3 16 190 M M 1 24 180
20 44 15 30 -6 35 0 0.00 0.0 1 7.1 15 130 M M 0 18 20 170
21 46 33 40 4 25 0 T 0.0 0 11.1 22 270 M M 6 18 33 270
22 63 24 44 7 21 0 0.00 0.0 0 6.6 22 260 M M 0 31 270
23 71 27 49 12 16 0 0.00 0.0 0 5.7 21 180 M M 0 30 180
24 47 26 37 0 28 0 0.00 0.0 0 10.1 23 360 M M 3 30 340
25 45 22 34 -4 31 0 0.00 0.0 0 2.3 9 140 M M 3 1 12 310
26 53 23 38 0 27 0 0.00 0.0 0 6.0 15 170 M M 3 21 190
27 67 27 47 8 18 0 0.00 0.0 0 10.8 26 160 M M 6 12 37 130
28 55 29 42 3 23 0 T 0.0 0 11.3 23 330 M M 3 34 350
================================================================================
SM 938 356 1166 0 0.26 4.2 237.4 M 139
================================================================================
AV 33.5 12.7 8.5 FASTST M M 5 MAX(MPH)
MISC ----> 31 310 43 300
================================================================================
NOTES:
# LAST OF SEVERAL OCCURRENCES
COLUMN 17 PEAK WIND IN M.P.H.
PRELIMINARY LOCAL CLIMATOLOGICAL DATA (WS FORM: F-6) , PAGE 2
STATION: TOPEKA KS
MONTH: FEBRUARY
YEAR: 2021
LATITUDE: 39 4 N
LONGITUDE: 95 38 W
[TEMPERATURE DATA] [PRECIPITATION DATA] SYMBOLS USED IN COLUMN 16
AVERAGE MONTHLY: 23.1 TOTAL FOR MONTH: 0.26 1 = FOG OR MIST
DPTR FM NORMAL: -11.3 DPTR FM NORMAL: -1.06 2 = FOG REDUCING VISIBILITY
HIGHEST: 71 ON 23 GRTST 24HR 0.10 ON 14-14 TO 1/4 MILE OR LESS
LOWEST: -21 ON 16 3 = THUNDER
SNOW, ICE PELLETS, HAIL 4 = ICE PELLETS
TOTAL MONTH: 4.2 INCHES 5 = HAIL
GRTST 24HR 1.7 ON 14-14 6 = FREEZING RAIN OR DRIZZLE
GRTST DEPTH: 2 ON 18,17 7 = DUSTSTORM OR SANDSTORM:
VSBY 1/2 MILE OR LESS
8 = SMOKE OR HAZE
[NO. OF DAYS WITH] [WEATHER - DAYS WITH] 9 = BLOWING SNOW
X = TORNADO
MAX 32 OR BELOW: 13 0.01 INCH OR MORE: 6
MAX 90 OR ABOVE: 0 0.10 INCH OR MORE: 1
MIN 32 OR BELOW: 27 0.50 INCH OR MORE: 0
MIN 0 OR BELOW: 6 1.00 INCH OR MORE: 0
[HDD (BASE 65) ]
TOTAL THIS MO. 1166 CLEAR (SCALE 0-3) 9
DPTR FM NORMAL 309 PTCLDY (SCALE 4-7) 12
TOTAL FM JUL 1 3899 CLOUDY (SCALE 8-10) 7
DPTR FM NORMAL -67
[CDD (BASE 65) ]
TOTAL THIS MO. 0
DPTR FM NORMAL 0 [PRESSURE DATA]
TOTAL FM JAN 1 0 HIGHEST SLP 30.68 ON 14
DPTR FM NORMAL 0 LOWEST SLP 29.52 ON 4
[REMARKS]
#FINAL-02-21#