000
CXUS53 KTOP 010800
CF6TOP
PRELIMINARY LOCAL CLIMATOLOGICAL DATA (WS FORM: F-6)
STATION: Topeka KS
MONTH: JUNE
YEAR: 2020
LATITUDE: 39 4 N
LONGITUDE: 95 38 W
TEMPERATURE IN F: :PCPN: SNOW: WIND :SUNSHINE: SKY :PK WND
================================================================================
1 2 3 4 5 6A 6B 7 8 9 10 11 12 13 14 15 16 17 18
12Z AVG MX 2MIN
DY MAX MIN AVG DEP HDD CDD WTR SNW DPTH SPD SPD DIR MIN PSBL S-S WX SPD DR
================================================================================
1 87 67 77 7 0 12 0.00 0.0 0 11.5 23 170 M M 0 36 170
2 91 69 80 10 0 15 0.00 0.0 0 11.1 18 180 M M 0 27 210
3 92 74 83 12 0 18 0.00 0.0 0 8.2 15 230 M M 0 22 210
4 89 66 78 7 0 13 0.40 0.0 0 7.1 38 310 M M 0 13 54 300
5 93 67 80 9 0 15 0.30 0.0 0 6.3 25 290 M M 1 13 40 310
6 95 73 84 12 0 19 0.00 0.0 0 7.8 15 120 M M 1 20 130
7 93 74 84 12 0 19 0.00 0.0 0 11.5 21 160 M M 0 27 180
8 92 72 82 10 0 17 0.00 0.0 0 10.4 18 140 M M 0 26 110
9 93 66 80 8 0 15 0.00 0.0 0 9.6 25 200 M M 3 40 200
10 79 58 69 -4 0 4 0.09 0.0 0 14.4 29 310 M M 5 1 44 300
11 90 55 73 0 0 8 T 0.0 0 5.4 15 210 M M 1 22 240
12 93 66 80 7 0 15 0.00 0.0 0 3.8 13 210 M M 1 20 190
13 93 65 79 5 0 14 0.00 0.0 0 9.0 20 140 M M 0 28 140
14 94 71 83 9 0 18 0.00 0.0 0 8.6 18 150 M M 0 25 170
15 93 70 82 8 0 17 0.00 0.0 0 9.4 20 140 M M 0 26 150
16 93 70 82 8 0 17 0.00 0.0 0 10.3 17 160 M M 0 8 24 160
17 92 70 81 6 0 16 0.00 0.0 0 12.5 22 140 M M 1 29 180
18 94 72 83 8 0 18 0.01 0.0 0 11.5 22 170 M M 1 3 30 150
19 77 68 73 -2 0 8 0.09 0.0 0 5.0 15 290 M M 6 18 23 300
20 87 66 77 1 0 12 0.00 0.0 0 2.9 10 320 M M 4 128 17 240
21 87 66 77 1 0 12 0.00 0.0 0 5.6 17 150 M M 0 23 140
22 88 63 76 0 0 11 0.07 0.0 0 7.9 28 360 M M 2 3 36 10
23 83 62 73 -3 0 8 0.00 0.0 0 6.8 20 340 M M 1 30 350
24 88 62 75 -1 0 10 T 0.0 0 3.0 12 40 M M 2 17 50
25 96 66 81 4 0 16 0.06 0.0 0 10.2 22 180 M M 2 13 31 180
26 95 74 85 8 0 20 0.00 0.0 0 10.4 17 160 M M 0 25 220
27 83 67 75 -2 0 10 2.38 0.0 0 9.1 37 50 M M 5 13 50 40
28 90 73 82 5 0 17 0.34 0.0 0 12.9 24 170 M M 4 13 36 170
29 90 77 84 6 0 19 0.00 0.0 0 11.8 22 160 M M 6 31 140
30 91 77 84 6 0 19 0.00 0.0 0 12.1 25 160 M M 5 34 170
================================================================================
SM 2701 2046 0 432 3.74 0.0 266.1 M 51
================================================================================
AV 90.0 68.2 8.9 FASTST M M 2 MAX(MPH)
MISC ----> # 38 310 # 54 300
================================================================================
NOTES:
# LAST OF SEVERAL OCCURRENCES
COLUMN 17 PEAK WIND IN M.P.H.
PRELIMINARY LOCAL CLIMATOLOGICAL DATA (WS FORM: F-6) , PAGE 2
STATION: Topeka KS
MONTH: JUNE
YEAR: 2020
LATITUDE: 39 4 N
LONGITUDE: 95 38 W
[TEMPERATURE DATA] [PRECIPITATION DATA] SYMBOLS USED IN COLUMN 16
AVERAGE MONTHLY: 79.1 TOTAL FOR MONTH: 3.74 1 = FOG OR MIST
DPTR FM NORMAL: 4.9 DPTR FM NORMAL: -1.66 2 = FOG REDUCING VISIBILITY
HIGHEST: 96 ON 25 GRTST 24HR 2.38 ON 27-27 TO 1/4 MILE OR LESS
LOWEST: 55 ON 11 3 = THUNDER
SNOW, ICE PELLETS, HAIL 4 = ICE PELLETS
TOTAL MONTH: 0.0 INCH 5 = HAIL
GRTST 24HR 0.0 6 = FREEZING RAIN OR DRIZZLE
GRTST DEPTH: 0 7 = DUSTSTORM OR SANDSTORM:
VSBY 1/2 MILE OR LESS
8 = SMOKE OR HAZE
[NO. OF DAYS WITH] [WEATHER - DAYS WITH] 9 = BLOWING SNOW
X = TORNADO
MAX 32 OR BELOW: 0 0.01 INCH OR MORE: 9
MAX 90 OR ABOVE: 20 0.10 INCH OR MORE: 4
MIN 32 OR BELOW: 0 0.50 INCH OR MORE: 1
MIN 0 OR BELOW: 0 1.00 INCH OR MORE: 1
[HDD (BASE 65) ]
TOTAL THIS MO. 0 CLEAR (SCALE 0-3) 23
DPTR FM NORMAL -8 PTCLDY (SCALE 4-7) 7
TOTAL FM JUL 1 4727 CLOUDY (SCALE 8-10) 0
DPTR FM NORMAL -294
[CDD (BASE 65) ]
TOTAL THIS MO. 432
DPTR FM NORMAL 148 [PRESSURE DATA]
TOTAL FM JAN 1 522 HIGHEST SLP M ON M
DPTR FM NORMAL 112 LOWEST SLP 29.35 ON 9
[REMARKS]
#FINAL-06-20#