000
CXUS52 KTBW 011245
CF6TPA
PRELIMINARY LOCAL CLIMATOLOGICAL DATA (WS FORM: F-6)
STATION: TAMPA
MONTH: FEBRUARY
YEAR: 2022
LATITUDE: 27 58 N
LONGITUDE: 82 32 W
TEMPERATURE IN F: :PCPN: SNOW: WIND :SUNSHINE: SKY :PK WND
================================================================================
1 2 3 4 5 6A 6B 7 8 9 10 11 12 13 14 15 16 17 18
12Z AVG MX 2MIN
DY MAX MIN AVG DEP HDD CDD WTR SNW DPTH SPD SPD DIR MIN PSBL S-S WX SPD DR
================================================================================
1 76 49 63 0 2 0 0.00 0.0 0 5.9 14 120 M M 2 21 150
2 82 57 70 7 0 5 0.00 0.0 0 7.6 15 120 M M 4 24 120
3 85 66 76 13 0 11 0.00 0.0 0 7.5 15 140 M M 1 21 130
4 83 67 75 12 0 10 0.00 0.0 0 7.9 17 200 M M 3 1 24 190
5 71 55 63 0 2 0 0.02 0.0 0 9.3 17 350 M M 9 1 23 30
6 64 54 59 -5 6 0 0.02 0.0 0 6.5 12 300 M M 10 18 20 280
7 70 54 62 -2 3 0 0.00 0.0 0 6.9 15 350 M M 8 18 20 280
8 56 53 55 -9 10 0 0.35 0.0 0 6.7 13 360 M M 9 18 17 350
9 69 49 59 -5 6 0 T 0.0 0 8.0 14 320 M M 3 23 270
10 72 47 60 -4 5 0 0.00 0.0 0 6.4 13 280 M M 0 21 280
11 78 52 65 1 0 0 0.00 0.0 0 6.0 10 290 M M 2 16 280
12 80 55 68 4 0 3 T 0.0 0 4.7 12 330 M M 5 19 20
13 76 56 66 1 0 1 0.10 0.0 0 7.5 20 320 M M 7 18 34 290
14 68 46 57 -8 8 0 0.00 0.0 0 9.1 18 360 M M 2 24 360
15 75 47 61 -4 4 0 0.00 0.0 0 6.8 15 100 M M 6 24 100
16 84 59 72 7 0 7 0.00 0.0 0 7.5 17 100 M M 3 25 70
17 86 67 77 12 0 12 0.00 0.0 0 8.0 16 180 M M 3 21 180
18 81 68 75 10 0 10 0.00 0.0 0 6.0 13 190 M M 7 12 17 170
19 77 60 69 4 0 4 0.13 0.0 0 7.5 16 320 M M 6 12 26 290
20 82 54 68 2 0 3 0.00 0.0 0 6.9 13 110 M M 0 23 50
21 86 63 75 9 0 10 0.00 0.0 0 5.0 13 110 M M 1 18 110
22 87 67 77 11 0 12 0.00 0.0 0 5.8 13 150 M M 3 19 180
23 86 70 78 12 0 13 0.00 0.0 0 5.6 14 260 M M 4 1 22 270
24 86 68 77 11 0 12 0.00 0.0 0 6.2 16 270 M M 1 20 280
25 84 68 76 10 0 11 0.00 0.0 0 6.2 14 340 M M 1 20 290
26 85 67 76 10 0 11 0.00 0.0 0 5.0 12 270 M M 1 19 270
27 82 69 76 10 0 11 0.00 0.0 0 5.3 13 280 M M 2 32 270
28 80 64 72 6 0 7 0.00 0.0 0 7.2 16 300 M M 4 8 26 340
================================================================================
SM 2191 1651 46 153 0.62 0.0 189.0 M 107
================================================================================
AV 78.3 59.0 6.8 FASTST M M 4 MAX(MPH)
MISC ----> 20 320 34 290
================================================================================
NOTES:
# LAST OF SEVERAL OCCURRENCES
COLUMN 17 PEAK WIND IN M.P.H.
PRELIMINARY LOCAL CLIMATOLOGICAL DATA (WS FORM: F-6) , PAGE 2
STATION: TAMPA
MONTH: FEBRUARY
YEAR: 2022
LATITUDE: 27 58 N
LONGITUDE: 82 32 W
[TEMPERATURE DATA] [PRECIPITATION DATA] SYMBOLS USED IN COLUMN 16
AVERAGE MONTHLY: 68.6 TOTAL FOR MONTH: 0.62 1 = FOG OR MIST
DPTR FM NORMAL: 3.9 DPTR FM NORMAL: -2.00 2 = FOG REDUCING VISIBILITY
HIGHEST: 87 ON 22 GRTST 24HR 0.35 ON 8- 8 TO 1/4 MILE OR LESS
LOWEST: 46 ON 14 3 = THUNDER
SNOW, ICE PELLETS, HAIL 4 = ICE PELLETS
TOTAL MONTH: 0.0 INCH 5 = HAIL
GRTST 24HR 0.0 6 = FREEZING RAIN OR DRIZZLE
GRTST DEPTH: 0 7 = DUSTSTORM OR SANDSTORM:
VSBY 1/2 MILE OR LESS
8 = SMOKE OR HAZE
[NO. OF DAYS WITH] [WEATHER - DAYS WITH] 9 = BLOWING SNOW
X = TORNADO
MAX 32 OR BELOW: 0 0.01 INCH OR MORE: 5
MAX 90 OR ABOVE: 0 0.10 INCH OR MORE: 3
MIN 32 OR BELOW: 0 0.50 INCH OR MORE: 0
MIN 0 OR BELOW: 0 1.00 INCH OR MORE: 0
[HDD (BASE 65) ]
TOTAL THIS MO. 46 CLEAR (SCALE 0-3) 16
DPTR FM NORMAL -42 PTCLDY (SCALE 4-7) 8
TOTAL FM JUL 1 208 CLOUDY (SCALE 8-10) 4
DPTR FM NORMAL -174
[CDD (BASE 65) ]
TOTAL THIS MO. 153
DPTR FM NORMAL 72 [PRESSURE DATA]
TOTAL FM JAN 1 218 HIGHEST SLP 30.46 ON 15
DPTR FM NORMAL 76 LOWEST SLP 29.97 ON 28
[REMARKS]
#FINAL-02-22#